-- https://www.phpmyadmin.net/
--

START TRANSACTION;



--
-- Database: `maintena_live`
--

-- --------------------------------------------------------

--
-- Table structure for table `addresses`
--

CREATE TABLE `addresses` (
  `id` int(10) UNSIGNED NOT NULL,
  `description` varchar(255) COLLATE utf8mb4_unicode_ci DEFAULT NULL,
  `address` varchar(255) COLLATE utf8mb4_unicode_ci NOT NULL,
  `latitude` double(20,17) NOT NULL DEFAULT '0.00000000000000000',
  `longitude` double(20,17) NOT NULL DEFAULT '0.00000000000000000',
  `default` tinyint(1) DEFAULT '0',
  `user_id` bigint(20) UNSIGNED NOT NULL,
  `created_at` timestamp NULL DEFAULT NULL,
  `updated_at` timestamp NULL DEFAULT NULL
) ENGINE=InnoDB DEFAULT CHARSET=utf8mb4 COLLATE=utf8mb4_unicode_ci;

--
-- Dumping data for table `addresses`
--

INSERT INTO `addresses` (`id`, `description`, `address`, `latitude`, `longitude`, `default`, `user_id`, `created_at`, `updated_at`) VALUES
(1, 'Workshop', '7866 Juana Centers\nMozellton, ND 04419-0788', 50.28381115000000000, 11.56291931000000000, 0, 6, '2021-09-07 16:09:42', '2021-09-07 16:09:42'),
(2, 'Office', '604 Effertz Forges\nNorth Richmond, NV 61125-9195', 51.14093071000000000, 9.98064963000000000, 0, 8, '2021-09-07 16:09:42', '2021-09-07 16:09:42'),
(3, 'Office', '299 Nienow Manors\nNorth Rudy, AK 12281', 50.52913474000000000, 10.03990123000000000, 0, 7, '2021-09-07 16:09:42', '2021-09-07 16:09:42'),
(4, 'Workshop', '92696 Hintz Ferry Apt. 914\nEast Jennie, DC 28650-2259', 50.88354592000000000, 11.10132868000000000, 0, 7, '2021-09-07 16:09:42', '2021-09-07 16:09:42'),
(5, 'Building', '57579 Jaydon Springs Apt. 810\nEast Laviniashire, RI 67223-8845', 50.54932576000000000, 9.57451761000000000, 0, 7, '2021-09-07 16:09:42', '2021-09-07 16:09:42'),
(6, 'Workshop', '769 Linnie Tunnel\nDeshaunville, MT 22743-4291', 51.12052359000000000, 10.57446688000000000, 0, 5, '2021-09-07 16:09:42', '2021-09-07 16:09:42'),
(7, 'Office', '583 Goyette Walks Suite 015\nGutkowskibury, DE 68543-8833', 50.13585132000000000, 9.02366760000000000, 0, 2, '2021-09-07 16:09:42', '2021-09-07 16:09:42'),
(8, 'Hotel', '2240 Zulauf Wells\nEast Jerrodton, VT 95013', 51.01440774000000000, 9.45155718000000000, 0, 7, '2021-09-07 16:09:42', '2021-09-07 16:09:42'),
(9, 'Home', '5205 Nitzsche Roads Apt. 589\nLake Madge, VT 07058-9709', 50.17000000000000000, 11.24000000000000000, 0, 3, '2021-09-07 16:09:42', '2021-09-16 12:54:02'),
(10, 'Building', '68206 Blanca Course\nEast Ivaland, ND 69953', 50.93991177000000000, 10.18967607000000000, 0, 6, '2021-09-07 16:09:42', '2021-09-07 16:09:42'),
(11, 'Work', '87152 Schuster Trace Apt. 693\nCameronmouth, MS 08312-2611', 51.08049263000000000, 9.09179248000000000, 0, 1, '2021-09-07 16:09:42', '2021-09-07 16:09:42'),
(12, 'Home', '118 Cortez Fall Apt. 895\nTrompchester, AL 12074-8302', 51.25735126000000000, 10.18881432000000000, 0, 5, '2021-09-07 16:09:42', '2021-09-07 16:09:42'),
(13, 'Workshop', '1819 Heaney Tunnel Suite 057\nWest Noah, MI 80625-8698', 50.87251584000000000, 9.60326730000000000, 0, 4, '2021-09-07 16:09:42', '2021-09-07 16:09:42'),
(14, 'Building', '77487 Ullrich Prairie\nPaulaborough, OR 26080', 51.48000000000000000, 10.57000000000000000, 0, 7, '2021-09-07 16:09:42', '2022-02-10 16:19:33'),
(15, 'Work', '9329 Mervin Lodge\nThomastown, CO 59695-2695', 50.91975449000000000, 9.60456770000000000, 0, 5, '2021-09-07 16:09:42', '2021-09-07 16:09:42'),
(16, 'Work', '8475 Macejkovic Loaf Suite 402\nClemenston, KS 93618', 51.24569371000000000, 9.77166943000000000, 0, 5, '2021-09-07 16:09:42', '2021-09-07 16:09:42'),
(17, 'Work', '2454 Walsh Center Apt. 744\nMarielaview, WA 21162', 51.62643760000000000, 10.76722418000000000, 0, 7, '2021-09-07 16:09:42', '2021-09-07 16:09:42'),
(18, 'Office', '962 Kyle Neck Apt. 438\nRaynorton, OK 89822-3966', 50.44896543000000000, 11.80056196000000000, 0, 6, '2021-09-07 16:09:42', '2021-09-07 16:09:42'),
(19, 'Work', '40917 Una Brook Suite 540\nHuelport, DC 12975-9740', 50.80243879000000000, 11.76162120000000000, 0, 1, '2021-09-07 16:09:42', '2021-09-07 16:09:42'),
(20, 'Office', '551 Strosin Ranch Suite 523\nHansenhaven, MI 03584-3024', 50.55057342000000000, 10.51313645000000000, 0, 6, '2021-09-07 16:09:42', '2021-09-07 16:09:42'),
(25, 'dhhdir', 'Teotihuacan 105, Rinconada de Tultengo, 42820 El Llano, Hgo., Mexico', 20.07000000000000000, -99.32000000000000000, 0, 3, '2022-02-08 15:26:22', '2022-02-08 20:03:17'),
(26, 'Office1', '3954 Murphy canyon rd | suite D 201', 33.01512100000000000, -96.61305200000000000, 0, 9, '2022-02-10 21:38:50', '2022-02-10 21:44:29'),
(28, 'Los Angeles', '93 Academy Street Los Angeles, CA 90022', 34.02380000000000000, 118.15320000000000000, 0, 9, '2022-02-18 13:20:07', '2022-02-18 13:20:07'),
(29, NULL, 'QHHP+QHR Gravesboro, CA, USA', 36.77949140000000000, -119.41360500000000000, 0, 19, '2022-02-18 16:25:25', '2022-02-18 16:25:25'),
(30, NULL, '739 Hoefner Ave, Los Angeles, CA 90022, USA', 34.02001850000000000, -118.15013330000000000, 0, 3, '2022-02-28 22:35:39', '2022-02-28 22:35:39'),
(31, 'home', 'D.H.A. Phase 2 Phase 2 Defence Housing Authority, Karachi, Karachi City, Sindh 75500, Pakistan', 24.83000000000000000, 67.06000000000000000, 0, 51, '2022-03-05 03:44:18', '2022-03-05 17:16:05');

-- --------------------------------------------------------

--
-- Table structure for table `app_settings`
--

CREATE TABLE `app_settings` (
  `id` int(10) UNSIGNED NOT NULL,
  `key` varchar(191) COLLATE utf8mb4_unicode_ci NOT NULL,
  `value` text COLLATE utf8mb4_unicode_ci NOT NULL
) ENGINE=InnoDB DEFAULT CHARSET=utf8mb4 COLLATE=utf8mb4_unicode_ci;

--
-- Dumping data for table `app_settings`
--

INSERT INTO `app_settings` (`id`, `key`, `value`) VALUES
(7, 'date_format', 'l jS F Y (H:i:s)'),
(8, 'language', 'en'),
(17, 'is_human_date_format', '1'),
(18, 'app_name', 'HS Maintenance'),
(19, 'app_short_description', 'Manage Mobile Application'),
(20, 'mail_driver', 'mailgun'),
(21, 'mail_host', 'smtp.sabademoproject.com'),
(22, 'mail_port', '587'),
(23, 'mail_username', 'test@demo.com'),
(24, 'mail_password', '-'),
(25, 'mail_encryption', 'ssl'),
(26, 'mail_from_address', 'test@demo.com'),
(27, 'mail_from_name', 'Smarter Vision'),
(30, 'timezone', 'America/Montserrat'),
(32, 'theme_contrast', 'light'),
(33, 'theme_color', 'primary'),
(34, 'app_logo', 'af8bf4f1-12ed-437d-856e-4f8b66205db1'),
(35, 'nav_color', 'navbar-dark navbar-navy'),
(38, 'logo_bg_color', 'text-light  navbar-navy'),
(66, 'default_role', 'admin'),
(68, 'facebook_app_id', '518416208939727'),
(69, 'facebook_app_secret', '93649810f78fa9ca0d48972fee2a75cd'),
(71, 'twitter_app_id', 'twitter'),
(72, 'twitter_app_secret', 'twitter 1'),
(74, 'google_app_id', '527129559488-roolg8aq110p8r1q952fqa9tm06gbloe.apps.googleusercontent.com'),
(75, 'google_app_secret', 'FpIi8SLgc69ZWodk-xHaOrxn'),
(77, 'enable_google', '1'),
(78, 'enable_facebook', '1'),
(93, 'enable_stripe', '1'),
(94, 'stripe_key', 'pk_test_51KP5cmCoL0yhDfoPRqbmjLpS8PY30qZf8gLEFaGmn5MoKC2N1dWAwuV09MGtkSGyztpOVmoDFl31dR63ANRhXcip00wP7ezlXT'),
(95, 'stripe_secret', 'sk_test_51KP5cmCoL0yhDfoPbDlzT811r2mbpmAKjwf94shGJIK5oIB2gnXCtzTcWmIR0cGM4mQpNlSAGXpZzQjqvIUjZ1IB00gH0GHF28'),
(101, 'custom_field_models.0', 'App\\Models\\User'),
(104, 'default_tax', '10'),
(107, 'default_currency', 'PKR'),
(108, 'fixed_header', '1'),
(109, 'fixed_footer', '0'),
(110, 'fcm_key', 'AAAAOOQWWBA:APA91bGXqY3RFXkP2fxevuBerTOmEEdcp-t85CIQ8tjPPHfo-G7d497eW_ZsIsgzuffGgI3_1rbPnr4GWSk1WxbgyRQLLN1verqJ7-bKoHxCmSMkw1qfxKHg-77iBUm-fmIhapvQ4WBs'),
(111, 'enable_notifications', '1'),
(112, 'paypal_username', 'sb-z3gdq482047_api1.business.example.com'),
(113, 'paypal_password', '-'),
(114, 'paypal_secret', '-'),
(115, 'enable_paypal', '0'),
(116, 'main_color', '#35CC1C'),
(117, 'main_dark_color', '#F5911F'),
(118, 'second_color', '#343A3D'),
(119, 'second_dark_color', '#0E5B21'),
(120, 'accent_color', '#8C9DA8'),
(121, 'accent_dark_color', '#9999AA'),
(122, 'scaffold_dark_color', '#2C2C2C'),
(123, 'scaffold_color', '#FAFAFA'),
(124, 'google_maps_key', 'AIzaSyCBNUYJ0hm4lekBa8CKZT9lvSlbM_35-h8'),
(125, 'mobile_language', 'en'),
(126, 'app_version', '1.0.0'),
(127, 'enable_version', '1'),
(128, 'default_currency_id', '8'),
(129, 'default_currency_code', 'PKR'),
(130, 'default_currency_decimal_digits', '2'),
(131, 'default_currency_rounding', '0'),
(132, 'currency_right', '1'),
(133, 'distance_unit', 'km'),
(134, 'default_theme', 'light'),
(135, 'enable_paystack', '0'),
(136, 'paystack_key', 'pk_test_d754715fa3fa9048c9ab2832c440fb183d7c91f5'),
(137, 'paystack_secret', 'sk_test_66f87edaac94f8adcb28fdf7452f12ccc63d068d'),
(138, 'enable_flutterwave', '0'),
(139, 'flutterwave_key', 'FLWPUBK_TEST-d465ba7e4f6b86325cb9881835726402-X'),
(140, 'flutterwave_secret', 'FLWSECK_TEST-d3f8801da31fc093fb1207ea34e68fbb-X'),
(141, 'enable_stripe_fpx', '0'),
(142, 'stripe_fpx_key', 'pk_test_51IQ0zvB0wbAJesyPLo3x4LRgOjM65IkoO5hZLHOMsnO2RaF0NlH7HNOfpCkjuLSohvdAp30U5P1wKeH98KnwXkOD00mMDavaFX'),
(143, 'stripe_fpx_secret', 'sk_test_51IQ0zvB0wbAJesyPUtR7yGdyOR7aGbMQAX5Es9P56EDUEsvEQAC0NBj7JPqFuJEYXrvSCm5OPRmGaUQBswjkRxVB00mz8xhkFX'),
(144, 'firebase_api_key', '0'),
(145, 'firebase_auth_domain', '0'),
(146, 'firebase_database_url', '0'),
(147, 'firebase_project_id', '0'),
(148, 'firebase_storage_bucket', '0'),
(149, 'firebase_messaging_sender_id', '0'),
(150, 'firebase_app_id', '0'),
(151, 'firebase_measurement_id', '0'),
(152, '_method', 'PATCH'),
(153, '_token', 'FCojDKL8Ih62vRCGzoHl4x37OrLEM4vdUm7EKC57'),
(155, 'name', 'Wallet'),
(156, 'description', 'Click to pay with Wallet'),
(157, 'route', '/Wallet'),
(158, 'order', '1'),
(159, 'default', '0'),
(160, 'razorpay_key', ''),
(161, 'razorpay_secret', ''),
(162, 'enable_razorpay', '0'),
(163, 'enabled', '1'),
(164, 'paypal_mode', '0'),
(165, 'paypal_app_id', ''),
(167, 'enable_wallet', '1'),
(168, 'enable_cash', '1'),
(170, 'mailgun_domain', 'sabademoproject.com'),
(171, 'mailgun_secret', 'f0f85b32ca66d34bba8f92e2f7cbfd3b');

-- --------------------------------------------------------

--
-- Table structure for table `availability_hours`
--

CREATE TABLE `availability_hours` (
  `id` int(10) UNSIGNED NOT NULL,
  `day` varchar(16) COLLATE utf8mb4_unicode_ci NOT NULL DEFAULT 'monday',
  `start_at` varchar(16) COLLATE utf8mb4_unicode_ci DEFAULT NULL,
  `end_at` varchar(16) COLLATE utf8mb4_unicode_ci DEFAULT NULL,
  `data` longtext COLLATE utf8mb4_unicode_ci,
  `e_provider_id` int(10) UNSIGNED NOT NULL
) ENGINE=InnoDB DEFAULT CHARSET=utf8mb4 COLLATE=utf8mb4_unicode_ci;

--
-- Dumping data for table `availability_hours`
--

INSERT INTO `availability_hours` (`id`, `day`, `start_at`, `end_at`, `data`, `e_provider_id`) VALUES
(1, 'saturday', '04:00', '18:00', '{\"en\":null}', 3),
(3, 'saturday', '10:00', '19:00', '{\"en\":null}', 17),
(8, 'tuesday', '02:00', '17:00', '{\"en\":null}', 17),
(13, 'thursday', '04:00', '13:00', '{\"en\":null}', 9),
(14, 'wednesday', '03:00', '17:00', '{\"en\":null}', 17),
(16, 'tuesday', '12:00', '13:00', '{\"en\":null}', 13),
(20, 'thursday', '04:00', '14:00', '{\"en\":null}', 18),
(29, 'monday', '11:00', '19:00', '{\"en\":null}', 17),
(31, 'friday', '05:00', '14:00', '{\"en\":null}', 74),
(32, 'saturday', '05:00', '20:00', '{\"en\":null}', 18),
(33, 'sunday', '03:00', '15:00', '{\"en\":null}', 17),
(36, 'thursday', '04:00', '15:00', '{\"en\":null}', 13),
(44, 'saturday', '06:00', '21:00', '{\"en\":null}', 12),
(47, 'sunday', '03:00', '21:00', '{\"en\":null}', 17),
(49, 'wednesday', '01:00', '23:00', '{\"en\":null}', 3),
(50, 'sunday', '11:00', '13:00', '{\"en\":null}', 17),
(54, 'monday', '01:00', '23:50', '{\"en\":\"123\"}', 3),
(55, 'wednesday', '01:18', '23:50', '{\"en\":null}', 71),
(56, 'thursday', '01:27', '23:27', '{\"en\":null}', 71),
(57, 'thursday', '00:23', '20:23', '{\"en\":null}', 73),
(58, 'friday', '08:00', '20:07', '{\"en\":null}', 74),
(59, 'friday', '12:13', '23:13', '{\"en\":null}', 74),
(61, 'tuesday', '10:26', '23:27', '{\"en\":null}', 3),
(62, 'wednesday', '00:27', '23:27', '{\"en\":null}', 3),
(63, 'thursday', '00:27', '23:27', '{\"en\":null}', 3),
(64, 'friday', '00:27', '23:28', '{\"en\":null}', 3);

-- --------------------------------------------------------

--
-- Table structure for table `awards`
--

CREATE TABLE `awards` (
  `id` int(10) UNSIGNED NOT NULL,
  `title` longtext COLLATE utf8mb4_unicode_ci,
  `description` longtext COLLATE utf8mb4_unicode_ci,
  `e_provider_id` int(10) UNSIGNED NOT NULL,
  `created_at` timestamp NULL DEFAULT NULL,
  `updated_at` timestamp NULL DEFAULT NULL
) ENGINE=InnoDB DEFAULT CHARSET=utf8mb4 COLLATE=utf8mb4_unicode_ci;

--
-- Dumping data for table `awards`
--

INSERT INTO `awards` (`id`, `title`, `description`, `e_provider_id`, `created_at`, `updated_at`) VALUES
(13, '{\"en\":\"A house painter and decorator\"}', '{\"en\":\"A house painter and decorator is a tradesman responsible for the painting and decorating of buildings, and is also known as a decorator or house painter.\"}', 9, '2021-09-07 16:09:42', '2022-02-09 15:59:12'),
(16, '{\"en\":\"I will just explain to you never to lose YOUR temper!\' \'Hold your tongue\"}', '{\"en\":\"I will just explain to you never to lose YOUR temper!\' \'Hold your tongue!\' said the March Hare. Visit either you like: they\'re both mad.\' \'But I don\'t know,\' he went on, \'What HAVE you been doing.\"}', 18, '2021-09-07 16:09:42', '2022-02-09 16:08:10'),
(20, '{\"en\":\"Painter-work is described in the 1911\"}', '{\"en\":\"Painter-work is described in the 1911 Encyclopædia Britannica Eleventh Edition where the relevant skills include preparing surfaces, mixing paint, gilding, distemper, and faux-finishes including marbleizing and graining.[3]\"}', 15, '2021-09-07 16:09:42', '2022-02-09 15:58:26'),
(21, '{\"en\":\"Historically, the painter was responsible\"}', '{\"en\":\"Historically, the painter was responsible for the mixing of the paint; keeping a ready supply of pigments, oils, thinners and driers. The painter would use his experience to determine a suitable mixture depending on the nature of the job. In modern times, the painter is primarily responsible for preparation of the surface to be painted, such as patching holes in drywall, using masking tape and other protection on surfaces not to be painted, applying the paint and then cleaning up.[2]\"}', 18, '2021-09-07 16:09:42', '2022-02-09 15:57:52'),
(33, '{\"en\":\"he purpose of painting is to improve the appearance\"}', '{\"en\":\"he purpose of painting is to improve the appearance of a building and to protect it from damage by water, corrosion, insects and mould. House painting can also be a form of artistic and\\/or cultural expression such as Ndebele house\"}', 9, '2021-09-07 16:09:42', '2022-02-09 15:59:28'),
(41, '{\"en\":\"The Act legislated for a seven-year apprenticeship\"}', '{\"en\":\"The Act legislated for a seven-year apprenticeship, and also barred plasterers from painting, unless apprenticed to a painter, with the penalty for such painting being a fine of £5. The Act also enshrined a maximum daily fee of 16 old pence for their labour.[2]\"}', 3, '2021-09-07 16:09:42', '2022-02-09 15:58:47'),
(44, '{\"en\":\"Why, I do wonder what you\'re talking about\"}', '{\"en\":\"Why, I do wonder what you\'re talking about,\' said Alice. \'Of course not,\' said the Caterpillar. Here was another long passage, and the blades of grass, but she could get to the baby, the shriek of.\"}', 12, '2021-09-07 16:09:42', '2022-02-09 16:07:58'),
(50, '{\"en\":\"Guild asked Parliament\"}', '{\"en\":\"the guild asked Parliament for protection, which was eventually granted in a bill of 1606, which granted the trade protection from outside competition such as plasterers.[2]\"}', 3, '2021-09-07 16:09:42', '2022-02-09 15:59:52');

-- --------------------------------------------------------

--
-- Table structure for table `bookings`
--

CREATE TABLE `bookings` (
  `id` int(10) UNSIGNED NOT NULL,
  `e_provider` longtext COLLATE utf8mb4_unicode_ci NOT NULL,
  `e_service` longtext COLLATE utf8mb4_unicode_ci NOT NULL,
  `options` longtext COLLATE utf8mb4_unicode_ci,
  `quantity` smallint(6) DEFAULT '1',
  `user_id` bigint(20) UNSIGNED DEFAULT NULL,
  `booking_status_id` int(10) UNSIGNED DEFAULT NULL,
  `address` longtext COLLATE utf8mb4_unicode_ci NOT NULL,
  `payment_id` int(10) UNSIGNED DEFAULT NULL,
  `coupon` longtext COLLATE utf8mb4_unicode_ci,
  `taxes` longtext COLLATE utf8mb4_unicode_ci,
  `booking_at` datetime DEFAULT NULL,
  `start_at` datetime DEFAULT NULL,
  `ends_at` datetime DEFAULT NULL,
  `hint` text COLLATE utf8mb4_unicode_ci,
  `cancel` tinyint(1) DEFAULT '0',
  `created_at` timestamp NULL DEFAULT NULL,
  `updated_at` timestamp NULL DEFAULT NULL
) ENGINE=InnoDB DEFAULT CHARSET=utf8mb4 COLLATE=utf8mb4_unicode_ci;

--
-- Dumping data for table `bookings`
--

INSERT INTO `bookings` (`id`, `e_provider`, `e_service`, `options`, `quantity`, `user_id`, `booking_status_id`, `address`, `payment_id`, `coupon`, `taxes`, `booking_at`, `start_at`, `ends_at`, `hint`, `cancel`, `created_at`, `updated_at`) VALUES
(35, '{\"id\":3,\"name\":\"Painting Smith, McGlynn and Goldner\",\"phone_number\":\"+1.862.709.5787\",\"mobile_number\":\"224.772.0752\"}', '{\"id\":59,\"name\":\"Plumbing work\",\"price\":100,\"discount_price\":0,\"price_unit\":\"hourly\",\"quantity_unit\":\"\",\"duration\":\"02:00\"}', NULL, 1, 3, 6, '{\"id\":9,\"description\":\"Home\",\"address\":\"5205 Nitzsche Roads Apt. 589\\nLake Madge, VT 07058-9709\",\"latitude\":50.1700000000000017053025658242404460906982421875,\"longitude\":11.2400000000000002131628207280300557613372802734375}', 5, NULL, '[]', '2021-12-30 16:15:34', '2021-12-31 19:47:21', '2021-12-31 19:47:23', NULL, 0, '2021-12-30 17:15:41', '2021-12-31 21:27:11'),
(36, '{\"id\":3,\"name\":\"Painting Smith, McGlynn and Goldner\",\"phone_number\":\"+1.862.709.5787\",\"mobile_number\":\"224.772.0752\"}', '{\"id\":62,\"name\":\"pipe cleaning\",\"price\":20,\"discount_price\":18,\"price_unit\":\"fixed\",\"quantity_unit\":\"1\",\"duration\":null}', NULL, 1, 3, 7, '{\"id\":9,\"description\":\"Home\",\"address\":\"5205 Nitzsche Roads Apt. 589\\nLake Madge, VT 07058-9709\",\"latitude\":50.1700000000000017053025658242404460906982421875,\"longitude\":11.2400000000000002131628207280300557613372802734375}', NULL, NULL, '[]', '2021-12-30 16:41:55', NULL, NULL, NULL, 1, '2021-12-30 17:41:59', '2021-12-30 17:50:50'),
(37, '{\"id\":3,\"name\":\"Painting Smith, McGlynn and Goldner\",\"phone_number\":\"+1.862.709.5787\",\"mobile_number\":\"224.772.0752\"}', '{\"id\":59,\"name\":\"Plumbing work\",\"price\":100,\"discount_price\":0,\"price_unit\":\"hourly\",\"quantity_unit\":\"\",\"duration\":\"02:00\"}', NULL, 1, 3, 7, '{\"id\":9,\"description\":\"Home\",\"address\":\"5205 Nitzsche Roads Apt. 589\\nLake Madge, VT 07058-9709\",\"latitude\":50.1700000000000017053025658242404460906982421875,\"longitude\":11.2400000000000002131628207280300557613372802734375}', NULL, NULL, '[]', '2021-12-30 16:49:38', NULL, NULL, NULL, 1, '2021-12-30 17:49:41', '2021-12-30 23:37:44'),
(38, '{\"id\":3,\"name\":\"Painting Smith, McGlynn and Goldner\",\"phone_number\":\"+1.862.709.5787\",\"mobile_number\":\"224.772.0752\"}', '{\"id\":59,\"name\":\"Plumbing work\",\"price\":100,\"discount_price\":0,\"price_unit\":\"hourly\",\"quantity_unit\":\"\",\"duration\":\"02:00\"}', NULL, 1, 3, 7, '{\"id\":9,\"description\":\"Home\",\"address\":\"5205 Nitzsche Roads Apt. 589\\nLake Madge, VT 07058-9709\",\"latitude\":50.1700000000000017053025658242404460906982421875,\"longitude\":11.2400000000000002131628207280300557613372802734375}', NULL, NULL, '[]', '2021-12-30 16:51:04', NULL, NULL, NULL, 1, '2021-12-30 17:51:07', '2021-12-30 17:51:16'),
(39, '{\"id\":18,\"name\":\"Gardner Construction Davis Inc\",\"phone_number\":\"+1-520-724-9352\",\"mobile_number\":\"+1 (870) 414-2949\"}', '{\"id\":62,\"name\":\"pipe cleaning\",\"price\":20,\"discount_price\":18,\"price_unit\":\"fixed\",\"quantity_unit\":\"1\",\"duration\":null}', NULL, 1, 3, 7, '{\"id\":9,\"description\":\"Home\",\"address\":\"5205 Nitzsche Roads Apt. 589\\nLake Madge, VT 07058-9709\",\"latitude\":50.1700000000000017053025658242404460906982421875,\"longitude\":11.2400000000000002131628207280300557613372802734375}', NULL, NULL, '[]', '2021-12-31 16:38:23', NULL, NULL, NULL, 1, '2021-12-31 17:38:29', '2022-01-03 13:47:38'),
(40, '{\"id\":18,\"name\":\"Gardner Construction Davis Inc\",\"phone_number\":\"+1-520-724-9352\",\"mobile_number\":\"+1 (870) 414-2949\"}', '{\"id\":62,\"name\":\"pipe cleaning\",\"price\":20,\"discount_price\":18,\"price_unit\":\"fixed\",\"quantity_unit\":\"1\",\"duration\":null}', NULL, 1, 3, 7, '{\"id\":9,\"description\":\"Home\",\"address\":\"5205 Nitzsche Roads Apt. 589\\nLake Madge, VT 07058-9709\",\"latitude\":50.1700000000000017053025658242404460906982421875,\"longitude\":11.2400000000000002131628207280300557613372802734375}', NULL, NULL, '[]', '2021-12-31 19:04:53', NULL, NULL, NULL, 1, '2021-12-31 20:04:54', '2022-01-03 13:47:43'),
(41, '{\"id\":3,\"name\":\"Painting Smith, McGlynn and Goldner\",\"phone_number\":\"+1.862.709.5787\",\"mobile_number\":\"224.772.0752\"}', '{\"id\":59,\"name\":\"Plumbing work\",\"price\":100,\"discount_price\":0,\"price_unit\":\"hourly\",\"quantity_unit\":\"\",\"duration\":\"02:00\"}', NULL, 1, 3, 6, '{\"id\":9,\"description\":\"Home\",\"address\":\"5205 Nitzsche Roads Apt. 589\\nLake Madge, VT 07058-9709\",\"latitude\":50.1700000000000017053025658242404460906982421875,\"longitude\":11.2400000000000002131628207280300557613372802734375}', 4, NULL, '[]', '2021-12-31 19:05:47', '2021-12-31 19:40:24', '2021-12-31 19:40:26', 'test test tegab', 0, '2021-12-31 20:06:10', '2021-12-31 21:22:38'),
(42, '{\"id\":18,\"name\":\"Gardner Construction Davis Inc\",\"phone_number\":\"+1-520-724-9352\",\"mobile_number\":\"+1 (870) 414-2949\"}', '{\"id\":62,\"name\":\"pipe cleaning\",\"price\":20,\"discount_price\":18,\"price_unit\":\"fixed\",\"quantity_unit\":\"1\",\"duration\":null}', NULL, 1, 3, 7, '{\"id\":9,\"description\":\"Home\",\"address\":\"5205 Nitzsche Roads Apt. 589\\nLake Madge, VT 07058-9709\",\"latitude\":50.1700000000000017053025658242404460906982421875,\"longitude\":11.2400000000000002131628207280300557613372802734375}', NULL, NULL, '[]', '2021-12-31 19:15:42', NULL, NULL, 'customer@demo.com is a 33rd century American style book with the 3most 36of version 3637of 7363a 3', 1, '2021-12-31 20:15:59', '2022-01-03 13:46:11'),
(43, '{\"id\":18,\"name\":\"Gardner Construction Davis Inc\",\"phone_number\":\"+1-520-724-9352\",\"mobile_number\":\"+1 (870) 414-2949\"}', '{\"id\":62,\"name\":\"pipe cleaning\",\"price\":20,\"discount_price\":18,\"price_unit\":\"fixed\",\"quantity_unit\":\"1\",\"duration\":null}', NULL, 1, 3, 7, '{\"id\":9,\"description\":\"Home\",\"address\":\"5205 Nitzsche Roads Apt. 589\\nLake Madge, VT 07058-9709\",\"latitude\":50.1700000000000017053025658242404460906982421875,\"longitude\":11.2400000000000002131628207280300557613372802734375}', NULL, NULL, '[]', '2021-12-31 19:15:42', NULL, NULL, 'customer@demo.com is a 33rd century American style book with the 3most 36of version 3637of 7363a 3', 1, '2021-12-31 20:15:59', '2022-01-03 13:46:12'),
(44, '{\"id\":3,\"name\":\"Painting Smith, McGlynn and Goldner\",\"phone_number\":\"+1.862.709.5787\",\"mobile_number\":\"224.772.0752\"}', '{\"id\":59,\"name\":\"Plumbing work\",\"price\":100,\"discount_price\":0,\"price_unit\":\"hourly\",\"quantity_unit\":\"\",\"duration\":\"02:00\"}', NULL, 1, 3, 7, '{\"id\":9,\"description\":\"Home\",\"address\":\"5205 Nitzsche Roads Apt. 589\\nLake Madge, VT 07058-9709\",\"latitude\":50.1700000000000017053025658242404460906982421875,\"longitude\":11.2400000000000002131628207280300557613372802734375}', NULL, NULL, '[]', '2021-12-31 19:23:55', NULL, NULL, NULL, 1, '2021-12-31 20:24:03', '2022-01-03 13:43:09'),
(45, '{\"id\":3,\"name\":\"Painting Smith, McGlynn and Goldner\",\"phone_number\":\"+1.862.709.5787\",\"mobile_number\":\"224.772.0752\"}', '{\"id\":59,\"name\":\"Plumbing work\",\"price\":100,\"discount_price\":0,\"price_unit\":\"hourly\",\"quantity_unit\":\"\",\"duration\":\"02:00\"}', NULL, 1, 3, 6, '{\"id\":9,\"description\":\"Home\",\"address\":\"5205 Nitzsche Roads Apt. 589\\nLake Madge, VT 07058-9709\",\"latitude\":50.1700000000000017053025658242404460906982421875,\"longitude\":11.2400000000000002131628207280300557613372802734375}', 8, NULL, '[]', '2021-12-31 19:23:55', '2022-01-03 12:36:19', '2022-01-03 12:36:42', NULL, 0, '2021-12-31 20:24:04', '2022-01-03 13:36:24'),
(46, '{\"id\":3,\"name\":\"Painting Smith, McGlynn and Goldner\",\"phone_number\":\"+1.862.709.5787\",\"mobile_number\":\"224.772.0752\"}', '{\"id\":59,\"name\":\"Plumbing work\",\"price\":100,\"discount_price\":0,\"price_unit\":\"hourly\",\"quantity_unit\":\"\",\"duration\":\"02:00\"}', NULL, 1, 3, 7, '{\"id\":9,\"description\":\"Home\",\"address\":\"5205 Nitzsche Roads Apt. 589\\nLake Madge, VT 07058-9709\",\"latitude\":50.1700000000000017053025658242404460906982421875,\"longitude\":11.2400000000000002131628207280300557613372802734375}', NULL, NULL, '[]', '2021-12-31 19:23:55', NULL, NULL, NULL, 1, '2021-12-31 20:24:04', '2022-01-03 13:38:48'),
(47, '{\"id\":3,\"name\":\"Painting Smith, McGlynn and Goldner\",\"phone_number\":\"+1.862.709.5787\",\"mobile_number\":\"224.772.0752\"}', '{\"id\":59,\"name\":\"Plumbing work\",\"price\":100,\"discount_price\":0,\"price_unit\":\"hourly\",\"quantity_unit\":\"\",\"duration\":\"02:00\"}', NULL, 1, 3, 7, '{\"id\":9,\"description\":\"Home\",\"address\":\"5205 Nitzsche Roads Apt. 589\\nLake Madge, VT 07058-9709\",\"latitude\":50.1700000000000017053025658242404460906982421875,\"longitude\":11.2400000000000002131628207280300557613372802734375}', NULL, NULL, '[]', '2021-12-31 19:23:55', NULL, NULL, NULL, 1, '2021-12-31 20:24:04', '2022-01-03 13:43:14'),
(48, '{\"id\":3,\"name\":\"Painting Smith, McGlynn and Goldner\",\"phone_number\":\"+1.862.709.5787\",\"mobile_number\":\"224.772.0752\"}', '{\"id\":59,\"name\":\"Plumbing work\",\"price\":100,\"discount_price\":0,\"price_unit\":\"hourly\",\"quantity_unit\":\"\",\"duration\":\"02:00\"}', NULL, 1, 3, 7, '{\"id\":9,\"description\":\"Home\",\"address\":\"5205 Nitzsche Roads Apt. 589\\nLake Madge, VT 07058-9709\",\"latitude\":50.1700000000000017053025658242404460906982421875,\"longitude\":11.2400000000000002131628207280300557613372802734375}', NULL, NULL, '[]', '2021-12-31 19:23:55', NULL, NULL, NULL, 1, '2021-12-31 20:24:04', '2022-01-03 13:43:07'),
(49, '{\"id\":3,\"name\":\"Painting Smith, McGlynn and Goldner\",\"phone_number\":\"+1.862.709.5787\",\"mobile_number\":\"224.772.0752\"}', '{\"id\":59,\"name\":\"Plumbing work\",\"price\":100,\"discount_price\":0,\"price_unit\":\"hourly\",\"quantity_unit\":\"\",\"duration\":\"02:00\"}', NULL, 1, 3, 6, '{\"id\":9,\"description\":\"Home\",\"address\":\"5205 Nitzsche Roads Apt. 589\\nLake Madge, VT 07058-9709\",\"latitude\":50.1700000000000017053025658242404460906982421875,\"longitude\":11.2400000000000002131628207280300557613372802734375}', 3, NULL, '[]', '2021-12-31 19:23:55', '2021-12-31 19:29:50', '2021-12-31 19:29:54', NULL, 0, '2021-12-31 20:24:05', '2021-12-31 21:16:39'),
(50, '{\"id\":3,\"name\":\"Painting Smith, McGlynn and Goldner\",\"phone_number\":\"+1.862.709.5787\",\"mobile_number\":\"224.772.0752\"}', '{\"id\":59,\"name\":\"Plumbing work\",\"price\":100,\"discount_price\":0,\"price_unit\":\"hourly\",\"quantity_unit\":\"\",\"duration\":\"02:00\"}', NULL, 1, 3, 6, '{\"id\":9,\"description\":\"Home\",\"address\":\"5205 Nitzsche Roads Apt. 589\\nLake Madge, VT 07058-9709\",\"latitude\":50.1700000000000017053025658242404460906982421875,\"longitude\":11.2400000000000002131628207280300557613372802734375}', 7, NULL, '[]', '2021-12-31 19:39:13', '2022-01-03 11:42:12', '2022-01-03 11:42:17', NULL, 0, '2021-12-31 20:38:44', '2022-01-03 13:28:58'),
(51, '{\"id\":18,\"name\":\"Gardner Construction Davis Inc\",\"phone_number\":\"+1-520-724-9352\",\"mobile_number\":\"+1 (870) 414-2949\"}', '{\"id\":62,\"name\":\"pipe cleaning\",\"price\":20,\"discount_price\":18,\"price_unit\":\"fixed\",\"quantity_unit\":\"1\",\"duration\":null}', NULL, 1, 3, 7, '{\"id\":9,\"description\":\"Home\",\"address\":\"5205 Nitzsche Roads Apt. 589\\nLake Madge, VT 07058-9709\",\"latitude\":50.1700000000000017053025658242404460906982421875,\"longitude\":11.2400000000000002131628207280300557613372802734375}', NULL, NULL, '[]', '2022-01-03 12:41:56', NULL, NULL, 'gt', 1, '2022-01-03 13:41:11', '2022-01-03 13:46:09'),
(52, '{\"id\":3,\"name\":\"Painting Smith, McGlynn and Goldner\",\"phone_number\":\"+1.862.709.5787\",\"mobile_number\":\"224.772.0752\"}', '{\"id\":59,\"name\":\"Plumbing work\",\"price\":100,\"discount_price\":0,\"price_unit\":\"hourly\",\"quantity_unit\":\"\",\"duration\":\"02:00\"}', NULL, 1, 3, 7, '{\"id\":9,\"description\":\"Home\",\"address\":\"5205 Nitzsche Roads Apt. 589\\nLake Madge, VT 07058-9709\",\"latitude\":50.1700000000000017053025658242404460906982421875,\"longitude\":11.2400000000000002131628207280300557613372802734375}', NULL, NULL, '[]', '2022-01-03 12:42:32', NULL, NULL, NULL, 1, '2022-01-03 13:41:28', '2022-01-03 13:43:05'),
(53, '{\"id\":3,\"name\":\"Painting Smith, McGlynn and Goldner\",\"phone_number\":\"+1.862.709.5787\",\"mobile_number\":\"224.772.0752\"}', '{\"id\":59,\"name\":\"Plumbing work\",\"price\":100,\"discount_price\":0,\"price_unit\":\"hourly\",\"quantity_unit\":\"\",\"duration\":\"02:00\"}', NULL, 1, 3, 7, '{\"id\":9,\"description\":\"Home\",\"address\":\"5205 Nitzsche Roads Apt. 589\\nLake Madge, VT 07058-9709\",\"latitude\":50.1700000000000017053025658242404460906982421875,\"longitude\":11.2400000000000002131628207280300557613372802734375}', NULL, NULL, '[]', '2022-01-03 12:43:49', NULL, NULL, NULL, 1, '2022-01-03 13:42:46', '2022-01-03 13:43:02'),
(54, '{\"id\":3,\"name\":\"Painting Smith, McGlynn and Goldner\",\"phone_number\":\"+1.862.709.5787\",\"mobile_number\":\"224.772.0752\"}', '{\"id\":59,\"name\":\"Plumbing work\",\"price\":100,\"discount_price\":0,\"price_unit\":\"hourly\",\"quantity_unit\":\"\",\"duration\":\"02:00\"}', NULL, 1, 3, 7, '{\"id\":9,\"description\":\"Home\",\"address\":\"5205 Nitzsche Roads Apt. 589\\nLake Madge, VT 07058-9709\",\"latitude\":50.1700000000000017053025658242404460906982421875,\"longitude\":11.2400000000000002131628207280300557613372802734375}', NULL, NULL, '[]', '2022-01-03 12:45:01', NULL, NULL, NULL, 1, '2022-01-03 13:43:57', '2022-01-03 13:44:12'),
(55, '{\"id\":3,\"name\":\"Painting Smith, McGlynn and Goldner\",\"phone_number\":\"+1.862.709.5787\",\"mobile_number\":\"224.772.0752\"}', '{\"id\":59,\"name\":\"Plumbing work\",\"price\":100,\"discount_price\":0,\"price_unit\":\"hourly\",\"quantity_unit\":\"\",\"duration\":\"02:00\"}', NULL, 1, 3, 7, '{\"id\":9,\"description\":\"Home\",\"address\":\"5205 Nitzsche Roads Apt. 589\\nLake Madge, VT 07058-9709\",\"latitude\":50.1700000000000017053025658242404460906982421875,\"longitude\":11.2400000000000002131628207280300557613372802734375}', NULL, NULL, '[]', '2022-01-03 12:45:54', NULL, NULL, NULL, 1, '2022-01-03 13:44:48', '2022-01-03 13:46:06'),
(56, '{\"id\":3,\"name\":\"Painting Smith, McGlynn and Goldner\",\"phone_number\":\"+1.862.709.5787\",\"mobile_number\":\"224.772.0752\"}', '{\"id\":59,\"name\":\"Plumbing work\",\"price\":100,\"discount_price\":0,\"price_unit\":\"hourly\",\"quantity_unit\":\"\",\"duration\":\"02:00\"}', NULL, 1, 3, 6, '{\"id\":9,\"description\":\"Home\",\"address\":\"5205 Nitzsche Roads Apt. 589\\nLake Madge, VT 07058-9709\",\"latitude\":50.1700000000000017053025658242404460906982421875,\"longitude\":11.2400000000000002131628207280300557613372802734375}', 11, NULL, '[]', '2022-01-03 12:53:56', '2022-01-03 12:58:25', '2022-01-03 12:59:41', 'church\'sarenowcomingalongnicely again tothispointthatourbusiness   needs   aremovingforwardquicklythatcan workthroughsomesort', 0, '2022-01-03 13:53:40', '2022-01-03 14:00:36'),
(57, '{\"id\":53,\"name\":\"Solar trade\",\"phone_number\":null,\"mobile_number\":null}', '{\"id\":63,\"name\":\"Solar Facial Module\",\"price\":200,\"discount_price\":null,\"price_unit\":\"fixed\",\"quantity_unit\":\"500\",\"duration\":\"14:35\"}', NULL, 5, 3, 6, '{\"id\":9,\"description\":\"Home\",\"address\":\"5205 Nitzsche Roads Apt. 589\\nLake Madge, VT 07058-9709\",\"latitude\":50.1700000000000017053025658242404460906982421875,\"longitude\":11.2400000000000002131628207280300557613372802734375}', 12, NULL, '[]', '2022-01-03 14:42:30', '2022-01-03 14:45:13', '2022-01-03 14:47:13', 'igcjdhcn vb and plz are also a boy and a girl is deducted by age of age and plz a lot and the only reason for the difference in life was because', 0, '2022-01-03 15:42:56', '2022-01-03 15:47:54'),
(58, '{\"id\":3,\"name\":\"Painting Smith, McGlynn and Goldner\",\"phone_number\":\"+1.862.709.5787\",\"mobile_number\":\"224.772.0752\"}', '{\"id\":59,\"name\":\"Plumbing work\",\"price\":100,\"discount_price\":0,\"price_unit\":\"hourly\",\"quantity_unit\":\"\",\"duration\":\"02:00\"}', NULL, 1, 3, 6, '{\"id\":9,\"description\":\"Home\",\"address\":\"5205 Nitzsche Roads Apt. 589\\nLake Madge, VT 07058-9709\",\"latitude\":50.1700000000000017053025658242404460906982421875,\"longitude\":11.2400000000000002131628207280300557613372802734375}', 13, NULL, '[]', '2022-01-03 15:00:02', '2022-01-03 15:00:39', '2022-01-03 15:00:41', NULL, 0, '2022-01-03 16:00:14', '2022-01-03 16:00:58'),
(59, '{\"id\":3,\"name\":\"Painting Smith, McGlynn and Goldner\",\"phone_number\":\"+1.862.709.5787\",\"mobile_number\":\"224.772.0752\"}', '{\"id\":64,\"name\":\"Plumbing work\",\"price\":50,\"discount_price\":null,\"price_unit\":\"hourly\",\"quantity_unit\":\"\",\"duration\":\"06:28\"}', NULL, 1, 3, 6, '{\"id\":9,\"description\":\"Home\",\"address\":\"5205 Nitzsche Roads Apt. 589\\nLake Madge, VT 07058-9709\",\"latitude\":50.1700000000000017053025658242404460906982421875,\"longitude\":11.2400000000000002131628207280300557613372802734375}', 14, NULL, '[]', '2022-01-05 15:37:18', '2022-01-05 15:39:07', '2022-01-05 15:39:32', NULL, 0, '2022-01-05 16:37:39', '2022-01-05 16:39:53'),
(60, '{\"id\":3,\"name\":\"Painting Smith, McGlynn and Goldner\",\"phone_number\":\"+1.862.709.5787\",\"mobile_number\":\"224.772.0752\"}', '{\"id\":59,\"name\":\"Plumbing work\",\"price\":100,\"discount_price\":0,\"price_unit\":\"fixed\",\"quantity_unit\":\"\",\"duration\":\"02:00\"}', NULL, 1, 3, 6, '{\"id\":9,\"description\":\"Home\",\"address\":\"5205 Nitzsche Roads Apt. 589\\nLake Madge, VT 07058-9709\",\"latitude\":50.1700000000000017053025658242404460906982421875,\"longitude\":11.2400000000000002131628207280300557613372802734375}', 15, NULL, '[]', '2022-01-05 15:40:24', '2022-01-05 15:41:34', '2022-01-05 15:41:47', NULL, 0, '2022-01-05 16:40:39', '2022-01-05 16:41:58'),
(61, '{\"id\":3,\"name\":\"Painting Smith, McGlynn and Goldner\",\"phone_number\":\"+1.862.709.5787\",\"mobile_number\":\"224.772.0752\"}', '{\"id\":59,\"name\":\"Plumbing work\",\"price\":100,\"discount_price\":0,\"price_unit\":\"fixed\",\"quantity_unit\":\"\",\"duration\":\"02:00\"}', NULL, 1, 3, 6, '{\"id\":9,\"description\":\"Home\",\"address\":\"5205 Nitzsche Roads Apt. 589\\nLake Madge, VT 07058-9709\",\"latitude\":50.1700000000000017053025658242404460906982421875,\"longitude\":11.2400000000000002131628207280300557613372802734375}', NULL, NULL, '[]', '2022-01-05 15:45:37', '2022-01-05 15:54:04', '2022-01-05 15:54:17', NULL, 0, '2022-01-05 16:45:39', '2022-01-05 16:54:17'),
(62, '{\"id\":3,\"name\":\"Painting Smith, McGlynn and Goldner\",\"phone_number\":\"+1.862.709.5787\",\"mobile_number\":\"224.772.0752\"}', '{\"id\":59,\"name\":\"Plumbing work\",\"price\":100,\"discount_price\":0,\"price_unit\":\"fixed\",\"quantity_unit\":\"\",\"duration\":\"02:00\"}', NULL, 1, 3, 5, '{\"id\":9,\"description\":\"Home\",\"address\":\"5205 Nitzsche Roads Apt. 589\\nLake Madge, VT 07058-9709\",\"latitude\":50.1700000000000017053025658242404460906982421875,\"longitude\":11.2400000000000002131628207280300557613372802734375}', NULL, NULL, '[]', '2022-01-05 15:52:31', NULL, NULL, NULL, 0, '2022-01-05 16:52:40', '2022-02-16 18:45:29'),
(63, '{\"id\":3,\"name\":\"Painting Smith, McGlynn and Goldner\",\"phone_number\":\"+1.862.709.5787\",\"mobile_number\":\"224.772.0752\"}', '{\"id\":59,\"name\":\"Plumbing work\",\"price\":100,\"discount_price\":0,\"price_unit\":\"fixed\",\"quantity_unit\":\"\",\"duration\":\"02:00\"}', NULL, 1, 3, 5, '{\"id\":9,\"description\":\"Home\",\"address\":\"5205 Nitzsche Roads Apt. 589\\nLake Madge, VT 07058-9709\",\"latitude\":50.1700000000000017053025658242404460906982421875,\"longitude\":11.2400000000000002131628207280300557613372802734375}', NULL, NULL, '[]', '2022-02-04 15:56:55', NULL, NULL, NULL, 0, '2022-02-04 16:57:07', '2022-02-16 18:44:43'),
(64, '{\"id\":3,\"name\":\"Painting Smith, McGlynn and Goldner\",\"phone_number\":\"+1.862.709.5787\",\"mobile_number\":\"224.772.0752\"}', '{\"id\":59,\"name\":\"Plumbing work\",\"price\":100,\"discount_price\":0,\"price_unit\":\"fixed\",\"quantity_unit\":\"\",\"duration\":\"02:00\"}', NULL, 1, 3, 4, '{\"id\":9,\"description\":\"Home\",\"address\":\"5205 Nitzsche Roads Apt. 589\\nLake Madge, VT 07058-9709\",\"latitude\":50.1700000000000017053025658242404460906982421875,\"longitude\":11.2400000000000002131628207280300557613372802734375}', NULL, NULL, '[]', '2022-02-04 15:58:34', NULL, NULL, NULL, 0, '2022-02-04 16:58:37', '2022-02-09 21:32:24'),
(65, '{\"id\":18,\"name\":\"Gardner Construction Davis Inc\",\"phone_number\":\"+1-520-724-9352\",\"mobile_number\":\"+1 (870) 414-2949\"}', '{\"id\":62,\"name\":\"pipe cleaning\",\"price\":20,\"discount_price\":18,\"price_unit\":\"fixed\",\"quantity_unit\":\"1\",\"duration\":null}', NULL, 1, 3, 1, '{\"id\":9,\"description\":\"Home\",\"address\":\"5205 Nitzsche Roads Apt. 589\\nLake Madge, VT 07058-9709\",\"latitude\":50.1700000000000017053025658242404460906982421875,\"longitude\":11.2400000000000002131628207280300557613372802734375}', NULL, NULL, '[]', '2022-02-04 18:57:26', NULL, NULL, NULL, 0, '2022-02-04 19:57:37', '2022-02-04 19:57:37'),
(66, '{\"id\":3,\"name\":\"Painting Smith, McGlynn and Goldner\",\"phone_number\":\"+1.862.709.5787\",\"mobile_number\":\"224.772.0752\"}', '{\"id\":64,\"name\":\"Plumbing work\",\"price\":50,\"discount_price\":null,\"price_unit\":\"hourly\",\"quantity_unit\":\"\",\"duration\":\"06:28\"}', NULL, 1, 3, 5, '{\"id\":9,\"description\":\"Home\",\"address\":\"5205 Nitzsche Roads Apt. 589\\nLake Madge, VT 07058-9709\",\"latitude\":50.1700000000000017053025658242404460906982421875,\"longitude\":11.2400000000000002131628207280300557613372802734375}', NULL, NULL, '[]', '2022-02-04 19:21:18', NULL, NULL, NULL, 0, '2022-02-04 20:21:31', '2022-02-16 18:06:43'),
(67, '{\"id\":3,\"name\":\"Painting Smith, McGlynn and Goldner\",\"phone_number\":\"+1.862.709.5787\",\"mobile_number\":\"224.772.0752\"}', '{\"id\":59,\"name\":\"Plumbing work\",\"price\":100,\"discount_price\":0,\"price_unit\":\"fixed\",\"quantity_unit\":\"\",\"duration\":\"02:00\"}', NULL, 1, 3, 5, '{\"id\":9,\"description\":\"Home\",\"address\":\"5205 Nitzsche Roads Apt. 589\\nLake Madge, VT 07058-9709\",\"latitude\":50.1700000000000017053025658242404460906982421875,\"longitude\":11.2400000000000002131628207280300557613372802734375}', NULL, NULL, '[]', '2022-02-04 19:42:05', NULL, NULL, NULL, 0, '2022-02-04 20:42:12', '2022-02-16 18:01:27'),
(68, '{\"id\":3,\"name\":\"Painting Smith, McGlynn and Goldner\",\"phone_number\":\"+1.862.709.5787\",\"mobile_number\":\"224.772.0752\"}', '{\"id\":59,\"name\":\"Plumbing work\",\"price\":100,\"discount_price\":0,\"price_unit\":\"fixed\",\"quantity_unit\":\"\",\"duration\":\"02:00\"}', NULL, 1, 3, 5, '{\"id\":9,\"description\":\"Home\",\"address\":\"5205 Nitzsche Roads Apt. 589\\nLake Madge, VT 07058-9709\",\"latitude\":50.1700000000000017053025658242404460906982421875,\"longitude\":11.2400000000000002131628207280300557613372802734375}', NULL, NULL, '[]', '2022-02-04 19:44:07', NULL, NULL, NULL, 0, '2022-02-04 20:44:12', '2022-02-16 17:59:50'),
(69, '{\"id\":3,\"name\":\"Painting Smith, McGlynn and Goldner\",\"phone_number\":\"+1.862.709.5787\",\"mobile_number\":\"224.772.0752\"}', '{\"id\":59,\"name\":\"Plumbing work\",\"price\":100,\"discount_price\":0,\"price_unit\":\"fixed\",\"quantity_unit\":\"\",\"duration\":\"02:00\"}', NULL, 1, 3, 5, '{\"id\":9,\"description\":\"Home\",\"address\":\"5205 Nitzsche Roads Apt. 589\\nLake Madge, VT 07058-9709\",\"latitude\":50.1700000000000017053025658242404460906982421875,\"longitude\":11.2400000000000002131628207280300557613372802734375}', NULL, NULL, '[]', '2022-02-04 20:33:00', NULL, NULL, NULL, 0, '2022-02-04 21:33:09', '2022-02-16 17:55:50'),
(70, '{\"id\":3,\"name\":\"Painting Smith, McGlynn and Goldner\",\"phone_number\":\"+1.862.709.5787\",\"mobile_number\":\"224.772.0752\"}', '{\"id\":59,\"name\":\"Plumbing work\",\"price\":100,\"discount_price\":0,\"price_unit\":\"fixed\",\"quantity_unit\":\"\",\"duration\":\"02:00\"}', NULL, 1, 3, 5, '{\"id\":9,\"description\":\"Home\",\"address\":\"5205 Nitzsche Roads Apt. 589\\nLake Madge, VT 07058-9709\",\"latitude\":50.1700000000000017053025658242404460906982421875,\"longitude\":11.2400000000000002131628207280300557613372802734375}', NULL, NULL, '[]', '2022-02-04 20:33:00', NULL, NULL, NULL, 0, '2022-02-04 22:33:15', '2022-02-16 17:43:45'),
(71, '{\"id\":3,\"name\":\"Painting Smith, McGlynn and Goldner\",\"phone_number\":\"+1.862.709.5787\",\"mobile_number\":\"224.772.0752\"}', '{\"id\":59,\"name\":\"Plumbing work\",\"price\":100,\"discount_price\":0,\"price_unit\":\"fixed\",\"quantity_unit\":\"\",\"duration\":\"02:00\"}', NULL, 1, 3, 5, '{\"id\":9,\"description\":\"Home\",\"address\":\"5205 Nitzsche Roads Apt. 589\\nLake Madge, VT 07058-9709\",\"latitude\":50.1700000000000017053025658242404460906982421875,\"longitude\":11.2400000000000002131628207280300557613372802734375}', NULL, NULL, '[]', '2022-02-04 22:06:18', NULL, NULL, NULL, 0, '2022-02-04 23:06:24', '2022-02-16 17:37:26'),
(72, '{\"id\":3,\"name\":\"Painting Smith, McGlynn and Goldner\",\"phone_number\":\"+1.862.709.5787\",\"mobile_number\":\"224.772.0752\"}', '{\"id\":59,\"name\":\"Plumbing work\",\"price\":100,\"discount_price\":0,\"price_unit\":\"fixed\",\"quantity_unit\":\"\",\"duration\":\"02:00\"}', NULL, 1, 3, 5, '{\"id\":9,\"description\":\"Home\",\"address\":\"5205 Nitzsche Roads Apt. 589\\nLake Madge, VT 07058-9709\",\"latitude\":50.1700000000000017053025658242404460906982421875,\"longitude\":11.2400000000000002131628207280300557613372802734375}', NULL, NULL, '[]', '2022-02-04 22:14:06', NULL, NULL, NULL, 0, '2022-02-04 23:14:14', '2022-02-16 16:59:23'),
(73, '{\"id\":3,\"name\":\"Painting Smith, McGlynn and Goldner\",\"phone_number\":\"+1.862.709.5787\",\"mobile_number\":\"224.772.0752\"}', '{\"id\":59,\"name\":\"Plumbing work\",\"price\":100,\"discount_price\":0,\"price_unit\":\"fixed\",\"quantity_unit\":\"\",\"duration\":\"02:00\"}', NULL, 1, 3, 5, '{\"id\":9,\"description\":\"Home\",\"address\":\"5205 Nitzsche Roads Apt. 589\\nLake Madge, VT 07058-9709\",\"latitude\":50.1700000000000017053025658242404460906982421875,\"longitude\":11.2400000000000002131628207280300557613372802734375}', NULL, NULL, '[]', '2022-02-04 22:45:59', NULL, NULL, NULL, 0, '2022-02-04 23:56:48', '2022-02-16 17:08:24'),
(74, '{\"id\":3,\"name\":\"Painting Smith, McGlynn and Goldner\",\"phone_number\":\"+1.862.709.5787\",\"mobile_number\":\"224.772.0752\"}', '{\"id\":59,\"name\":\"Plumbing work\",\"price\":100,\"discount_price\":0,\"price_unit\":\"fixed\",\"quantity_unit\":\"\",\"duration\":\"02:00\"}', NULL, 1, 3, 6, '{\"id\":9,\"description\":\"Home\",\"address\":\"5205 Nitzsche Roads Apt. 589\\nLake Madge, VT 07058-9709\",\"latitude\":50.1700000000000017053025658242404460906982421875,\"longitude\":11.2400000000000002131628207280300557613372802734375}', 16, NULL, '[]', '2022-02-06 22:33:09', '2022-02-06 22:35:31', '2022-02-06 22:35:56', NULL, 0, '2022-02-06 23:33:36', '2022-02-06 23:37:15'),
(75, '{\"id\":3,\"name\":\"Painting Smith, McGlynn and Goldner\",\"phone_number\":\"+1.862.709.5787\",\"mobile_number\":\"224.772.0752\"}', '{\"id\":59,\"name\":\"Plumbing work\",\"price\":100,\"discount_price\":0,\"price_unit\":\"fixed\",\"quantity_unit\":\"\",\"duration\":\"02:00\"}', NULL, 1, 3, 6, '{\"id\":9,\"description\":\"Home\",\"address\":\"5205 Nitzsche Roads Apt. 589\\nLake Madge, VT 07058-9709\",\"latitude\":50.1700000000000017053025658242404460906982421875,\"longitude\":11.2400000000000002131628207280300557613372802734375}', NULL, NULL, '[]', '2022-02-17 07:49:00', '2022-02-11 22:04:53', '2022-02-11 22:14:00', NULL, 0, '2022-02-07 12:52:29', '2022-02-11 23:14:00'),
(76, '{\"id\":3,\"name\":\"Painting Smith, McGlynn and Goldner\",\"phone_number\":\"+1.862.709.5787\",\"mobile_number\":\"224.772.0752\"}', '{\"id\":59,\"name\":\"Plumbing work\",\"price\":100,\"discount_price\":0,\"price_unit\":\"fixed\",\"quantity_unit\":\"\",\"duration\":\"02:00\"}', NULL, 1, 3, 5, '{\"id\":9,\"description\":\"Home\",\"address\":\"5205 Nitzsche Roads Apt. 589\\nLake Madge, VT 07058-9709\",\"latitude\":50.1700000000000017053025658242404460906982421875,\"longitude\":11.2400000000000002131628207280300557613372802734375}', NULL, NULL, '[]', '2022-02-07 12:07:01', NULL, NULL, NULL, 0, '2022-02-07 13:05:25', '2022-02-16 15:52:35'),
(77, '{\"id\":3,\"name\":\"Painting Smith, McGlynn and Goldner\",\"phone_number\":\"+1.862.709.5787\",\"mobile_number\":\"224.772.0752\"}', '{\"id\":59,\"name\":\"Plumbing work\",\"price\":100,\"discount_price\":0,\"price_unit\":\"fixed\",\"quantity_unit\":\"\",\"duration\":\"02:00\"}', NULL, 1, 3, 7, '{\"id\":9,\"description\":\"Home\",\"address\":\"5205 Nitzsche Roads Apt. 589\\nLake Madge, VT 07058-9709\",\"latitude\":50.1700000000000017053025658242404460906982421875,\"longitude\":11.2400000000000002131628207280300557613372802734375}', NULL, NULL, '[]', '2022-02-07 12:13:59', NULL, NULL, NULL, 1, '2022-02-07 13:12:27', '2022-02-07 15:48:33'),
(78, '{\"id\":3,\"name\":\"Painting Smith, McGlynn and Goldner\",\"phone_number\":\"+1.862.709.5787\",\"mobile_number\":\"224.772.0752\"}', '{\"id\":59,\"name\":\"Plumbing work\",\"price\":100,\"discount_price\":0,\"price_unit\":\"fixed\",\"quantity_unit\":\"\",\"duration\":\"02:00\"}', NULL, 1, 3, 7, '{\"id\":9,\"description\":\"Home\",\"address\":\"5205 Nitzsche Roads Apt. 589\\nLake Madge, VT 07058-9709\",\"latitude\":50.1700000000000017053025658242404460906982421875,\"longitude\":11.2400000000000002131628207280300557613372802734375}', NULL, NULL, '[]', '2022-02-07 12:31:06', NULL, NULL, NULL, 1, '2022-02-07 13:29:37', '2022-02-07 15:45:42'),
(79, '{\"id\":18,\"name\":\"Gardner Construction Davis Inc\",\"phone_number\":\"+1-520-724-9352\",\"mobile_number\":\"+1 (870) 414-2949\"}', '{\"id\":62,\"name\":\"pipe cleaning\",\"price\":20,\"discount_price\":18,\"price_unit\":\"fixed\",\"quantity_unit\":\"1\",\"duration\":null}', NULL, 1, 3, 1, '{\"id\":9,\"description\":\"Home\",\"address\":\"5205 Nitzsche Roads Apt. 589\\nLake Madge, VT 07058-9709\",\"latitude\":50.1700000000000017053025658242404460906982421875,\"longitude\":11.2400000000000002131628207280300557613372802734375}', NULL, NULL, '[]', '2022-02-07 12:38:51', NULL, NULL, NULL, 0, '2022-02-07 13:37:14', '2022-02-07 13:37:14'),
(80, '{\"id\":3,\"name\":\"Painting Smith, McGlynn and Goldner\",\"phone_number\":\"+1.862.709.5787\",\"mobile_number\":\"224.772.0752\"}', '{\"id\":59,\"name\":\"Plumbing work\",\"price\":100,\"discount_price\":0,\"price_unit\":\"fixed\",\"quantity_unit\":\"\",\"duration\":\"02:00\"}', NULL, 2, 3, 7, '{\"id\":9,\"description\":\"Home\",\"address\":\"5205 Nitzsche Roads Apt. 589\\nLake Madge, VT 07058-9709\",\"latitude\":50.1700000000000017053025658242404460906982421875,\"longitude\":11.2400000000000002131628207280300557613372802734375}', NULL, NULL, '[]', '2022-02-07 14:51:18', NULL, NULL, NULL, 1, '2022-02-07 15:49:55', '2022-02-07 15:51:35'),
(81, '{\"id\":3,\"name\":\"Painting Smith, McGlynn and Goldner\",\"phone_number\":\"+1.862.709.5787\",\"mobile_number\":\"224.772.0752\"}', '{\"id\":59,\"name\":\"Plumbing work\",\"price\":100,\"discount_price\":0,\"price_unit\":\"fixed\",\"quantity_unit\":\"\",\"duration\":\"02:00\"}', NULL, 2, 3, 4, '{\"id\":9,\"description\":\"Home\",\"address\":\"5205 Nitzsche Roads Apt. 589\\nLake Madge, VT 07058-9709\",\"latitude\":50.1700000000000017053025658242404460906982421875,\"longitude\":11.2400000000000002131628207280300557613372802734375}', NULL, NULL, '[]', '2022-02-07 14:53:33', NULL, NULL, NULL, 0, '2022-02-07 15:51:56', '2022-02-07 16:19:22'),
(82, '{\"id\":3,\"name\":\"Painting Smith, McGlynn and Goldner\",\"phone_number\":\"+1.862.709.5787\",\"mobile_number\":\"224.772.0752\"}', '{\"id\":59,\"name\":\"Plumbing work\",\"price\":100,\"discount_price\":0,\"price_unit\":\"fixed\",\"quantity_unit\":\"\",\"duration\":\"02:00\"}', NULL, 4, 3, 6, '{\"id\":9,\"description\":\"Home\",\"address\":\"5205 Nitzsche Roads Apt. 589\\nLake Madge, VT 07058-9709\",\"latitude\":50.1700000000000017053025658242404460906982421875,\"longitude\":11.2400000000000002131628207280300557613372802734375}', 17, NULL, '[]', '2022-02-07 14:55:38', '2022-02-07 15:02:19', '2022-02-07 15:02:50', NULL, 0, '2022-02-07 15:54:04', '2022-02-07 16:01:32'),
(83, '{\"id\":3,\"name\":\"Painting Smith, McGlynn and Goldner\",\"phone_number\":\"+1.862.709.5787\",\"mobile_number\":\"224.772.0752\"}', '{\"id\":64,\"name\":\"Plumbing work\",\"price\":50,\"discount_price\":null,\"price_unit\":\"hourly\",\"quantity_unit\":\"\",\"duration\":\"06:28\"}', NULL, 1, 3, 6, '{\"id\":9,\"description\":\"Home\",\"address\":\"5205 Nitzsche Roads Apt. 589\\nLake Madge, VT 07058-9709\",\"latitude\":50.1700000000000017053025658242404460906982421875,\"longitude\":11.2400000000000002131628207280300557613372802734375}', 19, NULL, '[]', '2022-02-07 16:26:23', '2022-02-07 20:46:28', '2022-02-07 20:46:40', NULL, 0, '2022-02-07 17:24:47', '2022-02-07 21:45:09'),
(84, '{\"id\":3,\"name\":\"Painting Smith, McGlynn and Goldner\",\"phone_number\":\"+1.862.709.5787\",\"mobile_number\":\"224.772.0752\"}', '{\"id\":59,\"name\":\"Plumbing work\",\"price\":100,\"discount_price\":0,\"price_unit\":\"fixed\",\"quantity_unit\":\"\",\"duration\":\"02:00\"}', NULL, 1, 3, 6, '{\"id\":9,\"description\":\"Home\",\"address\":\"5205 Nitzsche Roads Apt. 589\\nLake Madge, VT 07058-9709\",\"latitude\":50.1700000000000017053025658242404460906982421875,\"longitude\":11.2400000000000002131628207280300557613372802734375}', 18, NULL, '[]', '2022-02-07 16:26:43', '2022-02-07 17:36:13', '2022-02-07 17:36:18', NULL, 0, '2022-02-07 17:25:11', '2022-02-07 18:36:31'),
(85, '{\"id\":18,\"name\":\"Gardner Construction Davis Inc\",\"phone_number\":\"+1-520-724-9352\",\"mobile_number\":\"+1 (870) 414-2949\"}', '{\"id\":62,\"name\":\"pipe cleaning\",\"price\":20,\"discount_price\":18,\"price_unit\":\"fixed\",\"quantity_unit\":\"1\",\"duration\":null}', NULL, 1, 3, 1, '{\"id\":22,\"description\":null,\"address\":\"Xicot\\u00e9ncatl 6b, Centro, 42800 Tula de Allende, Hgo., Mexico\",\"latitude\":20.053578099999999295732777682133018970489501953125,\"longitude\":-99.3394985999999988734998623840510845184326171875}', NULL, NULL, '[]', '2022-02-07 21:23:31', NULL, NULL, NULL, 0, '2022-02-07 22:22:05', '2022-02-07 22:22:05'),
(86, '{\"id\":18,\"name\":\"Gardner Construction Davis Inc\",\"phone_number\":\"+1-520-724-9352\",\"mobile_number\":\"+1 (870) 414-2949\"}', '{\"id\":62,\"name\":\"pipe cleaning\",\"price\":20,\"discount_price\":18,\"price_unit\":\"fixed\",\"quantity_unit\":\"1\",\"duration\":null}', NULL, 8, 3, 1, '{\"id\":22,\"description\":null,\"address\":\"Xicot\\u00e9ncatl 6b, Centro, 42800 Tula de Allende, Hgo., Mexico\",\"latitude\":20.050000000000000710542735760100185871124267578125,\"longitude\":-99.340000000000003410605131648480892181396484375}', NULL, NULL, '[]', '2022-02-07 21:24:32', NULL, NULL, NULL, 0, '2022-02-07 22:23:05', '2022-02-07 22:23:05'),
(87, '{\"id\":18,\"name\":\"Gardner Construction Davis Inc\",\"phone_number\":\"+1-520-724-9352\",\"mobile_number\":\"+1 (870) 414-2949\"}', '{\"id\":62,\"name\":\"pipe cleaning\",\"price\":20,\"discount_price\":18,\"price_unit\":\"fixed\",\"quantity_unit\":\"1\",\"duration\":null}', NULL, 1, 3, 1, '{\"id\":22,\"description\":null,\"address\":\"Xicot\\u00e9ncatl 6b, Centro, 42800 Tula de Allende, Hgo., Mexico\",\"latitude\":20.050000000000000710542735760100185871124267578125,\"longitude\":-99.340000000000003410605131648480892181396484375}', NULL, NULL, '[]', '2022-02-07 21:25:12', NULL, NULL, NULL, 0, '2022-02-07 22:23:49', '2022-02-07 22:23:49'),
(88, '{\"id\":18,\"name\":\"Gardner Construction Davis Inc\",\"phone_number\":\"+1-520-724-9352\",\"mobile_number\":\"+1 (870) 414-2949\"}', '{\"id\":62,\"name\":\"pipe cleaning\",\"price\":20,\"discount_price\":18,\"price_unit\":\"fixed\",\"quantity_unit\":\"1\",\"duration\":null}', NULL, 1, 3, 1, '{\"id\":23,\"description\":null,\"address\":\"Nitzsche-Weg, 08527 Rosenbach, Germany\",\"latitude\":50.4958785000000034415279515087604522705078125,\"longitude\":12.0181103999999994158542904187925159931182861328125}', NULL, NULL, '[]', '2022-02-07 21:31:50', NULL, NULL, NULL, 0, '2022-02-07 22:30:18', '2022-02-07 22:30:18'),
(89, '{\"id\":3,\"name\":\"Painting Smith, McGlynn and Goldner\",\"phone_number\":\"+1.862.709.5787\",\"mobile_number\":\"224.772.0752\"}', '{\"id\":59,\"name\":\"Plumbing work\",\"price\":100,\"discount_price\":0,\"price_unit\":\"fixed\",\"quantity_unit\":\"\",\"duration\":\"02:00\"}', NULL, 1, 3, 6, '{\"id\":23,\"description\":null,\"address\":\"Nitzsche-Weg, 08527 Rosenbach, Germany\",\"latitude\":50.4958785000000034415279515087604522705078125,\"longitude\":12.0181103999999994158542904187925159931182861328125}', 41, NULL, '[]', '2022-02-07 21:33:08', '2022-02-14 15:21:42', '2022-02-14 15:21:47', NULL, 0, '2022-02-07 22:31:42', '2022-02-14 16:20:29'),
(90, '{\"id\":18,\"name\":\"Gardner Construction Davis Inc\",\"phone_number\":\"+1-520-724-9352\",\"mobile_number\":\"+1 (870) 414-2949\"}', '{\"id\":62,\"name\":\"pipe cleaning\",\"price\":20,\"discount_price\":18,\"price_unit\":\"fixed\",\"quantity_unit\":\"1\",\"duration\":null}', NULL, 1, 3, 1, '{\"id\":23,\"description\":null,\"address\":\"Nitzsche-Weg, 08527 Rosenbach, Germany\",\"latitude\":50.4958785000000034415279515087604522705078125,\"longitude\":12.0181103999999994158542904187925159931182861328125}', NULL, NULL, '[]', '2022-02-07 21:34:37', NULL, NULL, NULL, 0, '2022-02-07 22:41:17', '2022-02-07 22:41:17'),
(91, '{\"id\":3,\"name\":\"Painting Smith, McGlynn and Goldner\",\"phone_number\":\"+1.862.709.5787\",\"mobile_number\":\"224.772.0752\"}', '{\"id\":59,\"name\":\"Plumbing work\",\"price\":100,\"discount_price\":0,\"price_unit\":\"fixed\",\"quantity_unit\":\"\",\"duration\":\"02:00\"}', NULL, 1, 3, 7, '{\"id\":9,\"description\":\"Home\",\"address\":\"5205 Nitzsche Roads Apt. 589\\nLake Madge, VT 07058-9709\",\"latitude\":50.1700000000000017053025658242404460906982421875,\"longitude\":11.2400000000000002131628207280300557613372802734375}', NULL, NULL, '[]', '2022-02-07 21:43:06', NULL, NULL, NULL, 1, '2022-02-07 22:41:39', '2022-02-07 22:42:19'),
(92, '{\"id\":3,\"name\":\"Painting Smith, McGlynn and Goldner\",\"phone_number\":\"+1.862.709.5787\",\"mobile_number\":\"224.772.0752\"}', '{\"id\":59,\"name\":\"Plumbing work\",\"price\":100,\"discount_price\":0,\"price_unit\":\"fixed\",\"quantity_unit\":\"\",\"duration\":\"02:00\"}', NULL, 1, 3, 6, '{\"id\":9,\"description\":\"Home\",\"address\":\"5205 Nitzsche Roads Apt. 589\\nLake Madge, VT 07058-9709\",\"latitude\":50.1700000000000017053025658242404460906982421875,\"longitude\":11.2400000000000002131628207280300557613372802734375}', NULL, NULL, '[]', '2022-02-07 21:44:43', '2022-02-07 21:46:00', '2022-02-08 19:50:58', NULL, 0, '2022-02-07 22:43:11', '2022-02-08 20:49:19'),
(93, '{\"id\":3,\"name\":\"Painting Smith, McGlynn and Goldner\",\"phone_number\":\"+1.862.709.5787\",\"mobile_number\":\"224.772.0752\"}', '{\"id\":59,\"name\":\"Plumbing work\",\"price\":100,\"discount_price\":0,\"price_unit\":\"fixed\",\"quantity_unit\":\"\",\"duration\":\"02:00\"}', NULL, 1, 3, 6, '{\"id\":9,\"description\":\"Home\",\"address\":\"5205 Nitzsche Roads Apt. 589\\nLake Madge, VT 07058-9709\",\"latitude\":50.1700000000000017053025658242404460906982421875,\"longitude\":11.2400000000000002131628207280300557613372802734375}', 40, NULL, '[]', '2022-02-07 21:54:16', '2022-02-14 15:08:04', '2022-02-14 15:10:50', NULL, 0, '2022-02-07 22:52:49', '2022-02-14 16:09:16'),
(94, '{\"id\":3,\"name\":\"Painting Smith, McGlynn and Goldner\",\"phone_number\":\"+1.862.709.5787\",\"mobile_number\":\"224.772.0752\"}', '{\"id\":59,\"name\":\"Plumbing work\",\"price\":100,\"discount_price\":0,\"price_unit\":\"fixed\",\"quantity_unit\":\"\",\"duration\":\"02:00\"}', NULL, 1, 3, 6, '{\"id\":9,\"description\":\"Home\",\"address\":\"5205 Nitzsche Roads Apt. 589\\nLake Madge, VT 07058-9709\",\"latitude\":50.1700000000000017053025658242404460906982421875,\"longitude\":11.2400000000000002131628207280300557613372802734375}', 20, NULL, '[]', '2022-02-07 22:05:39', '2022-02-07 22:33:09', '2022-02-07 22:33:12', NULL, 0, '2022-02-07 23:04:14', '2022-02-07 23:31:41'),
(95, '{\"id\":18,\"name\":\"Gardner Construction Davis Inc\",\"phone_number\":\"+1-520-724-9352\",\"mobile_number\":\"+1 (870) 414-2949\"}', '{\"id\":62,\"name\":\"pipe cleaning\",\"price\":20,\"discount_price\":18,\"price_unit\":\"fixed\",\"quantity_unit\":\"1\",\"duration\":null}', NULL, 1, 3, 1, '{\"id\":24,\"description\":null,\"address\":\"29-B, Off Shahrah-e-Faisal, P.E.C.H.S. Block 6 PECHS, Karachi, Karachi City, Sindh, Pakistan\",\"latitude\":24.862655600000000077898221206851303577423095703125,\"longitude\":67.073623599999990574360708706080913543701171875}', NULL, NULL, '[]', '2022-02-07 22:35:33', NULL, NULL, NULL, 0, '2022-02-07 23:34:00', '2022-02-07 23:34:00'),
(96, '{\"id\":3,\"name\":\"Painting Smith, McGlynn and Goldner\",\"phone_number\":\"+1.862.709.5787\",\"mobile_number\":\"224.772.0752\"}', '{\"id\":59,\"name\":\"Plumbing work\",\"price\":100,\"discount_price\":0,\"price_unit\":\"fixed\",\"quantity_unit\":\"\",\"duration\":\"02:00\"}', NULL, 1, 3, 7, '{\"id\":24,\"description\":null,\"address\":\"29-B, Off Shahrah-e-Faisal, P.E.C.H.S. Block 6 PECHS, Karachi, Karachi City, Sindh, Pakistan\",\"latitude\":24.862655600000000077898221206851303577423095703125,\"longitude\":67.073623599999990574360708706080913543701171875}', NULL, NULL, '[]', '2022-02-08 12:57:20', NULL, NULL, 'hello hint', 1, '2022-02-08 13:56:21', '2022-02-08 13:57:47'),
(97, '{\"id\":3,\"name\":\"Painting Smith, McGlynn and Goldner\",\"phone_number\":\"+1.862.709.5787\",\"mobile_number\":\"224.772.0752\"}', '{\"id\":59,\"name\":\"Plumbing work\",\"price\":100,\"discount_price\":0,\"price_unit\":\"fixed\",\"quantity_unit\":\"\",\"duration\":\"02:00\"}', NULL, 1, 3, 6, '{\"id\":25,\"description\":\"dhhdir\",\"address\":\"Teotihuacan 105, Rinconada de Tultengo, 42820 El Llano, Hgo., Mexico\",\"latitude\":20.066335599999998606790541089139878749847412109375,\"longitude\":-99.323781099999990829019225202500820159912109375}', 21, NULL, '[]', '2022-02-08 14:27:26', '2022-02-08 14:28:33', '2022-02-08 14:28:45', NULL, 0, '2022-02-08 15:26:22', '2022-02-08 15:27:14'),
(98, '{\"id\":3,\"name\":\"Painting Smith, McGlynn and Goldner\",\"phone_number\":\"+1.862.709.5787\",\"mobile_number\":\"224.772.0752\"}', '{\"id\":64,\"name\":\"Plumbing work\",\"price\":50,\"discount_price\":null,\"price_unit\":\"fixed\",\"quantity_unit\":\"\",\"duration\":\"06:00\"}', NULL, 1, 3, 6, '{\"id\":24,\"description\":null,\"address\":\"29-B, Off Shahrah-e-Faisal, P.E.C.H.S. Block 6 PECHS, Karachi, Karachi City, Sindh, Pakistan\",\"latitude\":24.8599999999999994315658113919198513031005859375,\"longitude\":67.06999999999999317878973670303821563720703125}', 22, NULL, '[]', '2022-02-08 16:49:19', '2022-02-08 16:51:25', '2022-02-08 16:51:43', NULL, 0, '2022-02-08 17:49:42', '2022-02-08 17:51:55'),
(99, '{\"id\":3,\"name\":\"Painting Smith, McGlynn and Goldner\",\"phone_number\":\"+1.862.709.5787\",\"mobile_number\":\"224.772.0752\"}', '{\"id\":64,\"name\":\"Plumbing work\",\"price\":50,\"discount_price\":null,\"price_unit\":\"fixed\",\"quantity_unit\":\"\",\"duration\":\"06:00\"}', NULL, 1, 3, 6, '{\"id\":9,\"description\":\"Home\",\"address\":\"5205 Nitzsche Roads Apt. 589\\nLake Madge, VT 07058-9709\",\"latitude\":50.1700000000000017053025658242404460906982421875,\"longitude\":11.2400000000000002131628207280300557613372802734375}', 23, NULL, '[]', '2022-02-08 17:58:22', '2022-02-08 18:00:40', '2022-02-08 18:00:48', NULL, 0, '2022-02-08 18:58:38', '2022-02-08 19:00:56'),
(100, '{\"id\":3,\"name\":\"Painting Smith, McGlynn and Goldner\",\"phone_number\":\"+1.862.709.5787\",\"mobile_number\":\"224.772.0752\"}', '{\"id\":64,\"name\":\"Plumbing work\",\"price\":50,\"discount_price\":null,\"price_unit\":\"fixed\",\"quantity_unit\":\"\",\"duration\":\"06:00\"}', NULL, 1, 3, 2, '{\"id\":9,\"description\":\"Home\",\"address\":\"5205 Nitzsche Roads Apt. 589\\nLake Madge, VT 07058-9709\",\"latitude\":50.1700000000000017053025658242404460906982421875,\"longitude\":11.2400000000000002131628207280300557613372802734375}', NULL, NULL, '[]', '2022-02-08 18:02:05', '2022-02-14 15:03:08', NULL, NULL, 0, '2022-02-08 19:02:13', '2022-02-14 16:03:09'),
(101, '{\"id\":3,\"name\":\"Painting Smith, McGlynn and Goldner\",\"phone_number\":\"+1.862.709.5787\",\"mobile_number\":\"224.772.0752\"}', '{\"id\":59,\"name\":\"Plumbing work\",\"price\":100,\"discount_price\":0,\"price_unit\":\"fixed\",\"quantity_unit\":\"\",\"duration\":\"02:00\"}', NULL, 1, 3, 6, '{\"id\":9,\"description\":\"Home\",\"address\":\"5205 Nitzsche Roads Apt. 589\\nLake Madge, VT 07058-9709\",\"latitude\":50.1700000000000017053025658242404460906982421875,\"longitude\":11.2400000000000002131628207280300557613372802734375}', 24, NULL, '[]', '2022-02-08 18:02:44', '2022-02-08 18:04:53', '2022-02-08 18:04:56', NULL, 0, '2022-02-08 19:02:52', '2022-02-08 19:05:06'),
(102, '{\"id\":18,\"name\":\"Gardner Construction Davis Inc\",\"phone_number\":\"+1-520-724-9352\",\"mobile_number\":\"+1 (870) 414-2949\"}', '{\"id\":62,\"name\":\"pipe cleaning\",\"price\":20,\"discount_price\":18,\"price_unit\":\"fixed\",\"quantity_unit\":\"1\",\"duration\":null}', NULL, 1, 3, 1, '{\"id\":9,\"description\":\"Home\",\"address\":\"5205 Nitzsche Roads Apt. 589\\nLake Madge, VT 07058-9709\",\"latitude\":50.1700000000000017053025658242404460906982421875,\"longitude\":11.2400000000000002131628207280300557613372802734375}', NULL, NULL, '[]', '2022-02-08 18:12:44', NULL, NULL, NULL, 0, '2022-02-08 19:14:15', '2022-02-08 19:14:15'),
(103, '{\"id\":3,\"name\":\"Painting Smith, McGlynn and Goldner\",\"phone_number\":\"+1.862.709.5787\",\"mobile_number\":\"224.772.0752\"}', '{\"id\":59,\"name\":\"Plumbing work\",\"price\":100,\"discount_price\":0,\"price_unit\":\"fixed\",\"quantity_unit\":\"\",\"duration\":\"02:00\"}', NULL, 1, 3, 6, '{\"id\":9,\"description\":\"Home\",\"address\":\"5205 Nitzsche Roads Apt. 589\\nLake Madge, VT 07058-9709\",\"latitude\":50.1700000000000017053025658242404460906982421875,\"longitude\":11.2400000000000002131628207280300557613372802734375}', 31, NULL, '[]', '2022-02-08 18:19:32', '2022-02-08 19:57:38', '2022-02-08 19:57:40', NULL, 0, '2022-02-08 19:19:33', '2022-02-09 19:57:27'),
(104, '{\"id\":3,\"name\":\"Painting Smith, McGlynn and Goldner\",\"phone_number\":\"+1.862.709.5787\",\"mobile_number\":\"224.772.0752\"}', '{\"id\":59,\"name\":\"Plumbing work\",\"price\":100,\"discount_price\":0,\"price_unit\":\"fixed\",\"quantity_unit\":\"\",\"duration\":\"02:00\"}', NULL, 1, 3, 6, '{\"id\":9,\"description\":\"Home\",\"address\":\"5205 Nitzsche Roads Apt. 589\\nLake Madge, VT 07058-9709\",\"latitude\":50.1700000000000017053025658242404460906982421875,\"longitude\":11.2400000000000002131628207280300557613372802734375}', 25, NULL, '[]', '2022-02-08 18:49:46', '2022-02-08 18:50:24', '2022-02-08 18:50:28', NULL, 0, '2022-02-08 19:49:48', '2022-02-08 19:50:35'),
(105, '{\"id\":3,\"name\":\"Painting Smith, McGlynn and Goldner\",\"phone_number\":\"+1.862.709.5787\",\"mobile_number\":\"224.772.0752\"}', '{\"id\":59,\"name\":\"Plumbing work\",\"price\":100,\"discount_price\":0,\"price_unit\":\"fixed\",\"quantity_unit\":\"\",\"duration\":\"02:00\"}', NULL, 1, 3, 6, '{\"id\":9,\"description\":\"Home\",\"address\":\"5205 Nitzsche Roads Apt. 589\\nLake Madge, VT 07058-9709\",\"latitude\":50.1700000000000017053025658242404460906982421875,\"longitude\":11.2400000000000002131628207280300557613372802734375}', 29, NULL, '[]', '2022-02-08 18:57:34', '2022-02-08 18:58:00', '2022-02-08 18:58:01', NULL, 0, '2022-02-08 19:57:38', '2022-02-08 21:53:04'),
(106, '{\"id\":3,\"name\":\"Painting Smith, McGlynn and Goldner\",\"phone_number\":\"+1.862.709.5787\",\"mobile_number\":\"224.772.0752\"}', '{\"id\":59,\"name\":\"Plumbing work\",\"price\":100,\"discount_price\":0,\"price_unit\":\"fixed\",\"quantity_unit\":\"\",\"duration\":\"02:00\"}', NULL, 1, 3, 6, '{\"id\":25,\"description\":\"dhhdir\",\"address\":\"Teotihuacan 105, Rinconada de Tultengo, 42820 El Llano, Hgo., Mexico\",\"latitude\":20.07000000000000028421709430404007434844970703125,\"longitude\":-99.31999999999999317878973670303821563720703125}', 26, NULL, '[]', '2022-02-08 19:04:43', '2022-02-08 19:05:24', '2022-02-08 19:05:27', NULL, 0, '2022-02-08 20:03:17', '2022-02-08 20:07:07'),
(107, '{\"id\":18,\"name\":\"Gardner Construction Davis Inc\",\"phone_number\":\"+1-520-724-9352\",\"mobile_number\":\"+1 (870) 414-2949\"}', '{\"id\":62,\"name\":\"pipe cleaning\",\"price\":20,\"discount_price\":18,\"price_unit\":\"fixed\",\"quantity_unit\":\"1\",\"duration\":null}', NULL, 1, 3, 1, '{\"id\":25,\"description\":\"dhhdir\",\"address\":\"Teotihuacan 105, Rinconada de Tultengo, 42820 El Llano, Hgo., Mexico\",\"latitude\":20.07000000000000028421709430404007434844970703125,\"longitude\":-99.31999999999999317878973670303821563720703125}', NULL, NULL, '[]', '2022-02-08 19:23:06', NULL, NULL, NULL, 0, '2022-02-08 20:21:34', '2022-02-08 20:21:34'),
(108, '{\"id\":3,\"name\":\"Painting Smith, McGlynn and Goldner\",\"phone_number\":\"+1.862.709.5787\",\"mobile_number\":\"224.772.0752\"}', '{\"id\":59,\"name\":\"Plumbing work\",\"price\":100,\"discount_price\":0,\"price_unit\":\"fixed\",\"quantity_unit\":\"\",\"duration\":\"02:00\"}', NULL, 1, 3, 6, '{\"id\":9,\"description\":\"Home\",\"address\":\"5205 Nitzsche Roads Apt. 589\\nLake Madge, VT 07058-9709\",\"latitude\":50.1700000000000017053025658242404460906982421875,\"longitude\":11.2400000000000002131628207280300557613372802734375}', 28, NULL, '[]', '2022-02-08 19:23:52', '2022-02-08 19:24:29', '2022-02-08 19:24:31', NULL, 0, '2022-02-08 20:22:18', '2022-02-08 21:43:26');
INSERT INTO `bookings` (`id`, `e_provider`, `e_service`, `options`, `quantity`, `user_id`, `booking_status_id`, `address`, `payment_id`, `coupon`, `taxes`, `booking_at`, `start_at`, `ends_at`, `hint`, `cancel`, `created_at`, `updated_at`) VALUES
(109, '{\"id\":3,\"name\":\"Painting Smith, McGlynn and Goldner\",\"phone_number\":\"+1.862.709.5787\",\"mobile_number\":\"224.772.0752\"}', '{\"id\":59,\"name\":\"Plumbing work\",\"price\":100,\"discount_price\":0,\"price_unit\":\"fixed\",\"quantity_unit\":\"\",\"duration\":\"02:00\"}', NULL, 1, 3, 6, '{\"id\":9,\"description\":\"Home\",\"address\":\"5205 Nitzsche Roads Apt. 589\\nLake Madge, VT 07058-9709\",\"latitude\":50.1700000000000017053025658242404460906982421875,\"longitude\":11.2400000000000002131628207280300557613372802734375}', 27, NULL, '[]', '2022-02-08 19:33:52', '2022-02-08 19:35:00', '2022-02-08 19:35:02', NULL, 0, '2022-02-08 20:32:43', '2022-02-08 21:40:14'),
(110, '{\"id\":18,\"name\":\"Gardner Construction Davis Inc\",\"phone_number\":\"+1-520-724-9352\",\"mobile_number\":\"+1 (870) 414-2949\"}', '{\"id\":62,\"name\":\"pipe cleaning\",\"price\":20,\"discount_price\":18,\"price_unit\":\"fixed\",\"quantity_unit\":\"1\",\"duration\":null}', NULL, 1, 3, 1, '{\"id\":22,\"description\":null,\"address\":\"Xicot\\u00e9ncatl 6b, Centro, 42800 Tula de Allende, Hgo., Mexico\",\"latitude\":20.050000000000000710542735760100185871124267578125,\"longitude\":-99.340000000000003410605131648480892181396484375}', NULL, NULL, '[]', '2022-02-09 12:35:39', NULL, NULL, NULL, 0, '2022-02-09 13:33:42', '2022-02-09 13:33:42'),
(111, '{\"id\":3,\"name\":\"Painting Smith, McGlynn and Goldner\",\"phone_number\":\"+1.862.709.5787\",\"mobile_number\":\"224.772.0752\"}', '{\"id\":59,\"name\":\"Plumbing work\",\"price\":100,\"discount_price\":0,\"price_unit\":\"fixed\",\"quantity_unit\":\"\",\"duration\":\"02:00\"}', NULL, 1, 3, 6, '{\"id\":9,\"description\":\"Home\",\"address\":\"5205 Nitzsche Roads Apt. 589\\nLake Madge, VT 07058-9709\",\"latitude\":50.1700000000000017053025658242404460906982421875,\"longitude\":11.2400000000000002131628207280300557613372802734375}', 30, NULL, '[]', '2022-02-09 12:36:40', '2022-02-09 12:38:07', '2022-02-09 12:38:20', NULL, 0, '2022-02-09 13:34:37', '2022-02-09 13:36:24'),
(112, '{\"id\":3,\"name\":\"Painting Smith, McGlynn and Goldner\",\"phone_number\":\"+1.862.709.5787\",\"mobile_number\":\"224.772.0752\"}', '{\"id\":72,\"name\":\"Electrical\",\"price\":500,\"discount_price\":null,\"price_unit\":\"hourly\",\"quantity_unit\":\"\",\"duration\":\"16:38\"}', NULL, 1, 3, 6, '{\"id\":9,\"description\":\"Home\",\"address\":\"5205 Nitzsche Roads Apt. 589\\nLake Madge, VT 07058-9709\",\"latitude\":50.1700000000000017053025658242404460906982421875,\"longitude\":11.2400000000000002131628207280300557613372802734375}', 32, NULL, '[]', '2022-02-09 17:02:36', '2022-02-09 21:24:05', '2022-02-09 21:24:09', NULL, 0, '2022-02-09 18:01:11', '2022-02-09 22:23:05'),
(113, '{\"id\":3,\"name\":\"Painting Smith, McGlynn and Goldner\",\"phone_number\":\"+1.862.709.5787\",\"mobile_number\":\"224.772.0752\"}', '{\"id\":69,\"name\":\"Fire damage\",\"price\":500,\"discount_price\":null,\"price_unit\":\"fixed\",\"quantity_unit\":\"\",\"duration\":null}', NULL, 1, 3, 6, '{\"id\":24,\"description\":null,\"address\":\"29-B, Off Shahrah-e-Faisal, P.E.C.H.S. Block 6 PECHS, Karachi, Karachi City, Sindh, Pakistan\",\"latitude\":24.8599999999999994315658113919198513031005859375,\"longitude\":67.06999999999999317878973670303821563720703125}', 33, NULL, '[]', '2022-02-09 22:01:33', '2022-02-09 22:02:19', '2022-02-09 22:02:28', NULL, 0, '2022-02-09 23:00:05', '2022-02-09 23:01:01'),
(114, '{\"id\":3,\"name\":\"Painting Smith, McGlynn and Goldner\",\"phone_number\":\"+1.862.709.5787\",\"mobile_number\":\"224.772.0752\"}', '{\"id\":72,\"name\":\"Electrical\",\"price\":500,\"discount_price\":null,\"price_unit\":\"hourly\",\"quantity_unit\":\"\",\"duration\":\"16:38\"}', NULL, 1, 3, 6, '{\"id\":24,\"description\":null,\"address\":\"29-B, Off Shahrah-e-Faisal, P.E.C.H.S. Block 6 PECHS, Karachi, Karachi City, Sindh, Pakistan\",\"latitude\":24.8599999999999994315658113919198513031005859375,\"longitude\":67.06999999999999317878973670303821563720703125}', NULL, NULL, '[]', '2022-02-09 22:03:36', '2022-02-09 22:04:32', '2022-02-09 22:06:06', NULL, 0, '2022-02-09 23:02:26', '2022-02-09 23:04:27'),
(115, '{\"id\":71,\"name\":\"Cherokee Cote\",\"phone_number\":null,\"mobile_number\":null}', '{\"id\":80,\"name\":\"Ready\",\"price\":32,\"discount_price\":null,\"price_unit\":\"hourly\",\"quantity_unit\":\"1\",\"duration\":\"15:13\"}', NULL, 1, 7, 6, '{\"id\":14,\"description\":\"Building\",\"address\":\"77487 Ullrich Prairie\\nPaulaborough, OR 26080\",\"latitude\":51.47999999999999687361196265555918216705322265625,\"longitude\":10.57000000000000028421709430404007434844970703125}', 34, NULL, '[]', '2022-02-10 15:21:06', '2022-02-10 15:23:09', '2022-02-10 15:23:22', NULL, 0, '2022-02-10 16:19:33', '2022-02-10 16:22:21'),
(116, '{\"id\":71,\"name\":\"Cherokee Cote\",\"phone_number\":null,\"mobile_number\":null}', '{\"id\":80,\"name\":\"Ready\",\"price\":32,\"discount_price\":null,\"price_unit\":\"hourly\",\"quantity_unit\":\"1\",\"duration\":\"15:13\"}', NULL, 1, 7, 4, '{\"id\":14,\"description\":\"Building\",\"address\":\"77487 Ullrich Prairie\\nPaulaborough, OR 26080\",\"latitude\":51.47999999999999687361196265555918216705322265625,\"longitude\":10.57000000000000028421709430404007434844970703125}', NULL, NULL, '[]', '2022-02-10 15:34:02', NULL, NULL, NULL, 0, '2022-02-10 16:32:29', '2022-02-10 16:33:15'),
(117, '{\"id\":18,\"name\":\"Electrician\",\"phone_number\":\"+1-520-724-9352\",\"mobile_number\":\"+1 (870) 414-2949\"}', '{\"id\":62,\"name\":\"Pipe cleaning\",\"price\":200,\"discount_price\":null,\"price_unit\":\"fixed\",\"quantity_unit\":\"1\",\"duration\":null}', NULL, 1, 3, 1, '{\"id\":14,\"description\":\"Building\",\"address\":\"77487 Ullrich Prairie\\nPaulaborough, OR 26080\",\"latitude\":51.47999999999999687361196265555918216705322265625,\"longitude\":10.57000000000000028421709430404007434844970703125}', NULL, NULL, '[]', '2022-02-10 19:34:06', NULL, NULL, NULL, 0, '2022-02-10 20:32:31', '2022-02-10 20:32:31'),
(118, '{\"id\":3,\"name\":\"Painting Smith, McGlynn and Goldner\",\"phone_number\":\"+1.862.709.5787\",\"mobile_number\":\"224.772.0752\"}', '{\"id\":59,\"name\":\"Plumbing work\",\"price\":100,\"discount_price\":0,\"price_unit\":\"fixed\",\"quantity_unit\":\"\",\"duration\":\"02:00\"}', NULL, 1, 3, 6, '{\"id\":14,\"description\":\"Building\",\"address\":\"77487 Ullrich Prairie\\nPaulaborough, OR 26080\",\"latitude\":51.47999999999999687361196265555918216705322265625,\"longitude\":10.57000000000000028421709430404007434844970703125}', 35, NULL, '[]', '2022-02-10 19:35:21', '2022-02-10 19:39:44', '2022-02-10 19:40:26', NULL, 0, '2022-02-10 20:33:54', '2022-02-10 20:40:45'),
(119, '{\"id\":3,\"name\":\"Painting Smith, McGlynn and Goldner\",\"phone_number\":\"+1.862.709.5787\",\"mobile_number\":\"224.772.0752\"}', '{\"id\":59,\"name\":\"Plumbing work\",\"price\":100,\"discount_price\":0,\"price_unit\":\"fixed\",\"quantity_unit\":\"\",\"duration\":\"02:00\"}', NULL, 1, 3, 6, '{\"id\":14,\"description\":\"Building\",\"address\":\"77487 Ullrich Prairie\\nPaulaborough, OR 26080\",\"latitude\":51.47999999999999687361196265555918216705322265625,\"longitude\":10.57000000000000028421709430404007434844970703125}', 36, NULL, '[]', '2022-02-10 19:46:06', '2022-02-10 19:46:40', '2022-02-10 19:46:42', NULL, 0, '2022-02-10 20:44:28', '2022-02-10 20:45:13'),
(120, '{\"id\":73,\"name\":\"Jack Painter\",\"phone_number\":null,\"mobile_number\":null}', '{\"id\":81,\"name\":\"I can paint your home\",\"price\":100,\"discount_price\":90,\"price_unit\":\"hourly\",\"quantity_unit\":\"\",\"duration\":\"02:00\"}', '[{\"id\":105,\"name\":\"8*8\",\"price\":200}]', 1, 37, 6, '{\"id\":27,\"description\":null,\"address\":\"3954 Murphy Canyon Rd d201, San Diego, CA 92123, USA\",\"latitude\":32.81670800000001264606908080168068408966064453125,\"longitude\":-117.1181566000000060512320487760007381439208984375}', 37, NULL, '[]', '2022-02-10 20:53:30', '2022-02-10 20:56:02', '2022-02-10 20:56:20', NULL, 0, '2022-02-10 21:52:19', '2022-02-10 21:56:04'),
(121, '{\"id\":3,\"name\":\"Painting Smith, McGlynn and Goldner\",\"phone_number\":\"+1.862.709.5787\",\"mobile_number\":\"224.772.0752\"}', '{\"id\":73,\"name\":\"Service Master\",\"price\":400,\"discount_price\":null,\"price_unit\":\"hourly\",\"quantity_unit\":\"\",\"duration\":null}', NULL, 1, 3, 6, '{\"id\":23,\"description\":null,\"address\":\"Nitzsche-Weg, 08527 Rosenbach, Germany\",\"latitude\":50.5,\"longitude\":12.019999999999999573674358543939888477325439453125}', 38, NULL, '[]', '2022-02-11 12:17:02', '2022-02-11 12:20:54', '2022-02-11 12:20:56', NULL, 0, '2022-02-11 13:17:15', '2022-02-11 13:21:12'),
(122, '{\"id\":3,\"name\":\"Painting Smith, McGlynn and Goldner\",\"phone_number\":\"+1.862.709.5787\",\"mobile_number\":\"224.772.0752\"}', '{\"id\":59,\"name\":\"Plumbing work\",\"price\":100,\"discount_price\":0,\"price_unit\":\"fixed\",\"quantity_unit\":\"\",\"duration\":\"02:00\"}', NULL, 5, 3, 6, '{\"id\":9,\"description\":\"Home\",\"address\":\"5205 Nitzsche Roads Apt. 589\\nLake Madge, VT 07058-9709\",\"latitude\":50.1700000000000017053025658242404460906982421875,\"longitude\":11.2400000000000002131628207280300557613372802734375}', 39, NULL, '[]', '2022-02-11 20:55:26', '2022-02-11 21:04:12', '2022-02-11 21:04:18', 'test', 0, '2022-02-11 21:56:33', '2022-02-11 22:06:29'),
(123, '{\"id\":3,\"name\":\"Painting Smith, McGlynn and Goldner\",\"phone_number\":\"+1.862.709.5787\",\"mobile_number\":\"224.772.0752\"}', '{\"id\":59,\"name\":\"Plumbing work\",\"price\":100,\"discount_price\":0,\"price_unit\":\"fixed\",\"quantity_unit\":\"\",\"duration\":\"02:00\"}', NULL, 1, 3, 6, '{\"id\":9,\"description\":\"Home\",\"address\":\"5205 Nitzsche Roads Apt. 589\\nLake Madge, VT 07058-9709\",\"latitude\":50.1700000000000017053025658242404460906982421875,\"longitude\":11.2400000000000002131628207280300557613372802734375}', NULL, NULL, '[]', '2022-02-11 21:51:58', '2022-02-11 22:13:05', '2022-02-11 22:13:10', NULL, 0, '2022-02-11 22:52:04', '2022-02-11 23:13:09'),
(124, '{\"id\":3,\"name\":\"Painting Smith, McGlynn and Goldner\",\"phone_number\":\"+1.862.709.5787\",\"mobile_number\":\"224.772.0752\"}', '{\"id\":59,\"name\":\"Plumbing work\",\"price\":100,\"discount_price\":0,\"price_unit\":\"fixed\",\"quantity_unit\":\"\",\"duration\":\"02:00\"}', NULL, 10, 3, 6, '{\"id\":9,\"description\":\"Home\",\"address\":\"5205 Nitzsche Roads Apt. 589\\nLake Madge, VT 07058-9709\",\"latitude\":50.1700000000000017053025658242404460906982421875,\"longitude\":11.2400000000000002131628207280300557613372802734375}', NULL, NULL, '[]', '2022-02-11 22:09:22', '2022-02-11 22:10:55', '2022-02-11 22:10:59', NULL, 0, '2022-02-11 23:09:23', '2022-02-11 23:10:58'),
(125, '{\"id\":53,\"name\":\"Solar trade\",\"phone_number\":\"1234567890\",\"mobile_number\":\"1234567890\"}', '{\"id\":63,\"name\":\"Solar Facial Module\",\"price\":200,\"discount_price\":null,\"price_unit\":\"fixed\",\"quantity_unit\":\"500\",\"duration\":\"14:35\"}', NULL, 1, 3, 4, '{\"id\":25,\"description\":\"dhhdir\",\"address\":\"Teotihuacan 105, Rinconada de Tultengo, 42820 El Llano, Hgo., Mexico\",\"latitude\":20.07000000000000028421709430404007434844970703125,\"longitude\":-99.31999999999999317878973670303821563720703125}', NULL, NULL, '[{\"id\":3,\"name\":\"New York\",\"value\":9,\"type\":\"percent\"}]', '2022-02-11 23:03:07', NULL, NULL, NULL, 0, '2022-02-12 00:03:11', '2022-02-14 15:53:01'),
(126, '{\"id\":18,\"name\":\"Electrician\",\"phone_number\":\"+1-520-724-9352\",\"mobile_number\":\"+1 (870) 414-2949\"}', '{\"id\":62,\"name\":\"Pipe cleaning\",\"price\":200,\"discount_price\":null,\"price_unit\":\"fixed\",\"quantity_unit\":\"1\",\"duration\":null}', NULL, 1, 3, 1, '{\"id\":25,\"description\":\"dhhdir\",\"address\":\"Teotihuacan 105, Rinconada de Tultengo, 42820 El Llano, Hgo., Mexico\",\"latitude\":20.07000000000000028421709430404007434844970703125,\"longitude\":-99.31999999999999317878973670303821563720703125}', NULL, NULL, '[]', '2022-02-14 14:58:57', NULL, NULL, NULL, 0, '2022-02-14 15:59:21', '2022-02-14 15:59:21'),
(127, '{\"id\":53,\"name\":\"Solar trade\",\"phone_number\":\"1234567890\",\"mobile_number\":\"1234567890\"}', '{\"id\":63,\"name\":\"Solar Facial Module\",\"price\":200,\"discount_price\":null,\"price_unit\":\"fixed\",\"quantity_unit\":\"500\",\"duration\":\"14:35\"}', NULL, 1, 3, 5, '{\"id\":9,\"description\":\"Home\",\"address\":\"5205 Nitzsche Roads Apt. 589\\nLake Madge, VT 07058-9709\",\"latitude\":50.1700000000000017053025658242404460906982421875,\"longitude\":11.2400000000000002131628207280300557613372802734375}', NULL, NULL, '[{\"id\":3,\"name\":\"New York\",\"value\":9,\"type\":\"percent\"}]', '2022-02-14 15:24:05', NULL, NULL, NULL, 0, '2022-02-14 16:22:24', '2022-02-16 15:23:43'),
(128, '{\"id\":53,\"name\":\"Solar trade\",\"phone_number\":\"1234567890\",\"mobile_number\":\"1234567890\"}', '{\"id\":63,\"name\":\"Solar Facial Module\",\"price\":200,\"discount_price\":null,\"price_unit\":\"fixed\",\"quantity_unit\":\"500\",\"duration\":\"14:35\"}', NULL, 1, 3, 2, '{\"id\":9,\"description\":\"Home\",\"address\":\"5205 Nitzsche Roads Apt. 589\\nLake Madge, VT 07058-9709\",\"latitude\":50.1700000000000017053025658242404460906982421875,\"longitude\":11.2400000000000002131628207280300557613372802734375}', NULL, NULL, '[{\"id\":3,\"name\":\"New York\",\"value\":9,\"type\":\"percent\"}]', '2022-02-14 15:56:56', '2022-02-14 16:03:40', NULL, NULL, 0, '2022-02-14 16:55:17', '2022-02-14 17:01:56'),
(129, '{\"id\":53,\"name\":\"Solar trade\",\"phone_number\":\"1234567890\",\"mobile_number\":\"1234567890\"}', '{\"id\":63,\"name\":\"Solar Facial Module\",\"price\":200,\"discount_price\":null,\"price_unit\":\"fixed\",\"quantity_unit\":\"500\",\"duration\":\"14:35\"}', NULL, 1, 3, 6, '{\"id\":9,\"description\":\"Home\",\"address\":\"5205 Nitzsche Roads Apt. 589\\nLake Madge, VT 07058-9709\",\"latitude\":50.1700000000000017053025658242404460906982421875,\"longitude\":11.2400000000000002131628207280300557613372802734375}', 42, NULL, '[{\"id\":3,\"name\":\"New York\",\"value\":9,\"type\":\"percent\"}]', '2022-02-14 16:04:34', '2022-02-14 16:16:03', '2022-02-14 16:16:11', NULL, 0, '2022-02-14 17:02:52', '2022-02-14 17:14:37'),
(130, '{\"id\":53,\"name\":\"Solar trade\",\"phone_number\":\"1234567890\",\"mobile_number\":\"1234567890\"}', '{\"id\":63,\"name\":\"Solar Facial Module\",\"price\":200,\"discount_price\":null,\"price_unit\":\"fixed\",\"quantity_unit\":\"500\",\"duration\":\"14:35\"}', NULL, 1, 3, 6, '{\"id\":9,\"description\":\"Home\",\"address\":\"5205 Nitzsche Roads Apt. 589\\nLake Madge, VT 07058-9709\",\"latitude\":50.1700000000000017053025658242404460906982421875,\"longitude\":11.2400000000000002131628207280300557613372802734375}', 43, NULL, '[{\"id\":3,\"name\":\"New York\",\"value\":9,\"type\":\"percent\"}]', '2022-02-14 16:31:09', '2022-02-14 16:31:52', '2022-02-14 16:31:56', NULL, 0, '2022-02-14 17:31:14', '2022-02-14 17:32:05'),
(131, '{\"id\":3,\"name\":\"Painting Smith, McGlynn and Goldner\",\"phone_number\":\"+1.862.709.5787\",\"mobile_number\":\"224.772.0752\"}', '{\"id\":59,\"name\":\"Plumbing work\",\"price\":100,\"discount_price\":0,\"price_unit\":\"fixed\",\"quantity_unit\":\"\",\"duration\":\"02:00\"}', NULL, 1, 3, 6, '{\"id\":9,\"description\":\"Home\",\"address\":\"5205 Nitzsche Roads Apt. 589\\nLake Madge, VT 07058-9709\",\"latitude\":50.1700000000000017053025658242404460906982421875,\"longitude\":11.2400000000000002131628207280300557613372802734375}', 44, NULL, '[]', '2022-02-14 16:40:10', '2022-02-14 16:42:10', '2022-02-14 16:42:15', NULL, 0, '2022-02-14 17:38:36', '2022-02-14 17:40:37'),
(132, '{\"id\":18,\"name\":\"Electrician\",\"phone_number\":\"+1-520-724-9352\",\"mobile_number\":\"+1 (870) 414-2949\"}', '{\"id\":62,\"name\":\"Pipe cleaning\",\"price\":200,\"discount_price\":null,\"price_unit\":\"fixed\",\"quantity_unit\":\"1\",\"duration\":null}', NULL, 5, 3, 1, '{\"id\":9,\"description\":\"Home\",\"address\":\"5205 Nitzsche Roads Apt. 589\\nLake Madge, VT 07058-9709\",\"latitude\":50.1700000000000017053025658242404460906982421875,\"longitude\":11.2400000000000002131628207280300557613372802734375}', NULL, NULL, '[]', '2022-02-14 16:42:56', NULL, NULL, NULL, 0, '2022-02-14 17:41:16', '2022-02-14 17:41:16'),
(133, '{\"id\":53,\"name\":\"Solar trade\",\"phone_number\":\"1234567890\",\"mobile_number\":\"1234567890\"}', '{\"id\":63,\"name\":\"Solar Facial Module\",\"price\":200,\"discount_price\":null,\"price_unit\":\"fixed\",\"quantity_unit\":\"500\",\"duration\":\"14:35\"}', NULL, 5, 3, 6, '{\"id\":9,\"description\":\"Home\",\"address\":\"5205 Nitzsche Roads Apt. 589\\nLake Madge, VT 07058-9709\",\"latitude\":50.1700000000000017053025658242404460906982421875,\"longitude\":11.2400000000000002131628207280300557613372802734375}', 45, NULL, '[{\"id\":3,\"name\":\"New York\",\"value\":9,\"type\":\"percent\"}]', '2022-02-14 16:43:35', '2022-02-14 17:01:54', '2022-02-14 17:01:58', NULL, 0, '2022-02-14 17:41:53', '2022-02-14 18:00:22'),
(134, '{\"id\":53,\"name\":\"Solar trade\",\"phone_number\":\"1234567890\",\"mobile_number\":\"1234567890\"}', '{\"id\":63,\"name\":\"Solar Facial Module\",\"price\":200,\"discount_price\":null,\"price_unit\":\"fixed\",\"quantity_unit\":\"500\",\"duration\":\"14:35\"}', NULL, 1, 3, 5, '{\"id\":9,\"description\":\"Home\",\"address\":\"5205 Nitzsche Roads Apt. 589\\nLake Madge, VT 07058-9709\",\"latitude\":50.1700000000000017053025658242404460906982421875,\"longitude\":11.2400000000000002131628207280300557613372802734375}', NULL, NULL, '[{\"id\":3,\"name\":\"New York\",\"value\":9,\"type\":\"percent\"}]', '2022-02-14 17:10:01', NULL, NULL, NULL, 0, '2022-02-14 18:08:20', '2022-02-16 12:46:36'),
(135, '{\"id\":53,\"name\":\"Solar trade\",\"phone_number\":\"1234567890\",\"mobile_number\":\"1234567890\"}', '{\"id\":63,\"name\":\"Solar Facial Module\",\"price\":200,\"discount_price\":null,\"price_unit\":\"fixed\",\"quantity_unit\":\"500\",\"duration\":\"14:35\"}', NULL, 1, 3, 5, '{\"id\":9,\"description\":\"Home\",\"address\":\"5205 Nitzsche Roads Apt. 589\\nLake Madge, VT 07058-9709\",\"latitude\":50.1700000000000017053025658242404460906982421875,\"longitude\":11.2400000000000002131628207280300557613372802734375}', NULL, NULL, '[{\"id\":3,\"name\":\"New York\",\"value\":9,\"type\":\"percent\"}]', '2022-02-14 17:54:03', NULL, NULL, NULL, 0, '2022-02-14 18:52:21', '2022-02-16 01:09:02'),
(136, '{\"id\":53,\"name\":\"Solar trade\",\"phone_number\":\"1234567890\",\"mobile_number\":\"1234567890\"}', '{\"id\":63,\"name\":\"Solar Facial Module\",\"price\":200,\"discount_price\":null,\"price_unit\":\"fixed\",\"quantity_unit\":\"500\",\"duration\":\"14:35\"}', NULL, 1, 3, 6, '{\"id\":9,\"description\":\"Home\",\"address\":\"5205 Nitzsche Roads Apt. 589\\nLake Madge, VT 07058-9709\",\"latitude\":50.1700000000000017053025658242404460906982421875,\"longitude\":11.2400000000000002131628207280300557613372802734375}', 46, NULL, '[{\"id\":3,\"name\":\"New York\",\"value\":9,\"type\":\"percent\"}]', '2022-02-14 17:55:59', '2022-02-14 17:56:37', '2022-02-14 18:00:56', NULL, 0, '2022-02-14 18:54:18', '2022-02-14 18:59:59'),
(137, '{\"id\":53,\"name\":\"Solar trade\",\"phone_number\":\"1234567890\",\"mobile_number\":\"1234567890\"}', '{\"id\":63,\"name\":\"Solar Facial Module\",\"price\":200,\"discount_price\":null,\"price_unit\":\"fixed\",\"quantity_unit\":\"500\",\"duration\":\"14:35\"}', NULL, 1, 3, 6, '{\"id\":9,\"description\":\"Home\",\"address\":\"5205 Nitzsche Roads Apt. 589\\nLake Madge, VT 07058-9709\",\"latitude\":50.1700000000000017053025658242404460906982421875,\"longitude\":11.2400000000000002131628207280300557613372802734375}', 47, NULL, '[{\"id\":3,\"name\":\"New York\",\"value\":9,\"type\":\"percent\"}]', '2022-02-14 18:03:05', '2022-02-14 18:04:53', '2022-02-14 18:04:58', NULL, 0, '2022-02-14 19:01:26', '2022-02-14 19:03:24'),
(138, '{\"id\":53,\"name\":\"Solar trade\",\"phone_number\":\"1234567890\",\"mobile_number\":\"1234567890\"}', '{\"id\":63,\"name\":\"Solar Facial Module\",\"price\":200,\"discount_price\":null,\"price_unit\":\"fixed\",\"quantity_unit\":\"500\",\"duration\":\"14:35\"}', NULL, 1, 3, 4, '{\"id\":9,\"description\":\"Home\",\"address\":\"5205 Nitzsche Roads Apt. 589\\nLake Madge, VT 07058-9709\",\"latitude\":50.1700000000000017053025658242404460906982421875,\"longitude\":11.2400000000000002131628207280300557613372802734375}', NULL, NULL, '[{\"id\":3,\"name\":\"New York\",\"value\":9,\"type\":\"percent\"}]', '2022-02-14 18:06:34', NULL, NULL, NULL, 0, '2022-02-14 19:04:56', '2022-02-15 22:15:20'),
(139, '{\"id\":53,\"name\":\"Solar trade\",\"phone_number\":\"1234567890\",\"mobile_number\":\"1234567890\"}', '{\"id\":63,\"name\":\"Solar Facial Module\",\"price\":200,\"discount_price\":null,\"price_unit\":\"fixed\",\"quantity_unit\":\"500\",\"duration\":\"14:35\"}', NULL, 1, 3, 6, '{\"id\":9,\"description\":\"Home\",\"address\":\"5205 Nitzsche Roads Apt. 589\\nLake Madge, VT 07058-9709\",\"latitude\":50.1700000000000017053025658242404460906982421875,\"longitude\":11.2400000000000002131628207280300557613372802734375}', 48, NULL, '[{\"id\":3,\"name\":\"New York\",\"value\":9,\"type\":\"percent\"}]', '2022-02-14 18:06:34', '2022-02-14 18:28:07', '2022-02-15 12:56:35', NULL, 0, '2022-02-14 19:19:40', '2022-02-15 13:58:03'),
(140, '{\"id\":53,\"name\":\"Solar trade\",\"phone_number\":\"1234567890\",\"mobile_number\":\"1234567890\"}', '{\"id\":63,\"name\":\"Solar Facial Module\",\"price\":200,\"discount_price\":null,\"price_unit\":\"fixed\",\"quantity_unit\":\"500\",\"duration\":\"14:35\"}', NULL, 1, 3, 5, '{\"id\":9,\"description\":\"Home\",\"address\":\"5205 Nitzsche Roads Apt. 589\\nLake Madge, VT 07058-9709\",\"latitude\":50.1700000000000017053025658242404460906982421875,\"longitude\":11.2400000000000002131628207280300557613372802734375}', NULL, NULL, '[{\"id\":3,\"name\":\"New York\",\"value\":9,\"type\":\"percent\"}]', '2022-02-16 11:49:23', NULL, NULL, NULL, 0, '2022-02-16 12:47:40', '2022-02-16 12:52:07'),
(141, '{\"id\":53,\"name\":\"Solar trade\",\"phone_number\":\"1234567890\",\"mobile_number\":\"1234567890\"}', '{\"id\":63,\"name\":\"Solar Facial Module\",\"price\":200,\"discount_price\":null,\"price_unit\":\"fixed\",\"quantity_unit\":\"500\",\"duration\":\"14:35\"}', NULL, 1, 3, 5, '{\"id\":9,\"description\":\"Home\",\"address\":\"5205 Nitzsche Roads Apt. 589\\nLake Madge, VT 07058-9709\",\"latitude\":50.1700000000000017053025658242404460906982421875,\"longitude\":11.2400000000000002131628207280300557613372802734375}', NULL, NULL, '[{\"id\":3,\"name\":\"New York\",\"value\":9,\"type\":\"percent\"}]', '2022-02-16 11:58:10', NULL, NULL, NULL, 0, '2022-02-16 12:56:27', '2022-02-16 13:09:29'),
(142, '{\"id\":53,\"name\":\"Solar trade\",\"phone_number\":\"1234567890\",\"mobile_number\":\"1234567890\"}', '{\"id\":63,\"name\":\"Solar Facial Module\",\"price\":200,\"discount_price\":null,\"price_unit\":\"fixed\",\"quantity_unit\":\"500\",\"duration\":\"14:35\"}', NULL, 1, 3, 5, '{\"id\":9,\"description\":\"Home\",\"address\":\"5205 Nitzsche Roads Apt. 589\\nLake Madge, VT 07058-9709\",\"latitude\":50.1700000000000017053025658242404460906982421875,\"longitude\":11.2400000000000002131628207280300557613372802734375}', NULL, NULL, '[{\"id\":3,\"name\":\"New York\",\"value\":9,\"type\":\"percent\"}]', '2022-02-16 12:17:36', NULL, NULL, NULL, 0, '2022-02-16 13:15:53', '2022-02-16 13:18:08'),
(143, '{\"id\":53,\"name\":\"Solar trade\",\"phone_number\":\"1234567890\",\"mobile_number\":\"1234567890\"}', '{\"id\":63,\"name\":\"Solar Facial Module\",\"price\":200,\"discount_price\":null,\"price_unit\":\"fixed\",\"quantity_unit\":\"500\",\"duration\":\"14:35\"}', NULL, 1, 3, 5, '{\"id\":9,\"description\":\"Home\",\"address\":\"5205 Nitzsche Roads Apt. 589\\nLake Madge, VT 07058-9709\",\"latitude\":50.1700000000000017053025658242404460906982421875,\"longitude\":11.2400000000000002131628207280300557613372802734375}', NULL, NULL, '[{\"id\":3,\"name\":\"New York\",\"value\":9,\"type\":\"percent\"}]', '2022-02-16 12:22:29', NULL, NULL, NULL, 0, '2022-02-16 13:20:46', '2022-02-16 13:32:01'),
(144, '{\"id\":53,\"name\":\"Solar trade\",\"phone_number\":\"1234567890\",\"mobile_number\":\"1234567890\"}', '{\"id\":63,\"name\":\"Solar Facial Module\",\"price\":200,\"discount_price\":null,\"price_unit\":\"fixed\",\"quantity_unit\":\"500\",\"duration\":\"14:35\"}', NULL, 1, 3, 4, '{\"id\":9,\"description\":\"Home\",\"address\":\"5205 Nitzsche Roads Apt. 589\\nLake Madge, VT 07058-9709\",\"latitude\":50.1700000000000017053025658242404460906982421875,\"longitude\":11.2400000000000002131628207280300557613372802734375}', NULL, NULL, '[{\"id\":3,\"name\":\"New York\",\"value\":9,\"type\":\"percent\"}]', '2022-02-16 12:52:08', NULL, NULL, NULL, 0, '2022-02-16 13:50:23', '2022-02-16 13:51:06'),
(145, '{\"id\":3,\"name\":\"Painting Smith, McGlynn and Goldner\",\"phone_number\":\"+1.862.709.5787\",\"mobile_number\":\"224.772.0752\"}', '{\"id\":59,\"name\":\"Plumbing work\",\"price\":100,\"discount_price\":0,\"price_unit\":\"fixed\",\"quantity_unit\":\"\",\"duration\":\"02:00\"}', NULL, 1, 3, 5, '{\"id\":9,\"description\":\"Home\",\"address\":\"5205 Nitzsche Roads Apt. 589\\nLake Madge, VT 07058-9709\",\"latitude\":50.1700000000000017053025658242404460906982421875,\"longitude\":11.2400000000000002131628207280300557613372802734375}', NULL, NULL, '[]', '2022-02-16 14:12:55', NULL, NULL, NULL, 0, '2022-02-16 15:11:12', '2022-02-16 15:13:45'),
(146, '{\"id\":53,\"name\":\"Solar trade\",\"phone_number\":\"1234567890\",\"mobile_number\":\"1234567890\"}', '{\"id\":63,\"name\":\"Solar Facial Module\",\"price\":200,\"discount_price\":null,\"price_unit\":\"fixed\",\"quantity_unit\":\"500\",\"duration\":\"14:35\"}', NULL, 1, 3, 5, '{\"id\":9,\"description\":\"Home\",\"address\":\"5205 Nitzsche Roads Apt. 589\\nLake Madge, VT 07058-9709\",\"latitude\":50.1700000000000017053025658242404460906982421875,\"longitude\":11.2400000000000002131628207280300557613372802734375}', NULL, NULL, '[{\"id\":3,\"name\":\"New York\",\"value\":9,\"type\":\"percent\"}]', '2022-02-16 17:48:16', NULL, NULL, NULL, 0, '2022-02-16 18:46:40', '2022-02-16 18:48:07'),
(147, '{\"id\":53,\"name\":\"Solar trade\",\"phone_number\":\"1234567890\",\"mobile_number\":\"1234567890\"}', '{\"id\":63,\"name\":\"Solar Facial Module\",\"price\":200,\"discount_price\":null,\"price_unit\":\"fixed\",\"quantity_unit\":\"500\",\"duration\":\"14:35\"}', NULL, 1, 3, 5, '{\"id\":9,\"description\":\"Home\",\"address\":\"5205 Nitzsche Roads Apt. 589\\nLake Madge, VT 07058-9709\",\"latitude\":50.1700000000000017053025658242404460906982421875,\"longitude\":11.2400000000000002131628207280300557613372802734375}', NULL, NULL, '[{\"id\":3,\"name\":\"New York\",\"value\":9,\"type\":\"percent\"}]', '2022-02-16 17:51:13', NULL, NULL, NULL, 0, '2022-02-16 18:49:29', '2022-02-16 18:51:25'),
(148, '{\"id\":3,\"name\":\"Painting Smith, McGlynn and Goldner\",\"phone_number\":\"+1.862.709.5787\",\"mobile_number\":\"224.772.0752\"}', '{\"id\":59,\"name\":\"Plumbing work\",\"price\":100,\"discount_price\":0,\"price_unit\":\"fixed\",\"quantity_unit\":\"\",\"duration\":\"02:00\"}', NULL, 1, 3, 6, '{\"id\":9,\"description\":\"Home\",\"address\":\"5205 Nitzsche Roads Apt. 589\\nLake Madge, VT 07058-9709\",\"latitude\":50.1700000000000017053025658242404460906982421875,\"longitude\":11.2400000000000002131628207280300557613372802734375}', 64, NULL, '[]', '2022-02-16 17:51:36', '2022-02-23 14:28:15', '2022-02-23 14:28:40', NULL, 0, '2022-02-16 18:49:51', '2022-02-23 15:27:09'),
(149, '{\"id\":53,\"name\":\"Solar trade\",\"phone_number\":\"1234567890\",\"mobile_number\":\"1234567890\"}', '{\"id\":63,\"name\":\"Solar Facial Module\",\"price\":200,\"discount_price\":null,\"price_unit\":\"fixed\",\"quantity_unit\":\"500\",\"duration\":\"14:35\"}', NULL, 1, 3, 1, '{\"id\":9,\"description\":\"Home\",\"address\":\"5205 Nitzsche Roads Apt. 589\\nLake Madge, VT 07058-9709\",\"latitude\":50.1700000000000017053025658242404460906982421875,\"longitude\":11.2400000000000002131628207280300557613372802734375}', NULL, NULL, '[{\"id\":3,\"name\":\"New York\",\"value\":9,\"type\":\"percent\"}]', '2022-02-16 17:59:19', NULL, NULL, NULL, 0, '2022-02-16 18:57:35', '2022-02-16 18:57:35'),
(150, '{\"id\":3,\"name\":\"Painting Smith, McGlynn and Goldner\",\"phone_number\":\"+1.862.709.5787\",\"mobile_number\":\"224.772.0752\"}', '{\"id\":59,\"name\":\"Plumbing work\",\"price\":100,\"discount_price\":0,\"price_unit\":\"fixed\",\"quantity_unit\":\"\",\"duration\":\"02:00\"}', NULL, 1, 3, 1, '{\"id\":9,\"description\":\"Home\",\"address\":\"5205 Nitzsche Roads Apt. 589\\nLake Madge, VT 07058-9709\",\"latitude\":50.1700000000000017053025658242404460906982421875,\"longitude\":11.2400000000000002131628207280300557613372802734375}', NULL, NULL, '[]', '2022-02-16 17:59:39', NULL, NULL, NULL, 0, '2022-02-16 18:57:54', '2022-02-16 18:57:54'),
(151, '{\"id\":3,\"name\":\"Painting Smith, McGlynn and Goldner\",\"phone_number\":\"+1.862.709.5787\",\"mobile_number\":\"224.772.0752\"}', '{\"id\":59,\"name\":\"Plumbing work\",\"price\":100,\"discount_price\":0,\"price_unit\":\"fixed\",\"quantity_unit\":\"\",\"duration\":\"02:00\"}', NULL, 1, 3, 1, '{\"id\":9,\"description\":\"Home\",\"address\":\"5205 Nitzsche Roads Apt. 589\\nLake Madge, VT 07058-9709\",\"latitude\":50.1700000000000017053025658242404460906982421875,\"longitude\":11.2400000000000002131628207280300557613372802734375}', NULL, NULL, '[]', '2022-02-16 17:59:57', NULL, NULL, NULL, 0, '2022-02-16 18:58:12', '2022-02-16 18:58:12'),
(152, '{\"id\":53,\"name\":\"Solar trade\",\"phone_number\":\"1234567890\",\"mobile_number\":\"1234567890\"}', '{\"id\":63,\"name\":\"Solar Facial Module\",\"price\":200,\"discount_price\":null,\"price_unit\":\"fixed\",\"quantity_unit\":\"500\",\"duration\":\"14:35\"}', NULL, 1, 3, 1, '{\"id\":9,\"description\":\"Home\",\"address\":\"5205 Nitzsche Roads Apt. 589\\nLake Madge, VT 07058-9709\",\"latitude\":50.1700000000000017053025658242404460906982421875,\"longitude\":11.2400000000000002131628207280300557613372802734375}', NULL, NULL, '[{\"id\":3,\"name\":\"New York\",\"value\":9,\"type\":\"percent\"}]', '2022-02-16 18:53:36', NULL, NULL, NULL, 0, '2022-02-16 19:51:51', '2022-02-16 19:51:51'),
(153, '{\"id\":53,\"name\":\"Solar trade\",\"phone_number\":\"1234567890\",\"mobile_number\":\"1234567890\"}', '{\"id\":63,\"name\":\"Solar Facial Module\",\"price\":200,\"discount_price\":null,\"price_unit\":\"fixed\",\"quantity_unit\":\"500\",\"duration\":\"14:35\"}', NULL, 1, 3, 1, '{\"id\":9,\"description\":\"Home\",\"address\":\"5205 Nitzsche Roads Apt. 589\\nLake Madge, VT 07058-9709\",\"latitude\":50.1700000000000017053025658242404460906982421875,\"longitude\":11.2400000000000002131628207280300557613372802734375}', NULL, NULL, '[{\"id\":3,\"name\":\"New York\",\"value\":9,\"type\":\"percent\"}]', '2022-02-16 18:54:20', NULL, NULL, NULL, 0, '2022-02-16 19:52:35', '2022-02-16 19:52:35'),
(154, '{\"id\":3,\"name\":\"Painting Smith, McGlynn and Goldner\",\"phone_number\":\"+1.862.709.5787\",\"mobile_number\":\"224.772.0752\"}', '{\"id\":67,\"name\":\"Flooring Service\",\"price\":200,\"discount_price\":null,\"price_unit\":\"hourly\",\"quantity_unit\":\"\",\"duration\":\"15:25\"}', NULL, 1, 3, 1, '{\"id\":9,\"description\":\"Home\",\"address\":\"5205 Nitzsche Roads Apt. 589\\nLake Madge, VT 07058-9709\",\"latitude\":50.1700000000000017053025658242404460906982421875,\"longitude\":11.2400000000000002131628207280300557613372802734375}', NULL, NULL, '[]', '2022-02-16 18:54:29', NULL, NULL, NULL, 0, '2022-02-16 19:52:44', '2022-02-16 19:52:44'),
(155, '{\"id\":3,\"name\":\"Painting Smith, McGlynn and Goldner\",\"phone_number\":\"+1.862.709.5787\",\"mobile_number\":\"224.772.0752\"}', '{\"id\":59,\"name\":\"Plumbing work\",\"price\":100,\"discount_price\":0,\"price_unit\":\"fixed\",\"quantity_unit\":\"\",\"duration\":\"02:00\"}', NULL, 1, 3, 1, '{\"id\":25,\"description\":\"dhhdir\",\"address\":\"Teotihuacan 105, Rinconada de Tultengo, 42820 El Llano, Hgo., Mexico\",\"latitude\":20.07000000000000028421709430404007434844970703125,\"longitude\":-99.31999999999999317878973670303821563720703125}', NULL, NULL, '[]', '2022-02-16 19:25:48', NULL, NULL, NULL, 0, '2022-02-16 20:24:11', '2022-02-16 20:24:11'),
(156, '{\"id\":3,\"name\":\"Painting Smith, McGlynn and Goldner\",\"phone_number\":\"+1.862.709.5787\",\"mobile_number\":\"224.772.0752\"}', '{\"id\":59,\"name\":\"Plumbing work\",\"price\":100,\"discount_price\":0,\"price_unit\":\"fixed\",\"quantity_unit\":\"\",\"duration\":\"02:00\"}', NULL, 1, 3, 1, '{\"id\":25,\"description\":\"dhhdir\",\"address\":\"Teotihuacan 105, Rinconada de Tultengo, 42820 El Llano, Hgo., Mexico\",\"latitude\":20.07000000000000028421709430404007434844970703125,\"longitude\":-99.31999999999999317878973670303821563720703125}', NULL, NULL, '[]', '2022-02-16 19:25:48', NULL, NULL, NULL, 0, '2022-02-16 20:24:11', '2022-02-16 20:24:11'),
(157, '{\"id\":3,\"name\":\"Painting Smith, McGlynn and Goldner\",\"phone_number\":\"+1.862.709.5787\",\"mobile_number\":\"224.772.0752\"}', '{\"id\":59,\"name\":\"Plumbing work\",\"price\":100,\"discount_price\":0,\"price_unit\":\"fixed\",\"quantity_unit\":\"\",\"duration\":\"02:00\"}', NULL, 1, 3, 1, '{\"id\":25,\"description\":\"dhhdir\",\"address\":\"Teotihuacan 105, Rinconada de Tultengo, 42820 El Llano, Hgo., Mexico\",\"latitude\":20.07000000000000028421709430404007434844970703125,\"longitude\":-99.31999999999999317878973670303821563720703125}', NULL, NULL, '[]', '2022-02-16 19:25:48', NULL, NULL, NULL, 0, '2022-02-16 20:24:11', '2022-02-16 20:24:11'),
(158, '{\"id\":3,\"name\":\"Painting Smith, McGlynn and Goldner\",\"phone_number\":\"+1.862.709.5787\",\"mobile_number\":\"224.772.0752\"}', '{\"id\":59,\"name\":\"Plumbing work\",\"price\":100,\"discount_price\":0,\"price_unit\":\"fixed\",\"quantity_unit\":\"\",\"duration\":\"02:00\"}', NULL, 1, 3, 6, '{\"id\":25,\"description\":\"dhhdir\",\"address\":\"Teotihuacan 105, Rinconada de Tultengo, 42820 El Llano, Hgo., Mexico\",\"latitude\":20.07000000000000028421709430404007434844970703125,\"longitude\":-99.31999999999999317878973670303821563720703125}', 49, NULL, '[]', '2022-02-16 19:25:48', '2022-02-16 19:54:14', '2022-02-16 19:54:16', NULL, 0, '2022-02-16 20:24:12', '2022-02-16 20:52:36'),
(159, '{\"id\":3,\"name\":\"Painting Smith, McGlynn and Goldner\",\"phone_number\":\"+1.862.709.5787\",\"mobile_number\":\"224.772.0752\"}', '{\"id\":59,\"name\":\"Plumbing work\",\"price\":100,\"discount_price\":0,\"price_unit\":\"fixed\",\"quantity_unit\":\"\",\"duration\":\"02:00\"}', NULL, 1, 3, 1, '{\"id\":25,\"description\":\"dhhdir\",\"address\":\"Teotihuacan 105, Rinconada de Tultengo, 42820 El Llano, Hgo., Mexico\",\"latitude\":20.07000000000000028421709430404007434844970703125,\"longitude\":-99.31999999999999317878973670303821563720703125}', NULL, NULL, '[]', '2022-02-16 19:25:48', NULL, NULL, NULL, 0, '2022-02-16 20:24:12', '2022-02-16 20:24:12'),
(160, '{\"id\":53,\"name\":\"Solar trade\",\"phone_number\":\"1234567890\",\"mobile_number\":\"1234567890\"}', '{\"id\":63,\"name\":\"Solar Facial Module\",\"price\":200,\"discount_price\":null,\"price_unit\":\"fixed\",\"quantity_unit\":\"500\",\"duration\":\"14:35\"}', NULL, 1, 3, 6, '{\"id\":9,\"description\":\"Home\",\"address\":\"5205 Nitzsche Roads Apt. 589\\nLake Madge, VT 07058-9709\",\"latitude\":50.1700000000000017053025658242404460906982421875,\"longitude\":11.2400000000000002131628207280300557613372802734375}', 50, NULL, '[{\"id\":3,\"name\":\"New York\",\"value\":9,\"type\":\"percent\"}]', '2022-02-16 19:56:05', '2022-02-16 20:13:23', '2022-02-16 20:13:26', NULL, 0, '2022-02-16 20:54:21', '2022-02-16 21:11:45'),
(161, '{\"id\":53,\"name\":\"Solar trade\",\"phone_number\":\"1234567890\",\"mobile_number\":\"1234567890\"}', '{\"id\":63,\"name\":\"Solar Facial Module\",\"price\":200,\"discount_price\":null,\"price_unit\":\"fixed\",\"quantity_unit\":\"500\",\"duration\":\"14:35\"}', NULL, 1, 3, 1, '{\"id\":9,\"description\":\"Home\",\"address\":\"5205 Nitzsche Roads Apt. 589\\nLake Madge, VT 07058-9709\",\"latitude\":50.1700000000000017053025658242404460906982421875,\"longitude\":11.2400000000000002131628207280300557613372802734375}', NULL, NULL, '[{\"id\":3,\"name\":\"New York\",\"value\":9,\"type\":\"percent\"}]', '2022-02-16 20:08:07', NULL, NULL, NULL, 0, '2022-02-16 21:06:34', '2022-02-16 21:06:34'),
(162, '{\"id\":53,\"name\":\"Solar trade\",\"phone_number\":\"1234567890\",\"mobile_number\":\"1234567890\"}', '{\"id\":63,\"name\":\"Solar Facial Module\",\"price\":200,\"discount_price\":null,\"price_unit\":\"fixed\",\"quantity_unit\":\"500\",\"duration\":\"14:35\"}', NULL, 1, 3, 1, '{\"id\":9,\"description\":\"Home\",\"address\":\"5205 Nitzsche Roads Apt. 589\\nLake Madge, VT 07058-9709\",\"latitude\":50.1700000000000017053025658242404460906982421875,\"longitude\":11.2400000000000002131628207280300557613372802734375}', NULL, NULL, '[{\"id\":3,\"name\":\"New York\",\"value\":9,\"type\":\"percent\"}]', '2022-02-16 20:13:56', NULL, NULL, NULL, 0, '2022-02-16 21:12:17', '2022-02-16 21:12:17'),
(163, '{\"id\":3,\"name\":\"Painting Smith, McGlynn and Goldner\",\"phone_number\":\"+1.862.709.5787\",\"mobile_number\":\"224.772.0752\"}', '{\"id\":73,\"name\":\"Service Master\",\"price\":400,\"discount_price\":null,\"price_unit\":\"hourly\",\"quantity_unit\":\"\",\"duration\":null}', NULL, 1, 3, 4, '{\"id\":9,\"description\":\"Home\",\"address\":\"5205 Nitzsche Roads Apt. 589\\nLake Madge, VT 07058-9709\",\"latitude\":50.1700000000000017053025658242404460906982421875,\"longitude\":11.2400000000000002131628207280300557613372802734375}', NULL, NULL, '[]', '2022-02-16 20:29:11', NULL, NULL, NULL, 0, '2022-02-16 21:27:28', '2022-02-17 15:13:32'),
(164, '{\"id\":53,\"name\":\"Solar trade\",\"phone_number\":\"1234567890\",\"mobile_number\":\"1234567890\"}', '{\"id\":63,\"name\":\"Solar Facial Module\",\"price\":200,\"discount_price\":null,\"price_unit\":\"fixed\",\"quantity_unit\":\"500\",\"duration\":\"14:35\"}', NULL, 1, 3, 6, '{\"id\":9,\"description\":\"Home\",\"address\":\"5205 Nitzsche Roads Apt. 589\\nLake Madge, VT 07058-9709\",\"latitude\":50.1700000000000017053025658242404460906982421875,\"longitude\":11.2400000000000002131628207280300557613372802734375}', 51, NULL, '[{\"id\":3,\"name\":\"New York\",\"value\":9,\"type\":\"percent\"}]', '2022-02-16 20:30:22', '2022-02-16 20:31:01', '2022-02-16 20:31:04', NULL, 0, '2022-02-16 21:28:38', '2022-02-16 21:29:45'),
(165, '{\"id\":53,\"name\":\"Solar trade\",\"phone_number\":\"1234567890\",\"mobile_number\":\"1234567890\"}', '{\"id\":63,\"name\":\"Solar Facial Module\",\"price\":200,\"discount_price\":null,\"price_unit\":\"fixed\",\"quantity_unit\":\"500\",\"duration\":\"14:35\"}', NULL, 1, 3, 3, '{\"id\":9,\"description\":\"Home\",\"address\":\"5205 Nitzsche Roads Apt. 589\\nLake Madge, VT 07058-9709\",\"latitude\":50.1700000000000017053025658242404460906982421875,\"longitude\":11.2400000000000002131628207280300557613372802734375}', NULL, NULL, '[{\"id\":3,\"name\":\"New York\",\"value\":9,\"type\":\"percent\"}]', '2022-02-16 20:31:55', NULL, NULL, NULL, 0, '2022-02-16 21:30:42', '2022-02-16 21:31:20'),
(166, '{\"id\":3,\"name\":\"Painting Smith, McGlynn and Goldner\",\"phone_number\":\"+1.862.709.5787\",\"mobile_number\":\"224.772.0752\"}', '{\"id\":72,\"name\":\"Electrical\",\"price\":500,\"discount_price\":null,\"price_unit\":\"hourly\",\"quantity_unit\":\"\",\"duration\":\"16:38\"}', NULL, 1, 3, 6, '{\"id\":9,\"description\":\"Home\",\"address\":\"5205 Nitzsche Roads Apt. 589\\nLake Madge, VT 07058-9709\",\"latitude\":50.1700000000000017053025658242404460906982421875,\"longitude\":11.2400000000000002131628207280300557613372802734375}', 52, NULL, '[]', '2022-02-16 20:40:12', '2022-02-16 20:40:56', '2022-02-16 20:41:13', NULL, 0, '2022-02-16 21:38:29', '2022-02-16 21:39:33'),
(167, '{\"id\":53,\"name\":\"Solar trade\",\"phone_number\":\"1234567890\",\"mobile_number\":\"1234567890\"}', '{\"id\":63,\"name\":\"Solar Facial Module\",\"price\":200,\"discount_price\":null,\"price_unit\":\"fixed\",\"quantity_unit\":\"500\",\"duration\":\"14:35\"}', NULL, 1, 3, 6, '{\"id\":9,\"description\":\"Home\",\"address\":\"5205 Nitzsche Roads Apt. 589\\nLake Madge, VT 07058-9709\",\"latitude\":50.1700000000000017053025658242404460906982421875,\"longitude\":11.2400000000000002131628207280300557613372802734375}', 53, NULL, '[{\"id\":3,\"name\":\"New York\",\"value\":9,\"type\":\"percent\"}]', '2022-02-16 20:41:41', '2022-02-16 20:43:58', '2022-02-16 20:44:02', NULL, 0, '2022-02-16 21:39:58', '2022-02-16 21:42:20'),
(168, '{\"id\":53,\"name\":\"Solar trade\",\"phone_number\":\"1234567890\",\"mobile_number\":\"1234567890\"}', '{\"id\":63,\"name\":\"Solar Facial Module\",\"price\":200,\"discount_price\":null,\"price_unit\":\"fixed\",\"quantity_unit\":\"500\",\"duration\":\"14:35\"}', NULL, 1, 3, 6, '{\"id\":9,\"description\":\"Home\",\"address\":\"5205 Nitzsche Roads Apt. 589\\nLake Madge, VT 07058-9709\",\"latitude\":50.1700000000000017053025658242404460906982421875,\"longitude\":11.2400000000000002131628207280300557613372802734375}', 54, NULL, '[{\"id\":3,\"name\":\"New York\",\"value\":9,\"type\":\"percent\"}]', '2022-02-16 20:48:13', '2022-02-16 20:48:36', '2022-02-16 20:48:39', NULL, 0, '2022-02-16 21:46:29', '2022-02-16 21:50:31'),
(169, '{\"id\":53,\"name\":\"Solar trade\",\"phone_number\":\"1234567890\",\"mobile_number\":\"1234567890\"}', '{\"id\":63,\"name\":\"Solar Facial Module\",\"price\":200,\"discount_price\":null,\"price_unit\":\"fixed\",\"quantity_unit\":\"500\",\"duration\":\"14:35\"}', NULL, 1, 3, 6, '{\"id\":9,\"description\":\"Home\",\"address\":\"5205 Nitzsche Roads Apt. 589\\nLake Madge, VT 07058-9709\",\"latitude\":50.1700000000000017053025658242404460906982421875,\"longitude\":11.2400000000000002131628207280300557613372802734375}', 55, NULL, '[]', '2022-02-16 20:53:15', '2022-02-16 20:53:36', '2022-02-16 20:53:37', NULL, 0, '2022-02-16 21:51:32', '2022-02-16 21:51:54'),
(170, '{\"id\":53,\"name\":\"Solar trade\",\"phone_number\":\"1234567890\",\"mobile_number\":\"1234567890\"}', '{\"id\":63,\"name\":\"Solar Facial Module\",\"price\":200,\"discount_price\":null,\"price_unit\":\"fixed\",\"quantity_unit\":\"500\",\"duration\":\"14:35\"}', NULL, 1, 3, 6, '{\"id\":9,\"description\":\"Home\",\"address\":\"5205 Nitzsche Roads Apt. 589\\nLake Madge, VT 07058-9709\",\"latitude\":50.1700000000000017053025658242404460906982421875,\"longitude\":11.2400000000000002131628207280300557613372802734375}', 56, NULL, '[]', '2022-02-16 20:54:17', '2022-02-16 20:54:41', '2022-02-16 20:54:42', NULL, 0, '2022-02-16 21:52:32', '2022-02-16 21:52:59'),
(171, '{\"id\":53,\"name\":\"Solar trade\",\"phone_number\":\"1234567890\",\"mobile_number\":\"1234567890\"}', '{\"id\":63,\"name\":\"Solar Facial Module\",\"price\":200,\"discount_price\":null,\"price_unit\":\"fixed\",\"quantity_unit\":\"500\",\"duration\":\"14:35\"}', NULL, 1, 3, 6, '{\"id\":9,\"description\":\"Home\",\"address\":\"5205 Nitzsche Roads Apt. 589\\nLake Madge, VT 07058-9709\",\"latitude\":50.1700000000000017053025658242404460906982421875,\"longitude\":11.2400000000000002131628207280300557613372802734375}', NULL, NULL, '[]', '2022-02-16 20:54:17', '2022-02-17 16:48:19', '2022-02-17 16:48:26', NULL, 0, '2022-02-16 21:52:32', '2022-02-17 17:48:27'),
(172, '{\"id\":53,\"name\":\"Solar trade\",\"phone_number\":\"1234567890\",\"mobile_number\":\"1234567890\"}', '{\"id\":63,\"name\":\"Solar Facial Module\",\"price\":200,\"discount_price\":null,\"price_unit\":\"fixed\",\"quantity_unit\":\"500\",\"duration\":\"14:35\"}', NULL, 1, 3, 6, '{\"id\":9,\"description\":\"Home\",\"address\":\"5205 Nitzsche Roads Apt. 589\\nLake Madge, VT 07058-9709\",\"latitude\":50.1700000000000017053025658242404460906982421875,\"longitude\":11.2400000000000002131628207280300557613372802734375}', 57, NULL, '[]', '2022-02-16 20:56:11', '2022-02-16 20:56:37', '2022-02-16 20:56:39', NULL, 0, '2022-02-16 21:54:26', '2022-02-16 21:54:59'),
(173, '{\"id\":53,\"name\":\"Solar trade\",\"phone_number\":\"1234567890\",\"mobile_number\":\"1234567890\"}', '{\"id\":63,\"name\":\"Solar Facial Module\",\"price\":200,\"discount_price\":null,\"price_unit\":\"fixed\",\"quantity_unit\":\"500\",\"duration\":\"14:35\"}', NULL, 5, 3, 6, '{\"id\":9,\"description\":\"Home\",\"address\":\"5205 Nitzsche Roads Apt. 589\\nLake Madge, VT 07058-9709\",\"latitude\":50.1700000000000017053025658242404460906982421875,\"longitude\":11.2400000000000002131628207280300557613372802734375}', 60, NULL, '[{\"id\":3,\"name\":\"New York\",\"value\":9,\"type\":\"percent\"}]', '2022-02-17 14:10:00', '2022-02-17 15:17:07', '2022-02-17 15:17:46', NULL, 0, '2022-02-17 15:10:23', '2022-02-17 16:19:26'),
(174, '{\"id\":53,\"name\":\"Solar trade\",\"phone_number\":\"1234567890\",\"mobile_number\":\"1234567890\"}', '{\"id\":63,\"name\":\"Solar Facial Module\",\"price\":200,\"discount_price\":null,\"price_unit\":\"fixed\",\"quantity_unit\":\"500\",\"duration\":\"14:35\"}', NULL, 1, 3, 1, '{\"id\":9,\"description\":\"Home\",\"address\":\"5205 Nitzsche Roads Apt. 589\\nLake Madge, VT 07058-9709\",\"latitude\":50.1700000000000017053025658242404460906982421875,\"longitude\":11.2400000000000002131628207280300557613372802734375}', NULL, NULL, '[{\"id\":3,\"name\":\"New York\",\"value\":9,\"type\":\"percent\"}]', '2022-02-17 14:14:34', NULL, NULL, NULL, 0, '2022-02-17 15:14:37', '2022-02-17 15:14:37'),
(175, '{\"id\":53,\"name\":\"Solar trade\",\"phone_number\":\"1234567890\",\"mobile_number\":\"1234567890\"}', '{\"id\":63,\"name\":\"Solar Facial Module\",\"price\":200,\"discount_price\":null,\"price_unit\":\"fixed\",\"quantity_unit\":\"500\",\"duration\":\"14:35\"}', NULL, 1, 3, 1, '{\"id\":9,\"description\":\"Home\",\"address\":\"5205 Nitzsche Roads Apt. 589\\nLake Madge, VT 07058-9709\",\"latitude\":50.1700000000000017053025658242404460906982421875,\"longitude\":11.2400000000000002131628207280300557613372802734375}', NULL, NULL, '[{\"id\":3,\"name\":\"New York\",\"value\":9,\"type\":\"percent\"}]', '2022-02-17 14:14:34', NULL, NULL, NULL, 0, '2022-02-17 15:14:38', '2022-02-17 15:14:38'),
(176, '{\"id\":53,\"name\":\"Solar trade\",\"phone_number\":\"1234567890\",\"mobile_number\":\"1234567890\"}', '{\"id\":63,\"name\":\"Solar Facial Module\",\"price\":200,\"discount_price\":null,\"price_unit\":\"fixed\",\"quantity_unit\":\"500\",\"duration\":\"14:35\"}', NULL, 1, 3, 1, '{\"id\":9,\"description\":\"Home\",\"address\":\"5205 Nitzsche Roads Apt. 589\\nLake Madge, VT 07058-9709\",\"latitude\":50.1700000000000017053025658242404460906982421875,\"longitude\":11.2400000000000002131628207280300557613372802734375}', NULL, NULL, '[{\"id\":3,\"name\":\"New York\",\"value\":9,\"type\":\"percent\"}]', '2022-02-17 14:14:34', NULL, NULL, NULL, 0, '2022-02-17 15:15:01', '2022-02-17 15:15:01'),
(177, '{\"id\":53,\"name\":\"Solar trade\",\"phone_number\":\"1234567890\",\"mobile_number\":\"1234567890\"}', '{\"id\":63,\"name\":\"Solar Facial Module\",\"price\":200,\"discount_price\":null,\"price_unit\":\"fixed\",\"quantity_unit\":\"500\",\"duration\":\"14:35\"}', NULL, 1, 3, 1, '{\"id\":9,\"description\":\"Home\",\"address\":\"5205 Nitzsche Roads Apt. 589\\nLake Madge, VT 07058-9709\",\"latitude\":50.1700000000000017053025658242404460906982421875,\"longitude\":11.2400000000000002131628207280300557613372802734375}', NULL, NULL, '[{\"id\":3,\"name\":\"New York\",\"value\":9,\"type\":\"percent\"}]', '2022-02-17 14:14:34', NULL, NULL, NULL, 0, '2022-02-17 15:15:19', '2022-02-17 15:15:19'),
(178, '{\"id\":53,\"name\":\"Solar trade\",\"phone_number\":\"1234567890\",\"mobile_number\":\"1234567890\"}', '{\"id\":63,\"name\":\"Solar Facial Module\",\"price\":200,\"discount_price\":null,\"price_unit\":\"fixed\",\"quantity_unit\":\"500\",\"duration\":\"14:35\"}', NULL, 1, 3, 1, '{\"id\":9,\"description\":\"Home\",\"address\":\"5205 Nitzsche Roads Apt. 589\\nLake Madge, VT 07058-9709\",\"latitude\":50.1700000000000017053025658242404460906982421875,\"longitude\":11.2400000000000002131628207280300557613372802734375}', NULL, NULL, '[{\"id\":3,\"name\":\"New York\",\"value\":9,\"type\":\"percent\"}]', '2022-02-17 14:14:34', NULL, NULL, NULL, 0, '2022-02-17 15:15:19', '2022-02-17 15:15:19'),
(179, '{\"id\":53,\"name\":\"Solar trade\",\"phone_number\":\"1234567890\",\"mobile_number\":\"1234567890\"}', '{\"id\":63,\"name\":\"Solar Facial Module\",\"price\":200,\"discount_price\":null,\"price_unit\":\"fixed\",\"quantity_unit\":\"500\",\"duration\":\"14:35\"}', NULL, 1, 3, 6, '{\"id\":9,\"description\":\"Home\",\"address\":\"5205 Nitzsche Roads Apt. 589\\nLake Madge, VT 07058-9709\",\"latitude\":50.1700000000000017053025658242404460906982421875,\"longitude\":11.2400000000000002131628207280300557613372802734375}', 58, NULL, '[{\"id\":3,\"name\":\"New York\",\"value\":9,\"type\":\"percent\"}]', '2022-02-18 02:49:00', '2022-02-17 14:28:12', '2022-02-17 14:28:17', NULL, 0, '2022-02-17 15:26:55', '2022-02-17 15:32:32'),
(180, '{\"id\":53,\"name\":\"Solar trade\",\"phone_number\":\"1234567890\",\"mobile_number\":\"1234567890\"}', '{\"id\":63,\"name\":\"Solar Facial Module\",\"price\":200,\"discount_price\":null,\"price_unit\":\"fixed\",\"quantity_unit\":\"500\",\"duration\":\"14:35\"}', NULL, 1, 3, 1, '{\"id\":9,\"description\":\"Home\",\"address\":\"5205 Nitzsche Roads Apt. 589\\nLake Madge, VT 07058-9709\",\"latitude\":50.1700000000000017053025658242404460906982421875,\"longitude\":11.2400000000000002131628207280300557613372802734375}', NULL, NULL, '[{\"id\":3,\"name\":\"New York\",\"value\":9,\"type\":\"percent\"}]', '2022-02-17 15:00:17', NULL, NULL, NULL, 0, '2022-02-17 16:00:20', '2022-02-17 16:00:20');
INSERT INTO `bookings` (`id`, `e_provider`, `e_service`, `options`, `quantity`, `user_id`, `booking_status_id`, `address`, `payment_id`, `coupon`, `taxes`, `booking_at`, `start_at`, `ends_at`, `hint`, `cancel`, `created_at`, `updated_at`) VALUES
(181, '{\"id\":3,\"name\":\"Painting Smith, McGlynn and Goldner\",\"phone_number\":\"+1.862.709.5787\",\"mobile_number\":\"224.772.0752\"}', '{\"id\":59,\"name\":\"Plumbing work\",\"price\":100,\"discount_price\":0,\"price_unit\":\"fixed\",\"quantity_unit\":\"\",\"duration\":\"02:00\"}', NULL, 1, 3, 6, '{\"id\":9,\"description\":\"Home\",\"address\":\"5205 Nitzsche Roads Apt. 589\\nLake Madge, VT 07058-9709\",\"latitude\":50.1700000000000017053025658242404460906982421875,\"longitude\":11.2400000000000002131628207280300557613372802734375}', 59, NULL, '[]', '2022-02-17 15:00:56', '2022-02-17 15:16:02', '2022-02-17 15:16:05', NULL, 0, '2022-02-17 16:00:58', '2022-02-17 16:16:08'),
(182, '{\"id\":53,\"name\":\"Solar trade\",\"phone_number\":\"1234567890\",\"mobile_number\":\"1234567890\"}', '{\"id\":63,\"name\":\"Solar Facial Module\",\"price\":200,\"discount_price\":null,\"price_unit\":\"fixed\",\"quantity_unit\":\"500\",\"duration\":\"14:35\"}', NULL, 1, 3, 1, '{\"id\":9,\"description\":\"Home\",\"address\":\"5205 Nitzsche Roads Apt. 589\\nLake Madge, VT 07058-9709\",\"latitude\":50.1700000000000017053025658242404460906982421875,\"longitude\":11.2400000000000002131628207280300557613372802734375}', NULL, NULL, '[{\"id\":3,\"name\":\"New York\",\"value\":9,\"type\":\"percent\"}]', '2022-02-17 15:20:16', NULL, NULL, NULL, 0, '2022-02-17 16:20:18', '2022-02-17 16:20:18'),
(183, '{\"id\":53,\"name\":\"Solar trade\",\"phone_number\":\"1234567890\",\"mobile_number\":\"1234567890\"}', '{\"id\":63,\"name\":\"Solar Facial Module\",\"price\":200,\"discount_price\":null,\"price_unit\":\"fixed\",\"quantity_unit\":\"500\",\"duration\":\"14:35\"}', NULL, 1, 3, 1, '{\"id\":9,\"description\":\"Home\",\"address\":\"5205 Nitzsche Roads Apt. 589\\nLake Madge, VT 07058-9709\",\"latitude\":50.1700000000000017053025658242404460906982421875,\"longitude\":11.2400000000000002131628207280300557613372802734375}', NULL, NULL, '[{\"id\":3,\"name\":\"New York\",\"value\":9,\"type\":\"percent\"}]', '2022-02-17 15:21:41', NULL, NULL, NULL, 0, '2022-02-17 16:21:44', '2022-02-17 16:21:44'),
(184, '{\"id\":53,\"name\":\"Solar trade\",\"phone_number\":\"1234567890\",\"mobile_number\":\"1234567890\"}', '{\"id\":63,\"name\":\"Solar Facial Module\",\"price\":200,\"discount_price\":null,\"price_unit\":\"fixed\",\"quantity_unit\":\"500\",\"duration\":\"14:35\"}', NULL, 1, 3, 1, '{\"id\":9,\"description\":\"Home\",\"address\":\"5205 Nitzsche Roads Apt. 589\\nLake Madge, VT 07058-9709\",\"latitude\":50.1700000000000017053025658242404460906982421875,\"longitude\":11.2400000000000002131628207280300557613372802734375}', NULL, NULL, '[{\"id\":3,\"name\":\"New York\",\"value\":9,\"type\":\"percent\"}]', '2022-02-17 15:24:09', NULL, NULL, NULL, 0, '2022-02-17 16:24:11', '2022-02-17 16:24:11'),
(185, '{\"id\":3,\"name\":\"Painting Smith, McGlynn and Goldner\",\"phone_number\":\"+1.862.709.5787\",\"mobile_number\":\"224.772.0752\"}', '{\"id\":67,\"name\":\"Flooring Service\",\"price\":200,\"discount_price\":null,\"price_unit\":\"hourly\",\"quantity_unit\":\"\",\"duration\":\"15:25\"}', NULL, 1, 3, 1, '{\"id\":9,\"description\":\"Home\",\"address\":\"5205 Nitzsche Roads Apt. 589\\nLake Madge, VT 07058-9709\",\"latitude\":50.1700000000000017053025658242404460906982421875,\"longitude\":11.2400000000000002131628207280300557613372802734375}', NULL, NULL, '[]', '2022-02-17 15:36:15', NULL, NULL, NULL, 0, '2022-02-17 16:36:18', '2022-02-17 16:36:18'),
(186, '{\"id\":53,\"name\":\"Solar trade\",\"phone_number\":\"1234567890\",\"mobile_number\":\"1234567890\"}', '{\"id\":63,\"name\":\"Solar Facial Module\",\"price\":200,\"discount_price\":null,\"price_unit\":\"fixed\",\"quantity_unit\":\"500\",\"duration\":\"14:35\"}', NULL, 1, 3, 3, '{\"id\":9,\"description\":\"Home\",\"address\":\"5205 Nitzsche Roads Apt. 589\\nLake Madge, VT 07058-9709\",\"latitude\":50.1700000000000017053025658242404460906982421875,\"longitude\":11.2400000000000002131628207280300557613372802734375}', NULL, NULL, '[{\"id\":3,\"name\":\"New York\",\"value\":9,\"type\":\"percent\"}]', '2022-02-17 17:41:01', NULL, NULL, NULL, 0, '2022-02-17 18:41:03', '2022-02-21 16:21:33'),
(187, '{\"id\":53,\"name\":\"Solar trade\",\"phone_number\":\"1234567890\",\"mobile_number\":\"1234567890\"}', '{\"id\":63,\"name\":\"Solar Facial Module\",\"price\":200,\"discount_price\":null,\"price_unit\":\"fixed\",\"quantity_unit\":\"500\",\"duration\":\"14:35\"}', NULL, 1, 3, 6, '{\"id\":9,\"description\":\"Home\",\"address\":\"5205 Nitzsche Roads Apt. 589\\nLake Madge, VT 07058-9709\",\"latitude\":50.1700000000000017053025658242404460906982421875,\"longitude\":11.2400000000000002131628207280300557613372802734375}', 61, NULL, '[{\"id\":3,\"name\":\"New York\",\"value\":9,\"type\":\"percent\"}]', '2022-02-17 18:04:53', '2022-02-21 15:49:09', '2022-02-21 15:49:12', NULL, 0, '2022-02-17 19:04:57', '2022-02-21 16:49:23'),
(188, '{\"id\":74,\"name\":\"Ben Ten\",\"phone_number\":null,\"mobile_number\":null}', '{\"id\":82,\"name\":\"Electrician in california\",\"price\":100,\"discount_price\":null,\"price_unit\":\"fixed\",\"quantity_unit\":\"\",\"duration\":null}', NULL, 5, 19, 7, '{\"id\":29,\"description\":null,\"address\":\"QHHP+QHR Gravesboro, CA, USA\",\"latitude\":36.7794913999999977249899529851973056793212890625,\"longitude\":-119.4136050000000039972292142920196056365966796875}', NULL, NULL, '[]', '2022-02-18 15:25:04', NULL, NULL, 'test service', 1, '2022-02-18 16:25:25', '2022-02-18 16:26:39'),
(189, '{\"id\":3,\"name\":\"Painting Smith, McGlynn and Goldner\",\"phone_number\":\"+1.862.709.5787\",\"mobile_number\":\"224.772.0752\"}', '{\"id\":59,\"name\":\"Plumbing work\",\"price\":100,\"discount_price\":0,\"price_unit\":\"fixed\",\"quantity_unit\":\"\",\"duration\":\"02:00\"}', NULL, 1, 3, 1, '{\"id\":9,\"description\":\"Home\",\"address\":\"5205 Nitzsche Roads Apt. 589\\nLake Madge, VT 07058-9709\",\"latitude\":50.1700000000000017053025658242404460906982421875,\"longitude\":11.2400000000000002131628207280300557613372802734375}', NULL, NULL, '[]', '2022-02-21 17:52:48', NULL, NULL, NULL, 0, '2022-02-21 18:53:00', '2022-02-21 18:53:00'),
(190, '{\"id\":3,\"name\":\"Painting Smith, McGlynn and Goldner\",\"phone_number\":\"+1.862.709.5787\",\"mobile_number\":\"224.772.0752\"}', '{\"id\":59,\"name\":\"Plumbing work\",\"price\":100,\"discount_price\":0,\"price_unit\":\"fixed\",\"quantity_unit\":\"\",\"duration\":\"02:00\"}', NULL, 1, 3, 1, '{\"id\":9,\"description\":\"Home\",\"address\":\"5205 Nitzsche Roads Apt. 589\\nLake Madge, VT 07058-9709\",\"latitude\":50.1700000000000017053025658242404460906982421875,\"longitude\":11.2400000000000002131628207280300557613372802734375}', NULL, NULL, '[]', '2022-02-21 18:14:54', NULL, NULL, NULL, 0, '2022-02-21 19:16:34', '2022-02-21 19:16:34'),
(191, '{\"id\":53,\"name\":\"Solar trade\",\"phone_number\":\"1234567890\",\"mobile_number\":\"1234567890\"}', '{\"id\":63,\"name\":\"Solar Facial Module\",\"price\":200,\"discount_price\":null,\"price_unit\":\"fixed\",\"quantity_unit\":\"500\",\"duration\":\"14:35\"}', NULL, 1, 3, 1, '{\"id\":9,\"description\":\"Home\",\"address\":\"5205 Nitzsche Roads Apt. 589\\nLake Madge, VT 07058-9709\",\"latitude\":50.1700000000000017053025658242404460906982421875,\"longitude\":11.2400000000000002131628207280300557613372802734375}', NULL, NULL, '[{\"id\":3,\"name\":\"New York\",\"value\":9,\"type\":\"percent\"}]', '2022-02-21 18:28:30', NULL, NULL, NULL, 0, '2022-02-21 19:28:58', '2022-02-21 19:28:58'),
(192, '{\"id\":53,\"name\":\"Solar trade\",\"phone_number\":\"1234567890\",\"mobile_number\":\"1234567890\"}', '{\"id\":63,\"name\":\"Solar Facial Module\",\"price\":200,\"discount_price\":null,\"price_unit\":\"fixed\",\"quantity_unit\":\"500\",\"duration\":\"14:35\"}', NULL, 1, 3, 1, '{\"id\":9,\"description\":\"Home\",\"address\":\"5205 Nitzsche Roads Apt. 589\\nLake Madge, VT 07058-9709\",\"latitude\":50.1700000000000017053025658242404460906982421875,\"longitude\":11.2400000000000002131628207280300557613372802734375}', NULL, NULL, '[{\"id\":3,\"name\":\"New York\",\"value\":9,\"type\":\"percent\"}]', '2022-02-22 11:51:14', NULL, NULL, NULL, 0, '2022-02-22 12:48:44', '2022-02-22 12:48:44'),
(193, '{\"id\":3,\"name\":\"Painting Smith, McGlynn and Goldner\",\"phone_number\":\"+1.862.709.5787\",\"mobile_number\":\"224.772.0752\"}', '{\"id\":59,\"name\":\"Plumbing work\",\"price\":100,\"discount_price\":0,\"price_unit\":\"fixed\",\"quantity_unit\":\"\",\"duration\":\"02:00\"}', NULL, 1, 3, 1, '{\"id\":9,\"description\":\"Home\",\"address\":\"5205 Nitzsche Roads Apt. 589\\nLake Madge, VT 07058-9709\",\"latitude\":50.1700000000000017053025658242404460906982421875,\"longitude\":11.2400000000000002131628207280300557613372802734375}', NULL, NULL, '[]', '2022-02-22 11:55:02', NULL, NULL, NULL, 0, '2022-02-22 12:52:31', '2022-02-22 12:52:31'),
(194, '{\"id\":53,\"name\":\"Solar trade\",\"phone_number\":\"1234567890\",\"mobile_number\":\"1234567890\"}', '{\"id\":63,\"name\":\"Solar Facial Module\",\"price\":200,\"discount_price\":null,\"price_unit\":\"fixed\",\"quantity_unit\":\"500\",\"duration\":\"14:35\"}', NULL, 1, 3, 6, '{\"id\":9,\"description\":\"Home\",\"address\":\"5205 Nitzsche Roads Apt. 589\\nLake Madge, VT 07058-9709\",\"latitude\":50.1700000000000017053025658242404460906982421875,\"longitude\":11.2400000000000002131628207280300557613372802734375}', 62, NULL, '[{\"id\":3,\"name\":\"New York\",\"value\":9,\"type\":\"percent\"}]', '2022-02-22 11:55:58', '2022-02-22 11:59:11', '2022-02-22 11:59:12', NULL, 0, '2022-02-22 12:53:28', '2022-02-22 12:56:43'),
(195, '{\"id\":3,\"name\":\"Painting Smith, McGlynn and Goldner\",\"phone_number\":\"+1.862.709.5787\",\"mobile_number\":\"224.772.0752\"}', '{\"id\":67,\"name\":\"Flooring Service\",\"price\":200,\"discount_price\":null,\"price_unit\":\"hourly\",\"quantity_unit\":\"\",\"duration\":\"15:25\"}', NULL, 1, 3, 1, '{\"id\":9,\"description\":\"Home\",\"address\":\"5205 Nitzsche Roads Apt. 589\\nLake Madge, VT 07058-9709\",\"latitude\":50.1700000000000017053025658242404460906982421875,\"longitude\":11.2400000000000002131628207280300557613372802734375}', NULL, NULL, '[]', '2022-02-22 12:05:52', NULL, NULL, NULL, 0, '2022-02-22 13:03:22', '2022-02-22 13:03:22'),
(196, '{\"id\":53,\"name\":\"Solar trade\",\"phone_number\":\"1234567890\",\"mobile_number\":\"1234567890\"}', '{\"id\":63,\"name\":\"Solar Facial Module\",\"price\":200,\"discount_price\":null,\"price_unit\":\"fixed\",\"quantity_unit\":\"500\",\"duration\":\"14:35\"}', NULL, 1, 3, 1, '{\"id\":9,\"description\":\"Home\",\"address\":\"5205 Nitzsche Roads Apt. 589\\nLake Madge, VT 07058-9709\",\"latitude\":50.1700000000000017053025658242404460906982421875,\"longitude\":11.2400000000000002131628207280300557613372802734375}', NULL, NULL, '[{\"id\":3,\"name\":\"New York\",\"value\":9,\"type\":\"percent\"}]', '2022-02-22 12:10:25', NULL, NULL, NULL, 0, '2022-02-22 13:07:53', '2022-02-22 13:07:53'),
(197, '{\"id\":53,\"name\":\"Solar trade\",\"phone_number\":\"1234567890\",\"mobile_number\":\"1234567890\"}', '{\"id\":63,\"name\":\"Solar Facial Module\",\"price\":200,\"discount_price\":null,\"price_unit\":\"fixed\",\"quantity_unit\":\"500\",\"duration\":\"14:35\"}', NULL, 1, 44, 6, '{\"id\":9,\"description\":\"Home\",\"address\":\"5205 Nitzsche Roads Apt. 589\\nLake Madge, VT 07058-9709\",\"latitude\":50.1700000000000017053025658242404460906982421875,\"longitude\":11.2400000000000002131628207280300557613372802734375}', 63, NULL, '[{\"id\":3,\"name\":\"New York\",\"value\":9,\"type\":\"percent\"}]', '2022-02-22 14:43:09', '2022-02-22 14:53:05', '2022-02-22 14:54:57', NULL, 0, '2022-02-22 15:40:38', '2022-02-22 15:53:09'),
(198, '{\"id\":53,\"name\":\"Solar trade\",\"phone_number\":\"1234567890\",\"mobile_number\":\"1234567890\"}', '{\"id\":63,\"name\":\"Solar Facial Module\",\"price\":200,\"discount_price\":null,\"price_unit\":\"fixed\",\"quantity_unit\":\"500\",\"duration\":\"14:35\"}', NULL, 1, 44, 2, '{\"id\":9,\"description\":\"Home\",\"address\":\"5205 Nitzsche Roads Apt. 589\\nLake Madge, VT 07058-9709\",\"latitude\":50.1700000000000017053025658242404460906982421875,\"longitude\":11.2400000000000002131628207280300557613372802734375}', NULL, NULL, '[{\"id\":3,\"name\":\"New York\",\"value\":9,\"type\":\"percent\"}]', '2022-02-22 15:00:47', '2022-02-22 15:01:28', NULL, NULL, 0, '2022-02-22 15:58:18', '2022-02-22 15:58:56'),
(199, '{\"id\":53,\"name\":\"Solar trade\",\"phone_number\":\"1234567890\",\"mobile_number\":\"1234567890\"}', '{\"id\":63,\"name\":\"Solar Facial Module\",\"price\":200,\"discount_price\":null,\"price_unit\":\"fixed\",\"quantity_unit\":\"500\",\"duration\":\"14:35\"}', NULL, 1, 3, 1, '{\"id\":9,\"description\":\"Home\",\"address\":\"5205 Nitzsche Roads Apt. 589\\nLake Madge, VT 07058-9709\",\"latitude\":50.1700000000000017053025658242404460906982421875,\"longitude\":11.2400000000000002131628207280300557613372802734375}', NULL, NULL, '[{\"id\":3,\"name\":\"New York\",\"value\":9,\"type\":\"percent\"}]', '2022-02-23 14:26:45', NULL, NULL, NULL, 0, '2022-02-23 15:24:55', '2022-02-23 15:24:55'),
(200, '{\"id\":53,\"name\":\"Solar trade\",\"phone_number\":\"1234567890\",\"mobile_number\":\"1234567890\"}', '{\"id\":63,\"name\":\"Solar Facial Module\",\"price\":200,\"discount_price\":null,\"price_unit\":\"fixed\",\"quantity_unit\":\"500\",\"duration\":\"14:35\"}', NULL, 1, 3, 3, '{\"id\":9,\"description\":\"Home\",\"address\":\"5205 Nitzsche Roads Apt. 589\\nLake Madge, VT 07058-9709\",\"latitude\":50.1700000000000017053025658242404460906982421875,\"longitude\":11.2400000000000002131628207280300557613372802734375}', NULL, NULL, '[{\"id\":3,\"name\":\"New York\",\"value\":9,\"type\":\"percent\"}]', '2022-02-23 14:43:45', NULL, NULL, NULL, 0, '2022-02-23 15:41:55', '2022-02-23 15:43:02'),
(201, '{\"id\":53,\"name\":\"Solar trade\",\"phone_number\":\"1234567890\",\"mobile_number\":\"1234567890\"}', '{\"id\":63,\"name\":\"Solar Facial Module\",\"price\":200,\"discount_price\":null,\"price_unit\":\"fixed\",\"quantity_unit\":\"500\",\"duration\":\"14:35\"}', NULL, 1, 3, 5, '{\"id\":9,\"description\":\"Home\",\"address\":\"5205 Nitzsche Roads Apt. 589\\nLake Madge, VT 07058-9709\",\"latitude\":50.1700000000000017053025658242404460906982421875,\"longitude\":11.2400000000000002131628207280300557613372802734375}', NULL, NULL, '[{\"id\":3,\"name\":\"New York\",\"value\":9,\"type\":\"percent\"}]', '2022-02-23 17:50:21', NULL, NULL, NULL, 0, '2022-02-23 18:48:30', '2022-02-23 18:58:01'),
(202, '{\"id\":53,\"name\":\"Solar trade\",\"phone_number\":\"1234567890\",\"mobile_number\":\"1234567890\"}', '{\"id\":63,\"name\":\"Solar Facial Module\",\"price\":200,\"discount_price\":null,\"price_unit\":\"fixed\",\"quantity_unit\":\"500\",\"duration\":\"14:35\"}', NULL, 1, 3, 1, '{\"id\":9,\"description\":\"Home\",\"address\":\"5205 Nitzsche Roads Apt. 589\\nLake Madge, VT 07058-9709\",\"latitude\":50.1700000000000017053025658242404460906982421875,\"longitude\":11.2400000000000002131628207280300557613372802734375}', NULL, NULL, '[{\"id\":3,\"name\":\"New York\",\"value\":9,\"type\":\"percent\"}]', '2022-02-23 17:52:17', NULL, NULL, NULL, 0, '2022-02-23 18:50:26', '2022-02-23 18:50:26'),
(203, '{\"id\":53,\"name\":\"Solar trade\",\"phone_number\":\"1234567890\",\"mobile_number\":\"1234567890\"}', '{\"id\":63,\"name\":\"Solar Facial Module\",\"price\":200,\"discount_price\":null,\"price_unit\":\"fixed\",\"quantity_unit\":\"500\",\"duration\":\"14:35\"}', NULL, 1, 3, 4, '{\"id\":9,\"description\":\"Home\",\"address\":\"5205 Nitzsche Roads Apt. 589\\nLake Madge, VT 07058-9709\",\"latitude\":50.1700000000000017053025658242404460906982421875,\"longitude\":11.2400000000000002131628207280300557613372802734375}', NULL, NULL, '[{\"id\":3,\"name\":\"New York\",\"value\":9,\"type\":\"percent\"}]', '2022-02-23 17:52:41', NULL, NULL, NULL, 0, '2022-02-23 18:50:50', '2022-02-23 20:21:08'),
(204, '{\"id\":3,\"name\":\"Painting Smith, McGlynn and Goldner\",\"phone_number\":\"+1.862.709.5787\",\"mobile_number\":\"224.772.0752\"}', '{\"id\":59,\"name\":\"Plumbing work\",\"price\":100,\"discount_price\":0,\"price_unit\":\"fixed\",\"quantity_unit\":\"\",\"duration\":\"02:00\"}', NULL, 1, 3, 4, '{\"id\":25,\"description\":\"dhhdir\",\"address\":\"Teotihuacan 105, Rinconada de Tultengo, 42820 El Llano, Hgo., Mexico\",\"latitude\":20.07000000000000028421709430404007434844970703125,\"longitude\":-99.31999999999999317878973670303821563720703125}', NULL, NULL, '[]', '2022-02-23 20:40:37', NULL, NULL, NULL, 0, '2022-02-23 21:40:51', '2022-02-25 16:33:05'),
(205, '{\"id\":53,\"name\":\"Solar trade\",\"phone_number\":\"1234567890\",\"mobile_number\":\"1234567890\"}', '{\"id\":63,\"name\":\"Solar Facial Module\",\"price\":200,\"discount_price\":null,\"price_unit\":\"fixed\",\"quantity_unit\":\"500\",\"duration\":\"14:35\"}', NULL, 1, 3, 6, '{\"id\":9,\"description\":\"Home\",\"address\":\"5205 Nitzsche Roads Apt. 589\\nLake Madge, VT 07058-9709\",\"latitude\":50.1700000000000017053025658242404460906982421875,\"longitude\":11.2400000000000002131628207280300557613372802734375}', 65, NULL, '[{\"id\":3,\"name\":\"New York\",\"value\":9,\"type\":\"percent\"}]', '2022-02-23 20:42:07', '2022-02-23 20:43:04', '2022-02-23 20:43:10', NULL, 0, '2022-02-23 21:42:15', '2022-02-23 21:43:21'),
(206, '{\"id\":3,\"name\":\"Painting Smith, McGlynn and Goldner\",\"phone_number\":\"+1.862.709.5787\",\"mobile_number\":\"224.772.0752\"}', '{\"id\":86,\"name\":\"Test service\",\"price\":100,\"discount_price\":null,\"price_unit\":\"hourly\",\"quantity_unit\":\"\",\"duration\":\"23:34\"}', NULL, 1, 3, 6, '{\"id\":30,\"description\":null,\"address\":\"739 Hoefner Ave, Los Angeles, CA 90022, USA\",\"latitude\":34.0200184999999919455149210989475250244140625,\"longitude\":-118.1501332999999931416823528707027435302734375}', 66, NULL, '[]', '2022-02-28 21:35:32', '2022-02-28 21:36:37', '2022-02-28 21:36:48', NULL, 0, '2022-02-28 22:35:39', '2022-02-28 22:38:41'),
(207, '{\"id\":3,\"name\":\"Painting Smith, McGlynn and Goldner\",\"phone_number\":\"+1.862.709.5787\",\"mobile_number\":\"224.772.0752\"}', '{\"id\":59,\"name\":\"Plumbing work\",\"price\":100,\"discount_price\":0,\"price_unit\":\"fixed\",\"quantity_unit\":\"\",\"duration\":\"02:00\"}', NULL, 1, 51, 6, '{\"id\":31,\"description\":\"home\",\"address\":\"D.H.A. Phase 2 Phase 2 Defence Housing Authority, Karachi, Karachi City, Sindh 75500, Pakistan\",\"latitude\":24.83424289999999956535248202271759510040283203125,\"longitude\":67.0553953000000007023118087090551853179931640625}', 67, NULL, '[]', '2022-03-05 02:43:10', '2022-03-05 02:52:11', '2022-03-05 02:52:28', NULL, 0, '2022-03-05 03:44:18', '2022-03-05 03:53:11'),
(208, '{\"id\":3,\"name\":\"Painting Smith, McGlynn and Goldner\",\"phone_number\":\"+1.862.709.5787\",\"mobile_number\":\"224.772.0752\"}', '{\"id\":59,\"name\":\"Plumbing work\",\"price\":100,\"discount_price\":0,\"price_unit\":\"fixed\",\"quantity_unit\":\"\",\"duration\":\"02:00\"}', NULL, 1, 51, 7, '{\"id\":31,\"description\":\"home\",\"address\":\"D.H.A. Phase 2 Phase 2 Defence Housing Authority, Karachi, Karachi City, Sindh 75500, Pakistan\",\"latitude\":24.8299999999999982946974341757595539093017578125,\"longitude\":67.06000000000000227373675443232059478759765625}', NULL, NULL, '[]', '2022-03-05 16:13:19', NULL, NULL, NULL, 1, '2022-03-05 17:16:05', '2022-03-05 17:19:33'),
(209, '{\"id\":3,\"name\":\"Painting Smith, McGlynn and Goldner\",\"phone_number\":\"+1.862.709.5787\",\"mobile_number\":\"224.772.0752\"}', '{\"id\":59,\"name\":\"Plumbing work\",\"price\":100,\"discount_price\":0,\"price_unit\":\"fixed\",\"quantity_unit\":\"\",\"duration\":\"02:00\"}', NULL, 1, 51, 6, '{\"id\":31,\"description\":\"home\",\"address\":\"D.H.A. Phase 2 Phase 2 Defence Housing Authority, Karachi, Karachi City, Sindh 75500, Pakistan\",\"latitude\":24.8299999999999982946974341757595539093017578125,\"longitude\":67.06000000000000227373675443232059478759765625}', 68, NULL, '[]', '2022-03-05 16:23:17', '2022-03-05 16:26:31', '2022-03-05 16:26:48', NULL, 0, '2022-03-05 17:23:27', '2022-03-05 17:27:17');

-- --------------------------------------------------------

--
-- Table structure for table `booking_statuses`
--

CREATE TABLE `booking_statuses` (
  `id` int(10) UNSIGNED NOT NULL,
  `status` longtext COLLATE utf8mb4_unicode_ci,
  `order` tinyint(3) UNSIGNED NOT NULL DEFAULT '0',
  `created_at` timestamp NULL DEFAULT NULL,
  `updated_at` timestamp NULL DEFAULT NULL
) ENGINE=InnoDB DEFAULT CHARSET=utf8mb4 COLLATE=utf8mb4_unicode_ci;

--
-- Dumping data for table `booking_statuses`
--

INSERT INTO `booking_statuses` (`id`, `status`, `order`, `created_at`, `updated_at`) VALUES
(1, '{\"en\":\"Booked\"}', 1, '2021-01-26 00:25:46', '2022-02-10 20:35:29'),
(2, '{\"en\":\"In Progress\"}', 40, '2021-01-26 00:26:02', '2022-03-02 19:02:58'),
(3, '{\"en\":\"On the Way\"}', 20, '2021-01-28 12:47:23', '2022-03-02 19:02:30'),
(4, '{\"en\":\"Accepted\"}', 10, '2021-02-16 17:09:29', '2022-03-02 19:02:20'),
(5, '{\"en\":\"Ready\"}', 30, '2021-02-16 17:11:50', '2022-03-02 19:02:38'),
(6, '{\"en\":\"Done\"}', 50, '2021-02-17 02:57:02', '2022-03-02 19:03:09'),
(7, '{\"en\":\"Failed\"}', 60, '2021-02-17 02:58:36', '2022-03-02 19:02:49');

-- --------------------------------------------------------

--
-- Table structure for table `categories`
--

CREATE TABLE `categories` (
  `id` int(10) UNSIGNED NOT NULL,
  `name` longtext COLLATE utf8mb4_unicode_ci,
  `color` varchar(36) COLLATE utf8mb4_unicode_ci NOT NULL,
  `description` longtext COLLATE utf8mb4_unicode_ci,
  `order` int(11) DEFAULT '0',
  `featured` tinyint(1) DEFAULT '0',
  `parent_id` int(10) UNSIGNED DEFAULT NULL,
  `created_at` timestamp NULL DEFAULT NULL,
  `updated_at` timestamp NULL DEFAULT NULL
) ENGINE=InnoDB DEFAULT CHARSET=utf8mb4 COLLATE=utf8mb4_unicode_ci;

--
-- Dumping data for table `categories`
--

INSERT INTO `categories` (`id`, `name`, `color`, `description`, `order`, `featured`, `parent_id`, `created_at`, `updated_at`) VALUES
(10, '{\"en\":\"Architecture\"}', '#767fad', '{\"en\":\"<p><span style=\\\"font-family: Montserrat, sans-serif; background-color: rgb(222, 222, 222);\\\">Architecture<\\/span><br><\\/p>\"}', NULL, 1, NULL, '2021-11-15 16:12:37', '2021-12-28 20:06:22'),
(15, '{\"en\":\"Flooring\"}', '#52CC99', '{\"en\":\"FLOORING\"}', NULL, 1, NULL, '2021-11-15 16:21:13', '2021-12-28 20:12:59'),
(16, '{\"en\":\"Plumbing\"}', '#66CCFF', '{\"en\":\"<p>PLUMBING<br><\\/p>\"}', NULL, 1, NULL, '2021-11-15 16:22:05', '2021-12-28 20:17:05'),
(17, '{\"en\":\"Remodeling\"}', '#C7281C', '{\"en\":\"<p>REMODELING<br><\\/p>\"}', NULL, 1, NULL, '2021-11-15 16:22:32', '2021-12-28 22:04:36'),
(18, '{\"en\":\"Solar\"}', '#DAAD2E', '{\"en\":\"<p>SOLAR<br><\\/p>\"}', NULL, 1, NULL, '2021-11-15 16:22:58', '2021-12-28 22:08:36'),
(19, '{\"en\":\"Painting\"}', '#5437AD', '{\"en\":\"<p>PAINTING<br><\\/p>\"}', NULL, 1, NULL, '2021-11-15 16:23:44', '2021-12-28 21:02:22'),
(20, '{\"en\":\"Electrical\"}', '#4C8876', '{\"en\":\"<p>ELECTRICAL<\\/p><p><br><\\/p>\"}', NULL, 1, NULL, '2021-11-15 16:24:13', '2021-12-28 21:27:28'),
(22, '{\"en\":\"Roofing\"}', '#7C8FB4', '{\"en\":\"<p>ROOFING<br><\\/p>\"}', NULL, 1, NULL, '2021-11-15 16:24:38', '2021-12-28 21:55:47'),
(23, '{\"en\":\"Heating & A\\/C\"}', '#D6C8C8', '{\"en\":\"<p>HEATING & A\\/C<\\/p>\"}', NULL, 1, NULL, '2021-11-15 16:25:12', '2021-12-28 21:53:32'),
(24, '{\"en\":\"WIindows & Doors\"}', '#966F33', '{\"en\":\"<p>WINDOWS & DOORS<br><\\/p>\"}', NULL, 1, NULL, '2021-11-15 16:25:34', '2021-12-28 21:37:35'),
(25, '{\"en\":\"Drywall\"}', '#77701C', '{\"en\":\"<p><span style=\\\"font-family: Montserrat, sans-serif; background-color: rgb(222, 222, 222);\\\">Drywall<\\/span><br><\\/p>\"}', NULL, 1, NULL, '2021-12-27 15:37:38', '2021-12-28 22:06:37'),
(26, '{\"en\":\"Flood Damage\"}', '#66CCFF', '{\"en\":\"<p><span style=\\\"font-family: Montserrat, sans-serif; background-color: rgb(222, 222, 222);\\\">Flood Damage<\\/span><br><\\/p>\"}', NULL, 1, NULL, '2021-12-27 15:37:55', '2021-12-28 21:52:37'),
(27, '{\"en\":\"Construction\"}', '#506F5F', '{\"en\":\"<p><span style=\\\"font-family: Montserrat, sans-serif; background-color: rgb(222, 222, 222);\\\">Construction<\\/span><br><\\/p>\"}', NULL, 1, NULL, '2021-12-27 15:38:19', '2021-12-28 21:13:42'),
(28, '{\"en\":\"Demolition\"}', '#FFBF66', '{\"en\":\"<p><span style=\\\"font-family: Montserrat, sans-serif; background-color: rgb(222, 222, 222);\\\">Demolition<\\/span><br><\\/p>\"}', NULL, 1, NULL, '2021-12-27 15:38:52', '2021-12-28 20:59:07'),
(29, '{\"en\":\"Fire Damage\"}', '#FF8066', '{\"en\":\"<p><span style=\\\"font-family: Montserrat, sans-serif; background-color: rgb(222, 222, 222);\\\">Fire Damage<\\/span><br><\\/p>\"}', NULL, 1, NULL, '2021-12-27 15:39:10', '2021-12-28 20:55:11'),
(30, '{\"en\":\"Masonry\"}', '#6B440F', '{\"en\":\"<p><span style=\\\"font-family: Montserrat, sans-serif; background-color: rgb(222, 222, 222);\\\">Masonry<\\/span><br><\\/p>\"}', NULL, 1, NULL, '2021-12-27 15:39:27', '2021-12-28 21:09:44');

-- --------------------------------------------------------

--
-- Table structure for table `coupons`
--

CREATE TABLE `coupons` (
  `id` int(10) UNSIGNED NOT NULL,
  `code` varchar(50) COLLATE utf8mb4_unicode_ci NOT NULL,
  `discount` double(8,2) NOT NULL DEFAULT '0.00',
  `discount_type` varchar(50) COLLATE utf8mb4_unicode_ci NOT NULL DEFAULT 'percent',
  `description` longtext COLLATE utf8mb4_unicode_ci,
  `expires_at` datetime DEFAULT NULL,
  `enabled` tinyint(1) NOT NULL DEFAULT '0',
  `created_at` timestamp NULL DEFAULT NULL,
  `updated_at` timestamp NULL DEFAULT NULL
) ENGINE=InnoDB DEFAULT CHARSET=utf8mb4 COLLATE=utf8mb4_unicode_ci;

--
-- Dumping data for table `coupons`
--

INSERT INTO `coupons` (`id`, `code`, `discount`, `discount_type`, `description`, `expires_at`, `enabled`, `created_at`, `updated_at`) VALUES
(1, 'PROMO50', 50.00, 'percent', '{\"en\":\"<p>PROMO50<br><\\/p>\"}', '2022-02-17 18:28:00', 1, '2022-02-04 19:29:05', '2022-02-04 19:29:05');

-- --------------------------------------------------------

--
-- Table structure for table `currencies`
--

CREATE TABLE `currencies` (
  `id` int(10) UNSIGNED NOT NULL,
  `name` longtext COLLATE utf8mb4_unicode_ci,
  `symbol` longtext COLLATE utf8mb4_unicode_ci,
  `code` longtext COLLATE utf8mb4_unicode_ci,
  `decimal_digits` tinyint(3) UNSIGNED DEFAULT NULL,
  `rounding` tinyint(3) UNSIGNED DEFAULT NULL,
  `created_at` timestamp NULL DEFAULT NULL,
  `updated_at` timestamp NULL DEFAULT NULL
) ENGINE=InnoDB DEFAULT CHARSET=utf8mb4 COLLATE=utf8mb4_unicode_ci;

--
-- Dumping data for table `currencies`
--

INSERT INTO `currencies` (`id`, `name`, `symbol`, `code`, `decimal_digits`, `rounding`, `created_at`, `updated_at`) VALUES
(1, '{\"en\":\"US Dollar\"}', '{\"en\":\"$\"}', '{\"en\":\"USD\"}', 2, 0, '2020-10-22 19:50:48', '2021-12-27 16:18:47'),
(8, '{\"en\":\"Pakistani Rupee\"}', '{\"en\":\"PKR\"}', '{\"en\":\"PKR\"}', 2, 0, '2022-03-05 03:22:29', '2022-03-05 03:22:29');

-- --------------------------------------------------------

--
-- Table structure for table `custom_fields`
--

CREATE TABLE `custom_fields` (
  `id` int(10) UNSIGNED NOT NULL,
  `name` varchar(127) COLLATE utf8mb4_unicode_ci NOT NULL,
  `type` varchar(56) COLLATE utf8mb4_unicode_ci NOT NULL,
  `values` varchar(191) COLLATE utf8mb4_unicode_ci DEFAULT NULL,
  `disabled` tinyint(1) DEFAULT NULL,
  `required` tinyint(1) DEFAULT NULL,
  `in_table` tinyint(1) DEFAULT NULL,
  `bootstrap_column` tinyint(4) DEFAULT NULL,
  `order` tinyint(4) DEFAULT NULL,
  `custom_field_model` varchar(127) COLLATE utf8mb4_unicode_ci NOT NULL,
  `created_at` timestamp NULL DEFAULT NULL,
  `updated_at` timestamp NULL DEFAULT NULL
) ENGINE=InnoDB DEFAULT CHARSET=utf8mb4 COLLATE=utf8mb4_unicode_ci;

--
-- Dumping data for table `custom_fields`
--

INSERT INTO `custom_fields` (`id`, `name`, `type`, `values`, `disabled`, `required`, `in_table`, `bootstrap_column`, `order`, `custom_field_model`, `created_at`, `updated_at`) VALUES
(5, 'bio', 'textarea', NULL, 0, 0, 0, 6, 1, 'App\\Models\\User', '2019-09-07 01:43:58', '2019-09-07 01:43:58'),
(6, 'address', 'text', NULL, 0, 0, 0, 6, 3, 'App\\Models\\User', '2019-09-07 01:49:22', '2019-09-07 01:49:22');

-- --------------------------------------------------------

--
-- Table structure for table `custom_field_values`
--

CREATE TABLE `custom_field_values` (
  `id` int(10) UNSIGNED NOT NULL,
  `value` longtext COLLATE utf8mb4_unicode_ci,
  `view` longtext COLLATE utf8mb4_unicode_ci,
  `custom_field_id` int(10) UNSIGNED NOT NULL,
  `customizable_type` varchar(127) COLLATE utf8mb4_unicode_ci NOT NULL,
  `customizable_id` int(11) NOT NULL,
  `created_at` timestamp NULL DEFAULT NULL,
  `updated_at` timestamp NULL DEFAULT NULL
) ENGINE=InnoDB DEFAULT CHARSET=utf8mb4 COLLATE=utf8mb4_unicode_ci;

--
-- Dumping data for table `custom_field_values`
--

INSERT INTO `custom_field_values` (`id`, `value`, `view`, `custom_field_id`, `customizable_type`, `customizable_id`, `created_at`, `updated_at`) VALUES
(30, 'Explicabo. Eum provi. ', 'Explicabo. Eum provi. ', 5, 'App\\Models\\User', 2, '2019-09-07 01:52:30', '2021-12-29 18:13:08'),
(31, 'Modi est libero qui', 'Modi est libero qui', 6, 'App\\Models\\User', 2, '2019-09-07 01:52:30', '2021-02-02 16:32:57'),
(33, 'Consequatur error ip.&nbsp;', 'Consequatur error ip.&nbsp;', 5, 'App\\Models\\User', 1, '2019-09-07 01:53:58', '2021-02-02 16:32:01'),
(34, 'Qui vero ratione vel', 'Qui vero ratione vel', 6, 'App\\Models\\User', 1, '2019-09-07 01:53:58', '2021-02-02 16:32:01'),
(36, 'Dolor optio, error e', 'Dolor optio, error e', 5, 'App\\Models\\User', 3, '2019-10-15 21:21:32', '2021-02-02 16:33:23'),
(37, 'Voluptatibus ad ipsu', 'Voluptatibus ad ipsu', 6, 'App\\Models\\User', 3, '2019-10-15 21:21:32', '2021-02-02 16:33:23'),
(39, 'Faucibus ornare suspendisse sed nisi lacus sed. Pellentesque sit amet porttitor eget dolor morbi non arcu. Eu scelerisque felis imperdiet proin fermentum leo vel orci porta', 'Faucibus ornare suspendisse sed nisi lacus sed. Pellentesque sit amet porttitor eget dolor morbi non arcu. Eu scelerisque felis imperdiet proin fermentum leo vel orci porta', 5, 'App\\Models\\User', 4, '2019-10-16 23:31:46', '2019-10-16 23:31:46'),
(40, 'Sequi molestiae ipsa1', 'Sequi molestiae ipsa1', 6, 'App\\Models\\User', 4, '2019-10-16 23:31:46', '2021-02-22 04:32:10'),
(42, 'Omnis fugiat et cons.', 'Omnis fugiat et cons.', 5, 'App\\Models\\User', 5, '2019-12-15 23:49:44', '2021-02-02 16:29:47'),
(43, 'Consequatur delenit', 'Consequatur delenit', 6, 'App\\Models\\User', 5, '2019-12-15 23:49:44', '2021-02-02 16:29:47'),
(45, '<p>Short bio for this driver</p>', 'Short bio for this driver', 5, 'App\\Models\\User', 6, '2020-03-29 21:28:05', '2020-03-29 21:28:05'),
(46, '4722 Villa Drive', '4722 Villa Drive', 6, 'App\\Models\\User', 6, '2020-03-29 21:28:05', '2020-03-29 21:28:05'),
(48, 'Voluptatem. Omnis op.', 'Voluptatem. Omnis op.', 5, 'App\\Models\\User', 7, '2021-01-17 21:13:24', '2021-02-02 16:31:36'),
(49, 'Perspiciatis aut ei', 'Perspiciatis aut ei', 6, 'App\\Models\\User', 7, '2021-01-17 21:13:24', '2021-02-02 16:31:36'),
(51, 'sdfsdf56', 'sdfsdf56', 5, 'App\\Models\\User', 8, '2021-02-10 16:31:12', '2021-02-19 19:09:37'),
(52, 'Adressttt', 'Adressttt', 6, 'App\\Models\\User', 8, '2021-02-10 16:31:12', '2021-02-19 18:57:27'),
(53, NULL, '', 5, 'App\\Models\\User', 11, '2021-09-21 13:19:34', '2021-09-21 13:19:34'),
(54, NULL, NULL, 6, 'App\\Models\\User', 11, '2021-09-21 13:19:34', '2021-09-21 13:19:34'),
(55, NULL, '', 5, 'App\\Models\\User', 12, '2021-09-22 13:00:00', '2021-09-22 13:00:00'),
(56, NULL, NULL, 6, 'App\\Models\\User', 12, '2021-09-22 13:00:00', '2021-09-22 13:00:00'),
(57, NULL, '', 5, 'App\\Models\\User', 13, '2021-09-22 13:28:22', '2021-09-22 13:28:22'),
(58, NULL, NULL, 6, 'App\\Models\\User', 13, '2021-09-22 13:28:22', '2021-09-22 13:28:22'),
(59, NULL, '', 5, 'App\\Models\\User', 14, '2021-09-23 15:15:42', '2021-09-23 15:15:42'),
(60, NULL, NULL, 6, 'App\\Models\\User', 14, '2021-09-23 15:15:42', '2021-09-23 15:15:42'),
(61, NULL, '', 5, 'App\\Models\\User', 15, '2021-12-27 16:43:56', '2021-12-27 16:43:56'),
(62, NULL, NULL, 6, 'App\\Models\\User', 15, '2021-12-27 16:43:56', '2021-12-27 16:43:56'),
(63, NULL, '', 5, 'App\\Models\\User', 17, '2021-12-27 17:17:50', '2021-12-27 17:17:50'),
(64, 'Murphy Canyon Rd.', 'Murphy Canyon Rd.', 6, 'App\\Models\\User', 17, '2021-12-27 17:17:50', '2021-12-27 17:19:52'),
(65, NULL, '', 5, 'App\\Models\\User', 18, '2021-12-29 15:46:45', '2021-12-29 15:46:45'),
(66, '5847 Dabneys Mill Rd Manquin, Virginia(VA), 23106', '5847 Dabneys Mill Rd Manquin, Virginia(VA), 23106', 6, 'App\\Models\\User', 18, '2021-12-29 15:46:45', '2021-12-29 15:46:45'),
(67, NULL, '', 5, 'App\\Models\\User', 27, '2022-02-08 21:52:17', '2022-02-08 21:52:17'),
(68, 'My address', 'My address', 6, 'App\\Models\\User', 27, '2022-02-08 21:52:17', '2022-02-08 21:52:38'),
(69, '<h5 class=\\\"heading-text\\\" style=\\\"margin: 20px 0px 0px; line-height: 1.6; opacity: 0.7; text-align: center;\\\"><font color=\\\"#2f2c2c\\\" face=\\\"Varela Round, Arial, Helvetica Neue, Helvetica, sans-serif\\\"><span style=\\\"font-size: 24px;\\\">We deliver globally, providing result-driven project management and seamless communication.</span></font><br></h5>', 'We deliver globally, providing result-driven project management and seamless communication.', 5, 'App\\Models\\User', 30, '2022-02-09 16:31:33', '2022-02-09 16:33:49'),
(70, '29B/1،, Main Shahrah-e-Faisal, Block 6 PECHS, Karachi, Karachi City, Sindh 75400', '29B/1،, Main Shahrah-e-Faisal, Block 6 PECHS, Karachi, Karachi City, Sindh 75400', 6, 'App\\Models\\User', 30, '2022-02-09 16:31:33', '2022-02-09 16:31:33'),
(71, NULL, '', 5, 'App\\Models\\User', 31, '2022-02-09 17:27:55', '2022-02-09 17:27:55'),
(72, NULL, NULL, 6, 'App\\Models\\User', 31, '2022-02-09 17:27:55', '2022-02-09 17:27:55'),
(73, NULL, '', 5, 'App\\Models\\User', 34, '2022-02-10 20:09:21', '2022-02-10 20:09:21'),
(74, NULL, NULL, 6, 'App\\Models\\User', 34, '2022-02-10 20:09:21', '2022-02-10 20:09:21'),
(75, NULL, '', 5, 'App\\Models\\User', 36, '2022-02-10 21:26:20', '2022-02-10 21:26:20'),
(76, NULL, NULL, 6, 'App\\Models\\User', 36, '2022-02-10 21:26:20', '2022-02-10 21:26:20'),
(77, NULL, '', 5, 'App\\Models\\User', 37, '2022-02-10 21:51:06', '2022-02-10 21:51:06'),
(78, NULL, NULL, 6, 'App\\Models\\User', 37, '2022-02-10 21:51:06', '2022-02-10 21:51:06'),
(79, '<p><span style=\\\"color: rgb(77, 81, 86); font-family: arial, sans-serif; font-size: 14px;\\\">A </span><span style=\\\"font-weight: bold; color: rgb(95, 99, 104); font-family: arial, sans-serif; font-size: 14px;\\\">wiki</span><span style=\\\"color: rgb(77, 81, 86); font-family: arial, sans-serif; font-size: 14px;\\\"> is essentially a database for creating, browsing, and searching through information. A </span><span style=\\\"font-weight: bold; color: rgb(95, 99, 104); font-family: arial, sans-serif; font-size: 14px;\\\">wiki</span><span style=\\\"color: rgb(77, 81, 86); font-family: arial, sans-serif; font-size: 14px;\\\"> allows non-linear, evolving, complex, and networked text</span><br></p>', 'A wiki is essentially a database for creating, browsing, and searching through information. A wiki allows non-linear, evolving, complex, and networked text', 5, 'App\\Models\\User', 39, '2022-02-18 12:51:43', '2022-02-18 12:53:23'),
(80, '630 Hill Field Ave. Salinas, CA 93905', '630 Hill Field Ave. Salinas, CA 93905', 6, 'App\\Models\\User', 39, '2022-02-18 12:51:43', '2022-02-18 12:51:43'),
(81, NULL, '', 5, 'App\\Models\\User', 44, '2022-02-22 13:34:36', '2022-02-22 13:34:36'),
(82, NULL, NULL, 6, 'App\\Models\\User', 44, '2022-02-22 13:34:36', '2022-02-22 13:34:36'),
(83, NULL, '', 5, 'App\\Models\\User', 47, '2022-03-04 19:05:36', '2022-03-04 19:05:36'),
(84, NULL, NULL, 6, 'App\\Models\\User', 47, '2022-03-04 19:05:36', '2022-03-04 19:05:36'),
(85, NULL, '', 5, 'App\\Models\\User', 48, '2022-03-04 19:08:18', '2022-03-04 19:08:18'),
(86, NULL, NULL, 6, 'App\\Models\\User', 48, '2022-03-04 19:08:18', '2022-03-04 19:08:18'),
(87, NULL, '', 5, 'App\\Models\\User', 49, '2022-03-05 01:16:24', '2022-03-05 01:16:24'),
(88, NULL, NULL, 6, 'App\\Models\\User', 49, '2022-03-05 01:16:24', '2022-03-05 01:16:24'),
(89, NULL, '', 5, 'App\\Models\\User', 51, '2022-03-05 03:20:58', '2022-03-05 03:20:58'),
(90, 'cm-3/b gulistan e rafi', 'cm-3/b gulistan e rafi', 6, 'App\\Models\\User', 51, '2022-03-05 03:20:58', '2022-03-05 03:22:23'),
(91, NULL, '', 5, 'App\\Models\\User', 53, '2022-03-05 17:32:13', '2022-03-05 17:32:13'),
(92, NULL, NULL, 6, 'App\\Models\\User', 53, '2022-03-05 17:32:13', '2022-03-05 17:32:13');

-- --------------------------------------------------------

--
-- Table structure for table `custom_pages`
--

CREATE TABLE `custom_pages` (
  `id` int(10) UNSIGNED NOT NULL,
  `title` longtext COLLATE utf8mb4_unicode_ci,
  `content` longtext COLLATE utf8mb4_unicode_ci,
  `published` tinyint(1) DEFAULT '0',
  `created_at` timestamp NULL DEFAULT NULL,
  `updated_at` timestamp NULL DEFAULT NULL
) ENGINE=InnoDB DEFAULT CHARSET=utf8mb4 COLLATE=utf8mb4_unicode_ci;

--
-- Dumping data for table `custom_pages`
--

INSERT INTO `custom_pages` (`id`, `title`, `content`, `published`, `created_at`, `updated_at`) VALUES
(1, 'Privacy Policy', '<h1>Privacy Policy of SmarterVision</h1>\n<p>SmarterVision operates the SmarterVision website, which provides the SERVICE.</p>\n<p>This page is used to inform website visitors regarding our policies with the collection, use, and disclosure of Personal Information if anyone decided to use our Service, the smartersvision.com website.</p>\n<p>If you choose to use our Service, then you agree to the collection and use of information in relation with this policy. The Personal Information that we collect are used for providing and improving the Service. We will not use or share your information with anyone except as described in this Privacy Policy.</p>\n<p>The terms used in this Privacy Policy have the same meanings as in our Terms and Conditions, which is accessible at smartersvision.com, unless otherwise defined in this Privacy Policy.</p>\n<h2>Information Collection and Use</h2>\n<p>For a better experience, while using our Service, we may require you to provide us with certain personally identifiable information, including but not limited to your name, phone number, and postal address. The information that we collect will be used to contact or identify you.</p>\n<h2>Log Data</h2>\n<p>We want to inform you that whenever you visit our Service, we collect information that your browser sends to us which is called Log Data. This Log Data may include information such as your computer\'s Internet Protocol (“IP”) address, browser version, pages of our Service that you visit, the time and date of your visit, the time spent on those pages, and other statistics.</p>\n<h2>Cookies</h2>\n<p>Cookies are files with small amount of data that is commonly used an anonymous unique identifier. These are sent to your browser from the website that you visit and are stored on your computer\'s hard drive.</p>\n<p>Our website uses these “cookies” to collection information and to improve our Service. You have the option to either accept or refuse these cookies, and know when a cookie is being sent to your computer. If you choose to refuse our cookies, you may not be able to use some portions of our Service.</p>\n<h2>Service Providers</h2>\n<p>We may employ third-party companies and individuals due to the following reasons:</p>\n<ul>\n<li>To facilitate our Service;</li>\n<li>To provide the Service on our behalf;</li>\n<li>To perform Service-related services; or</li>\n<li>To assist us in analyzing how our Service is used.</li>\n</ul>\n<p>We want to inform our Service users that these third parties have access to your Personal Information. The reason is to perform the tasks assigned to them on our behalf. However, they are obligated not to disclose or use the information for any other purpose.</p>\n<h2>Security</h2>\n<p>We value your trust in providing us your Personal Information, thus we are striving to use commercially acceptable means of protecting it. But remember that no method of transmission over the internet, or method of electronic storage is 100% secure and reliable, and we cannot guarantee its absolute security.</p>\n<h2>Links to Other Sites</h2>\n<p>Our Service may contain links to other sites. If you click on a third-party link, you will be directed to that site. Note that these external sites are not operated by us. Therefore, we strongly advise you to review the Privacy Policy of these websites. We have no control over, and assume no responsibility for the content, privacy policies, or practices of any third-party sites or services.</p>\n<h2>Children\'s Privacy</h2>\n<p>Our Services do not address anyone under the age of 13. We do not knowingly collect personal identifiable information from children under 13. In the case we discover that a child under 13 has provided us with personal information, we immediately delete this from our servers. If you are a parent or guardian and you are aware that your child has provided us with personal information, please contact us so that we will be able to do necessary actions.</p>\n<h2>Changes to This Privacy Policy</h2>\n<p>We may update our Privacy Policy from time to time. Thus, we advise you to review this page periodically for any changes. We will notify you of any changes by posting the new Privacy Policy on this page. These changes are effective immediately, after they are posted on this page.</p>\n<h2>Contact Us</h2>\n<p>If you have any questions or suggestions about our Privacy Policy, do not hesitate to contact us.</p>', 1, '2021-02-24 16:53:21', '2021-02-24 18:19:19'),
(2, 'Terms & Conditions', '<h2>Terms &amp; Conditions</h2><p>Dolor consequat. Ex ducimus, dolores fugiat ipsam sunt non a dolor quidem nulla ullamco Nam labore nostrum sit amet, tenetur ut consequatur? Non aut incididunt consequatur, rem veniam, veritatis molestiae neque non veniam, nemo facilis eligendi qui aut enim aperiam rerum fugiat, dolorum qui id, in sint et assumenda mollitia dignissimos illum, ipsum maiores asperiores exercitationem odio labore laboris consequatur? Consequatur, sapiente ipsum, laboriosam, laudantium, dolor sed autem eligendi ea a.</p><p>Dolor consequat. Ex ducimus, dolores fugiat ipsam sunt non a dolor quidem nulla ullamco Nam labore nostrum sit amet, tenetur ut consequatur? Non aut incididunt consequatur, rem veniam, veritatis molestiae neque non veniam, nemo facilis eligendi qui aut enim aperiam rerum fugiat, dolorum qui id, in sint et assumenda mollitia dignissimos illum, ipsum maiores asperiores exercitationem odio labore laboris consequatur? Consequatur, sapiente ipsum, laboriosam, laudantium, dolor sed autem eligendi ea a.<br></p>', 1, '2021-02-24 18:20:06', '2021-02-24 18:23:52');

-- --------------------------------------------------------

--
-- Table structure for table `discountables`
--

CREATE TABLE `discountables` (
  `id` int(10) UNSIGNED NOT NULL,
  `coupon_id` int(10) UNSIGNED NOT NULL,
  `discountable_type` varchar(127) COLLATE utf8mb4_unicode_ci NOT NULL,
  `discountable_id` int(11) NOT NULL
) ENGINE=InnoDB DEFAULT CHARSET=utf8mb4 COLLATE=utf8mb4_unicode_ci;

--
-- Dumping data for table `discountables`
--

INSERT INTO `discountables` (`id`, `coupon_id`, `discountable_type`, `discountable_id`) VALUES
(1, 1, 'App\\Models\\EService', 59),
(2, 1, 'App\\Models\\EProvider', 53);

-- --------------------------------------------------------

--
-- Table structure for table `earnings`
--

CREATE TABLE `earnings` (
  `id` int(10) UNSIGNED NOT NULL,
  `e_provider_id` int(10) UNSIGNED DEFAULT NULL,
  `total_bookings` int(10) UNSIGNED NOT NULL DEFAULT '0',
  `total_earning` double(10,2) NOT NULL DEFAULT '0.00',
  `admin_earning` double(10,2) NOT NULL DEFAULT '0.00',
  `e_provider_earning` double(10,2) NOT NULL DEFAULT '0.00',
  `taxes` double(10,2) NOT NULL DEFAULT '0.00',
  `created_at` timestamp NULL DEFAULT NULL,
  `updated_at` timestamp NULL DEFAULT NULL
) ENGINE=InnoDB DEFAULT CHARSET=utf8mb4 COLLATE=utf8mb4_unicode_ci;

--
-- Dumping data for table `earnings`
--

INSERT INTO `earnings` (`id`, `e_provider_id`, `total_bookings`, `total_earning`, `admin_earning`, `e_provider_earning`, `taxes`, `created_at`, `updated_at`) VALUES
(1, NULL, 0, 0.00, 0.00, 0.00, 0.00, '2021-09-14 17:31:46', '2021-09-14 17:31:46'),
(2, NULL, 2, 129.10, 32.27, 96.83, 0.00, '2021-09-21 16:08:21', '2021-09-21 16:08:57'),
(3, NULL, 0, 0.00, 0.00, 0.00, 0.00, '2021-11-15 16:37:43', '2021-11-15 16:37:43'),
(4, NULL, 0, 0.00, 0.00, 0.00, 0.00, '2021-12-10 16:45:58', '2021-12-10 16:45:58'),
(5, NULL, 0, 0.00, 0.00, 0.00, 0.00, '2021-12-10 16:48:33', '2021-12-10 16:48:33'),
(6, NULL, 0, 0.00, 0.00, 0.00, 0.00, '2021-12-10 16:49:06', '2021-12-10 16:49:06'),
(7, NULL, 0, 0.00, 0.00, 0.00, 0.00, '2021-12-10 17:02:18', '2021-12-10 17:02:18'),
(8, NULL, 0, 0.00, 0.00, 0.00, 0.00, '2021-12-10 17:03:14', '2021-12-10 17:03:14'),
(9, NULL, 0, 0.00, 0.00, 0.00, 0.00, '2021-12-10 17:03:40', '2021-12-10 17:03:40'),
(10, NULL, 0, 0.00, 0.00, 0.00, 0.00, '2021-12-10 17:04:09', '2021-12-10 17:04:09'),
(11, NULL, 0, 0.00, 0.00, 0.00, 0.00, '2021-12-10 17:04:45', '2021-12-10 17:04:45'),
(12, NULL, 0, 0.00, 0.00, 0.00, 0.00, '2021-12-10 17:06:47', '2021-12-10 17:06:47'),
(13, NULL, 0, 0.00, 0.00, 0.00, 0.00, '2021-12-10 17:07:32', '2021-12-10 17:07:32'),
(14, NULL, 0, 0.00, 0.00, 0.00, 0.00, '2021-12-10 17:08:02', '2021-12-10 17:08:02'),
(15, NULL, 0, 0.00, 0.00, 0.00, 0.00, '2021-12-10 17:09:34', '2021-12-10 17:09:34'),
(16, NULL, 0, 0.00, 0.00, 0.00, 0.00, '2021-12-10 17:09:46', '2021-12-10 17:09:46'),
(17, NULL, 0, 0.00, 0.00, 0.00, 0.00, '2021-12-10 17:09:58', '2021-12-10 17:09:58'),
(18, NULL, 0, 0.00, 0.00, 0.00, 0.00, '2021-12-10 17:09:59', '2021-12-10 17:09:59'),
(19, NULL, 0, 0.00, 0.00, 0.00, 0.00, '2021-12-10 17:12:24', '2021-12-10 17:12:24'),
(20, NULL, 0, 0.00, 0.00, 0.00, 0.00, '2021-12-10 17:12:31', '2021-12-10 17:12:31'),
(21, NULL, 0, 0.00, 0.00, 0.00, 0.00, '2021-12-10 17:12:40', '2021-12-10 17:12:40'),
(22, NULL, 0, 0.00, 0.00, 0.00, 0.00, '2021-12-10 17:13:32', '2021-12-10 17:13:32'),
(23, NULL, 0, 0.00, 0.00, 0.00, 0.00, '2021-12-10 17:13:33', '2021-12-10 17:13:33'),
(24, NULL, 0, 0.00, 0.00, 0.00, 0.00, '2021-12-10 17:13:42', '2021-12-10 17:13:42'),
(25, NULL, 0, 0.00, 0.00, 0.00, 0.00, '2021-12-10 17:13:50', '2021-12-10 17:13:50'),
(26, NULL, 0, 0.00, 0.00, 0.00, 0.00, '2021-12-10 17:21:29', '2021-12-10 17:21:29'),
(27, NULL, 0, 0.00, 0.00, 0.00, 0.00, '2021-12-10 17:21:54', '2021-12-10 17:21:54'),
(28, NULL, 0, 0.00, 0.00, 0.00, 0.00, '2021-12-10 17:22:19', '2021-12-10 17:22:19'),
(29, NULL, 0, 0.00, 0.00, 0.00, 0.00, '2021-12-10 17:22:39', '2021-12-10 17:22:39'),
(30, NULL, 0, 0.00, 0.00, 0.00, 0.00, '2021-12-10 17:23:09', '2021-12-10 17:23:09'),
(31, NULL, 0, 0.00, 0.00, 0.00, 0.00, '2021-12-10 17:23:27', '2021-12-10 17:23:27'),
(32, NULL, 0, 0.00, 0.00, 0.00, 0.00, '2021-12-10 17:24:02', '2021-12-10 17:24:02'),
(33, NULL, 0, 0.00, 0.00, 0.00, 0.00, '2021-12-10 17:24:21', '2021-12-10 17:24:21'),
(34, NULL, 0, 0.00, 0.00, 0.00, 0.00, '2021-12-27 15:50:54', '2021-12-27 15:50:54'),
(35, 3, 24, 3200.00, 2560.00, 640.00, 0.00, '2021-12-27 16:46:38', '2022-03-05 17:27:40'),
(36, 9, 0, 0.00, 0.00, 0.00, 0.00, '2021-12-27 16:46:38', '2021-12-27 16:46:38'),
(37, 12, 0, 0.00, 0.00, 0.00, 0.00, '2021-12-27 16:46:38', '2021-12-27 16:46:38'),
(38, 13, 0, 0.00, 0.00, 0.00, 0.00, '2021-12-27 16:46:38', '2021-12-27 16:46:38'),
(39, 15, 0, 0.00, 0.00, 0.00, 0.00, '2021-12-27 16:46:38', '2021-12-27 16:46:38'),
(40, 17, 0, 0.00, 0.00, 0.00, 0.00, '2021-12-27 16:46:38', '2021-12-27 16:46:38'),
(41, 18, 0, 0.00, 0.00, 0.00, 0.00, '2021-12-27 16:46:38', '2021-12-27 16:46:38'),
(42, 53, 15, 4600.00, 2300.00, 2300.00, 270.00, '2022-01-03 15:26:00', '2022-02-23 21:43:26'),
(43, NULL, 0, 0.00, 0.00, 0.00, 0.00, '2022-02-08 17:39:54', '2022-02-08 17:39:54'),
(44, 71, 1, 0.00, 0.00, 0.00, 0.00, '2022-02-10 00:23:45', '2022-02-10 16:22:28'),
(45, NULL, 0, 0.00, 0.00, 0.00, 0.00, '2022-02-10 15:49:51', '2022-02-10 15:49:51'),
(46, NULL, 0, 0.00, 0.00, 0.00, 0.00, '2022-02-10 21:08:54', '2022-02-10 21:08:54'),
(47, NULL, 0, 0.00, 0.00, 0.00, 0.00, '2022-02-10 21:08:54', '2022-02-10 21:08:54'),
(48, NULL, 0, 0.00, 0.00, 0.00, 0.00, '2022-02-10 21:08:54', '2022-02-10 21:08:54'),
(49, NULL, 0, 0.00, 0.00, 0.00, 0.00, '2022-02-10 21:08:54', '2022-02-10 21:08:54'),
(50, 73, 1, 200.90, 160.72, 40.18, 0.00, '2022-02-10 21:24:18', '2022-02-10 21:56:04'),
(51, 74, 0, 0.00, 0.00, 0.00, 0.00, '2022-02-18 13:14:42', '2022-02-18 13:14:42'),
(52, NULL, 0, 0.00, 0.00, 0.00, 0.00, '2022-02-28 22:10:47', '2022-02-28 22:10:47'),
(53, 76, 0, 0.00, 0.00, 0.00, 0.00, '2022-03-02 19:29:15', '2022-03-02 19:29:15'),
(54, 77, 0, 0.00, 0.00, 0.00, 0.00, '2022-03-05 03:26:01', '2022-03-05 03:26:01');

-- --------------------------------------------------------

--
-- Table structure for table `experiences`
--

CREATE TABLE `experiences` (
  `id` int(10) UNSIGNED NOT NULL,
  `title` longtext COLLATE utf8mb4_unicode_ci,
  `description` longtext COLLATE utf8mb4_unicode_ci,
  `e_provider_id` int(10) UNSIGNED NOT NULL,
  `created_at` timestamp NULL DEFAULT NULL,
  `updated_at` timestamp NULL DEFAULT NULL
) ENGINE=InnoDB DEFAULT CHARSET=utf8mb4 COLLATE=utf8mb4_unicode_ci;

--
-- Dumping data for table `experiences`
--

INSERT INTO `experiences` (`id`, `title`, `description`, `e_provider_id`, `created_at`, `updated_at`) VALUES
(22, '{\"en\":\"I don\'t understand. Where did they draw\"}', '{\"en\":\"I don\'t understand. Where did they draw the treacle from?\' \'You can draw water out of it, and found in it about four inches deep and reaching half down the little glass box that was linked into hers.\"}', 15, '2021-09-07 16:09:43', '2022-02-09 16:13:05');

-- --------------------------------------------------------

--
-- Table structure for table `e_providers`
--

CREATE TABLE `e_providers` (
  `id` int(10) UNSIGNED NOT NULL,
  `name` longtext COLLATE utf8mb4_unicode_ci,
  `e_provider_type_id` int(10) UNSIGNED NOT NULL,
  `description` longtext COLLATE utf8mb4_unicode_ci,
  `phone_number` varchar(50) COLLATE utf8mb4_unicode_ci DEFAULT NULL,
  `mobile_number` varchar(50) COLLATE utf8mb4_unicode_ci DEFAULT NULL,
  `availability_range` double(9,2) DEFAULT '0.00',
  `available` tinyint(1) DEFAULT '1',
  `featured` tinyint(1) DEFAULT '0',
  `accepted` tinyint(1) DEFAULT '0',
  `created_at` timestamp NULL DEFAULT NULL,
  `updated_at` timestamp NULL DEFAULT NULL
) ENGINE=InnoDB DEFAULT CHARSET=utf8mb4 COLLATE=utf8mb4_unicode_ci;

--
-- Dumping data for table `e_providers`
--

INSERT INTO `e_providers` (`id`, `name`, `e_provider_type_id`, `description`, `phone_number`, `mobile_number`, `availability_range`, `available`, `featured`, `accepted`, `created_at`, `updated_at`) VALUES
(3, '{\"en\":\"Painting Smith, McGlynn and Goldner\"}', 3, '{\"en\":\"<span style=\\\"color: rgb(77, 81, 86); font-family: arial, sans-serif; font-size: 14px;\\\">Book online <\\/span><span style=\\\"font-weight: bold; color: rgb(95, 99, 104); font-family: arial, sans-serif; font-size: 14px;\\\">painters<\\/span><span style=\\\"color: rgb(77, 81, 86); font-family: arial, sans-serif; font-size: 14px;\\\"> for your <\\/span><span style=\\\"font-weight: bold; color: rgb(95, 99, 104); font-family: arial, sans-serif; font-size: 14px;\\\">home<\\/span><span style=\\\"color: rgb(77, 81, 86); font-family: arial, sans-serif; font-size: 14px;\\\"> wall <\\/span><span style=\\\"font-weight: bold; color: rgb(95, 99, 104); font-family: arial, sans-serif; font-size: 14px;\\\">paint<\\/span><span style=\\\"color: rgb(77, 81, 86); font-family: arial, sans-serif; font-size: 14px;\\\"> in Lahore, Karachi, Islamabad. Get free quotes from highly rated <\\/span><span style=\\\"font-weight: bold; color: rgb(95, 99, 104); font-family: arial, sans-serif; font-size: 14px;\\\">Painters<\\/span><span style=\\\"color: rgb(77, 81, 86); font-family: arial, sans-serif; font-size: 14px;\\\"> on supertasker.<\\/span>\"}', '+1.862.709.5787', '224.772.0752', 68140.58, 1, 1, 1, '2021-09-07 16:09:41', '2022-02-28 22:25:40'),
(9, '{\"en\":\"Security Beier-Streich\"}', 3, '{\"en\":\"<span style=\\\"color: rgb(77, 81, 86); font-family: arial, sans-serif; font-size: 14px;\\\">Securitas is a leading provider of custom <\\/span><span style=\\\"font-weight: bold; color: rgb(95, 99, 104); font-family: arial, sans-serif; font-size: 14px;\\\">security<\\/span><span style=\\\"color: rgb(77, 81, 86); font-family: arial, sans-serif; font-size: 14px;\\\"> & guarding solutions. Explore our protective <\\/span><span style=\\\"font-weight: bold; color: rgb(95, 99, 104); font-family: arial, sans-serif; font-size: 14px;\\\">services<\\/span><span style=\\\"color: rgb(77, 81, 86); font-family: arial, sans-serif; font-size: 14px;\\\">, including on-site guarding, mobile patrol<\\/span>\"}', '1-316-516-5548', '713-739-1016', 8275.70, 1, 1, 1, '2021-09-07 16:09:41', '2022-02-16 21:48:18'),
(12, '{\"en\":\"Glass Weissnat, Schinner and Bauch\"}', 5, '{\"en\":\"<span style=\\\"color: rgb(77, 81, 86); font-family: arial, sans-serif; font-size: 14px;\\\">Book online&nbsp;<\\/span><span style=\\\"font-weight: bold; color: rgb(95, 99, 104); font-family: arial, sans-serif; font-size: 14px;\\\">painters<\\/span><span style=\\\"color: rgb(77, 81, 86); font-family: arial, sans-serif; font-size: 14px;\\\">&nbsp;for your&nbsp;<\\/span><span style=\\\"font-weight: bold; color: rgb(95, 99, 104); font-family: arial, sans-serif; font-size: 14px;\\\">home<\\/span><span style=\\\"color: rgb(77, 81, 86); font-family: arial, sans-serif; font-size: 14px;\\\">&nbsp;wall&nbsp;<\\/span><span style=\\\"font-weight: bold; color: rgb(95, 99, 104); font-family: arial, sans-serif; font-size: 14px;\\\">paint<\\/span><span style=\\\"color: rgb(77, 81, 86); font-family: arial, sans-serif; font-size: 14px;\\\">&nbsp;in Lahore, Karachi, Islamabad. Get free quotes from highly rated&nbsp;<\\/span><span style=\\\"font-weight: bold; color: rgb(95, 99, 104); font-family: arial, sans-serif; font-size: 14px;\\\">Painters<\\/span><span style=\\\"color: rgb(77, 81, 86); font-family: arial, sans-serif; font-size: 14px;\\\">&nbsp;on supertasker.<\\/span>\"}', '1-217-441-7263', '650-834-7393', 13249.52, 1, 1, 1, '2021-09-07 16:09:41', '2022-02-09 15:43:33'),
(13, '{\"en\":\"Care Services Lemke, Satterfield and Friesen\"}', 3, '{\"en\":\"<span style=\\\"color: rgb(77, 81, 86); font-family: arial, sans-serif; font-size: 14px;\\\">BrightStar&nbsp;<\\/span><span style=\\\"font-weight: bold; color: rgb(95, 99, 104); font-family: arial, sans-serif; font-size: 14px;\\\">Care<\\/span><span style=\\\"color: rgb(77, 81, 86); font-family: arial, sans-serif; font-size: 14px;\\\">&nbsp;is an in-home&nbsp;<\\/span><span style=\\\"font-weight: bold; color: rgb(95, 99, 104); font-family: arial, sans-serif; font-size: 14px;\\\">care<\\/span><span style=\\\"color: rgb(77, 81, 86); font-family: arial, sans-serif; font-size: 14px;\\\">&nbsp;company committed to delivering quality&nbsp;<\\/span><span style=\\\"font-weight: bold; color: rgb(95, 99, 104); font-family: arial, sans-serif; font-size: 14px;\\\">care<\\/span><span style=\\\"color: rgb(77, 81, 86); font-family: arial, sans-serif; font-size: 14px;\\\">&nbsp;to you and your loved ones. Call today to learn more and find a location<\\/span>\"}', '(865) 490-9790', '+1-364-989-6968', 13891.72, 1, 1, 1, '2021-09-07 16:09:41', '2022-02-09 15:44:45'),
(15, '{\"en\":\"Glass Dickinson-Mayert\"}', 3, '{\"en\":\"<span style=\\\"color: rgb(77, 81, 86); font-family: arial, sans-serif; font-size: 14px;\\\">The Los Angeles <\\/span><span style=\\\"font-weight: bold; color: rgb(95, 99, 104); font-family: arial, sans-serif; font-size: 14px;\\\">electricians<\\/span><span style=\\\"color: rgb(77, 81, 86); font-family: arial, sans-serif; font-size: 14px;\\\"> here at <\\/span><span style=\\\"font-weight: bold; color: rgb(95, 99, 104); font-family: arial, sans-serif; font-size: 14px;\\\">USA<\\/span><span style=\\\"color: rgb(77, 81, 86); font-family: arial, sans-serif; font-size: 14px;\\\"> Electric are some of the best in the business. Contact us with all your electrical needs!<\\/span>\"}', '+1-425-383-3984', '203.786.9113', 9850.13, 1, 1, 1, '2021-09-07 16:09:41', '2022-02-09 15:54:56'),
(17, '{\"en\":\"Greenhouse Glass & Hardware - Offering 24x7 On Site Glass Door Repair Service\"}', 3, '{\"en\":\"<span style=\\\"color: rgb(77, 81, 86); font-family: arial, sans-serif; font-size: 14px; white-space: pre-line;\\\">We Have the <\\/span><span class=\\\"hcV4Re nkGKTb\\\" style=\\\"font-weight: 800; color: rgb(77, 81, 86); font-family: arial, sans-serif; font-size: 14px; white-space: pre-line;\\\">Glass<\\/span><span style=\\\"color: rgb(77, 81, 86); font-family: arial, sans-serif; font-size: 14px; white-space: pre-line;\\\"> Solutions You Need for Your <\\/span><span class=\\\"hcV4Re nkGKTb\\\" style=\\\"font-weight: 800; color: rgb(77, 81, 86); font-family: arial, sans-serif; font-size: 14px; white-space: pre-line;\\\">Glass<\\/span><span style=\\\"color: rgb(77, 81, 86); font-family: arial, sans-serif; font-size: 14px; white-space: pre-line;\\\"> Doors. Serving Atlanta Since 1980. Storefront Entrances, Custom Shower Doors &amp; More. Lifetime Warrant. Call Our Team Today. Upfront Pricing. Lifetime Warranty. Free Estimates. 24\\/7 Emergency <\\/span><span class=\\\"hcV4Re nkGKTb\\\" style=\\\"font-weight: 800; color: rgb(77, 81, 86); font-family: arial, sans-serif; font-size: 14px; white-space: pre-line;\\\">Service<\\/span><span style=\\\"color: rgb(77, 81, 86); font-family: arial, sans-serif; font-size: 14px; white-space: pre-line;\\\">.<\\/span>\"}', '1-347-936-9134', '(878) 217-2199', 14244.41, 1, 1, 1, '2021-09-07 16:09:41', '2022-02-09 15:54:11'),
(18, '{\"en\":\"Electrician\"}', 3, '{\"en\":\"<span style=\\\"color: rgb(77, 81, 86); font-family: arial, sans-serif; font-size: 14px;\\\">Book online&nbsp;<\\/span><span style=\\\"font-weight: bold; color: rgb(95, 99, 104); font-family: arial, sans-serif; font-size: 14px;\\\">painters<\\/span><span style=\\\"color: rgb(77, 81, 86); font-family: arial, sans-serif; font-size: 14px;\\\">&nbsp;for your&nbsp;<\\/span><span style=\\\"font-weight: bold; color: rgb(95, 99, 104); font-family: arial, sans-serif; font-size: 14px;\\\">home<\\/span><span style=\\\"color: rgb(77, 81, 86); font-family: arial, sans-serif; font-size: 14px;\\\">&nbsp;wall&nbsp;<\\/span><span style=\\\"font-weight: bold; color: rgb(95, 99, 104); font-family: arial, sans-serif; font-size: 14px;\\\">paint<\\/span><span style=\\\"color: rgb(77, 81, 86); font-family: arial, sans-serif; font-size: 14px;\\\">&nbsp;in Lahore, Karachi, Islamabad. Get free quotes from highly rated&nbsp;<\\/span><span style=\\\"font-weight: bold; color: rgb(95, 99, 104); font-family: arial, sans-serif; font-size: 14px;\\\">Painters<\\/span><span style=\\\"color: rgb(77, 81, 86); font-family: arial, sans-serif; font-size: 14px;\\\">&nbsp;on supertasker.<\\/span>\"}', '+1-520-724-9352', '+1 (870) 414-2949', 14007.93, 1, 1, 1, '2021-09-07 16:09:41', '2022-02-09 15:53:07'),
(53, '{\"en\":\"Solar trade\"}', 5, '{\"en\":\"<p><span style=\\\"color: rgb(164, 164, 164); font-family: Rubik, Arial, Helvetica, sans-serif; font-size: 15px; text-align: center;\\\">Solar Trade is one of the leading photovoltaic distributors worldwide. The owner-managed and self-financed company offers a wide range of products for PV installers: solar modules, inverters, photovoltaic mounting systems, self-consumption systems, e-mobility, PV installation monitoring, and accessories. Solar Trade attaches great importance to providing its customers and project partners with sound advice and high product quality. Only high-quality components are included in the photovoltaic wholesaler’s product range. The portfolio includes solar modules from the following manufacturers: Jinko, Trina, Longi, Canadian, Znshine, JA Solar, Max Power, and many more. Brands for the areas of inverters, optimization, storage solutions, and e-mobility: Fronius, SMA, Sungrow, Inverex, Growatt, Voltronic, INVT, and many more.<\\/span><br><\\/p>\"}', '1234567890', '1234567890', 10000.00, 0, 1, 1, '2022-01-03 15:26:00', '2022-02-16 21:58:45'),
(71, '{\"en\":\"Cherokee Cote\"}', 3, '{\"en\":null}', NULL, NULL, 50000.00, 1, 1, 1, '2022-02-10 00:14:49', '2022-02-10 16:17:56'),
(73, '{\"en\":\"Jack Painter\"}', 3, '{\"en\":null}', NULL, NULL, 2000.00, 1, 1, 1, '2022-02-10 21:17:41', '2022-02-10 21:39:14'),
(74, '{\"en\":\"Ben Ten\"}', 3, '{\"en\":\"<p><span style=\\\"color: rgb(77, 81, 86); font-family: arial, sans-serif; font-size: 14px;\\\">Shopping Around for a New Energy Rate Doesn\'t Have to Be Confusing or Time-Consuming. We Have a Commitment to Delivering the Best Possible Rates. Shop Our Plans. Enroll Online. Read Blog. Types:&nbsp;<\\/span><span class=\\\"hcV4Re nkGKTb\\\" style=\\\"font-weight: 800; color: rgb(77, 81, 86); font-family: arial, sans-serif; font-size: 14px;\\\">Electricity<\\/span><span style=\\\"color: rgb(77, 81, 86); font-family: arial, sans-serif; font-size: 14px;\\\">&nbsp;&amp; Natural Gas Plan, Natural Gas Plan,&nbsp;<\\/span><span class=\\\"hcV4Re nkGKTb\\\" style=\\\"font-weight: 800; color: rgb(77, 81, 86); font-family: arial, sans-serif; font-size: 14px;\\\">Electricity<\\/span><span style=\\\"color: rgb(77, 81, 86); font-family: arial, sans-serif; font-size: 14px;\\\">&nbsp;Plan.<\\/span><br><\\/p>\"}', NULL, NULL, 10000.00, 1, 1, 1, '2022-02-18 12:43:11', '2022-02-18 13:21:11'),
(76, '{\"en\":\"Tom\"}', 3, '{\"en\":null}', NULL, NULL, 0.00, 0, 0, 1, '2022-03-02 19:12:46', '2022-03-02 19:29:15'),
(77, '{\"en\":\"provider test\"}', 3, '{\"en\":null}', '+923073033536', NULL, 0.00, 0, 0, 1, '2022-03-05 01:17:48', '2022-03-05 03:26:01'),
(78, '{\"en\":\"Technurts\"}', 3, NULL, '+923353637709', NULL, 0.00, 1, 0, 0, '2022-03-05 04:07:42', '2022-03-05 04:07:42'),
(79, '{\"en\":\"Awais\"}', 3, NULL, '+923032262425', NULL, 0.00, 1, 0, 0, '2022-05-24 17:10:41', '2022-05-24 17:10:41'),
(80, '{\"en\":\"Hafi Ahmed\"}', 3, NULL, '+923242408828', NULL, 0.00, 1, 0, 0, '2022-05-24 17:12:24', '2022-05-24 17:12:24');

-- --------------------------------------------------------

--
-- Table structure for table `e_provider_addresses`
--

CREATE TABLE `e_provider_addresses` (
  `e_provider_id` int(10) UNSIGNED NOT NULL,
  `address_id` int(10) UNSIGNED NOT NULL
) ENGINE=InnoDB DEFAULT CHARSET=utf8mb4 COLLATE=utf8mb4_unicode_ci;

--
-- Dumping data for table `e_provider_addresses`
--

INSERT INTO `e_provider_addresses` (`e_provider_id`, `address_id`) VALUES
(53, 1),
(9, 2),
(18, 2),
(9, 4),
(17, 6),
(18, 10),
(17, 11),
(13, 14),
(71, 14),
(15, 20),
(73, 26),
(3, 28),
(74, 28);

-- --------------------------------------------------------

--
-- Table structure for table `e_provider_payouts`
--

CREATE TABLE `e_provider_payouts` (
  `id` int(10) UNSIGNED NOT NULL,
  `e_provider_id` int(10) UNSIGNED NOT NULL,
  `method` varchar(127) COLLATE utf8mb4_unicode_ci NOT NULL,
  `amount` double(10,2) NOT NULL DEFAULT '0.00',
  `paid_date` datetime NOT NULL,
  `note` text COLLATE utf8mb4_unicode_ci,
  `created_at` timestamp NULL DEFAULT NULL,
  `updated_at` timestamp NULL DEFAULT NULL
) ENGINE=InnoDB DEFAULT CHARSET=utf8mb4 COLLATE=utf8mb4_unicode_ci;

--
-- Dumping data for table `e_provider_payouts`
--

INSERT INTO `e_provider_payouts` (`id`, `e_provider_id`, `method`, `amount`, `paid_date`, `note`, `created_at`, `updated_at`) VALUES
(1, 3, 'Cash', 0.60, '2022-01-05 11:44:02', '<p>test</p>', '2022-01-05 16:44:02', '2022-01-05 16:44:02'),
(2, 73, 'Bank', 40.18, '2022-02-10 17:06:34', '<p>Paying amount</p>', '2022-02-10 22:06:34', '2022-02-10 22:06:34'),
(3, 53, 'Cash', 2300.00, '2022-02-28 17:50:39', '<p>test</p>', '2022-02-28 22:50:39', '2022-02-28 22:50:39');

-- --------------------------------------------------------

--
-- Table structure for table `e_provider_taxes`
--

CREATE TABLE `e_provider_taxes` (
  `e_provider_id` int(10) UNSIGNED NOT NULL,
  `tax_id` int(10) UNSIGNED NOT NULL
) ENGINE=InnoDB DEFAULT CHARSET=utf8mb4 COLLATE=utf8mb4_unicode_ci;

--
-- Dumping data for table `e_provider_taxes`
--

INSERT INTO `e_provider_taxes` (`e_provider_id`, `tax_id`) VALUES
(53, 3),
(15, 4);

-- --------------------------------------------------------

--
-- Table structure for table `e_provider_types`
--

CREATE TABLE `e_provider_types` (
  `id` int(10) UNSIGNED NOT NULL,
  `name` longtext COLLATE utf8mb4_unicode_ci,
  `commission` double(5,2) NOT NULL DEFAULT '0.00',
  `disabled` tinyint(1) NOT NULL DEFAULT '0',
  `created_at` timestamp NULL DEFAULT NULL,
  `updated_at` timestamp NULL DEFAULT NULL
) ENGINE=InnoDB DEFAULT CHARSET=utf8mb4 COLLATE=utf8mb4_unicode_ci;

--
-- Dumping data for table `e_provider_types`
--

INSERT INTO `e_provider_types` (`id`, `name`, `commission`, `disabled`, `created_at`, `updated_at`) VALUES
(3, '{\"en\":\"Freelancer\"}', 20.00, 0, '2021-01-18 00:27:18', '2022-02-16 21:46:33'),
(5, '{\"en\":\"Company\"}', 50.00, 0, '2021-12-16 15:56:59', '2022-02-16 21:54:03'),
(7, '{\"en\":\"Corporate\"}', 30.00, 0, '2022-01-05 16:55:38', '2022-01-05 16:55:38');

-- --------------------------------------------------------

--
-- Table structure for table `e_provider_users`
--

CREATE TABLE `e_provider_users` (
  `user_id` bigint(20) UNSIGNED NOT NULL,
  `e_provider_id` int(10) UNSIGNED NOT NULL
) ENGINE=InnoDB DEFAULT CHARSET=utf8mb4 COLLATE=utf8mb4_unicode_ci;

--
-- Dumping data for table `e_provider_users`
--

INSERT INTO `e_provider_users` (`user_id`, `e_provider_id`) VALUES
(2, 3),
(2, 9),
(4, 13),
(6, 17),
(2, 53),
(33, 71),
(36, 73),
(39, 74),
(46, 76);

-- --------------------------------------------------------

--
-- Table structure for table `e_services`
--

CREATE TABLE `e_services` (
  `id` int(10) UNSIGNED NOT NULL,
  `name` longtext COLLATE utf8mb4_unicode_ci,
  `price` double(10,2) NOT NULL DEFAULT '0.00',
  `discount_price` double(10,2) DEFAULT '0.00',
  `price_unit` enum('hourly','fixed') COLLATE utf8mb4_unicode_ci NOT NULL,
  `quantity_unit` longtext COLLATE utf8mb4_unicode_ci,
  `duration` varchar(16) COLLATE utf8mb4_unicode_ci DEFAULT NULL,
  `description` longtext COLLATE utf8mb4_unicode_ci,
  `featured` tinyint(1) DEFAULT '0',
  `available` tinyint(1) DEFAULT '1',
  `e_provider_id` int(10) UNSIGNED NOT NULL,
  `created_at` timestamp NULL DEFAULT NULL,
  `updated_at` timestamp NULL DEFAULT NULL
) ENGINE=InnoDB DEFAULT CHARSET=utf8mb4 COLLATE=utf8mb4_unicode_ci;

--
-- Dumping data for table `e_services`
--

INSERT INTO `e_services` (`id`, `name`, `price`, `discount_price`, `price_unit`, `quantity_unit`, `duration`, `description`, `featured`, `available`, `e_provider_id`, `created_at`, `updated_at`) VALUES
(59, '{\"en\":\"Plumbing work\"}', 100.00, 0.00, 'fixed', '{\"en\":null}', '02:00', '{\"en\":\"<p><span style=\\\"font-weight: bold; color: rgb(95, 99, 104); font-family: arial, sans-serif; font-size: 14px;\\\">Plumbing<\\/span><span style=\\\"color: rgb(77, 81, 86); font-family: arial, sans-serif; font-size: 14px;\\\"> Maintenance Checks · <\\/span><span style=\\\"font-weight: bold; color: rgb(95, 99, 104); font-family: arial, sans-serif; font-size: 14px;\\\">Plumbing<\\/span><span style=\\\"color: rgb(77, 81, 86); font-family: arial, sans-serif; font-size: 14px;\\\"> Fixture Installation · Clearing Blocked <\\/span><span style=\\\"font-weight: bold; color: rgb(95, 99, 104); font-family: arial, sans-serif; font-size: 14px;\\\">Pipes<\\/span><span style=\\\"color: rgb(77, 81, 86); font-family: arial, sans-serif; font-size: 14px;\\\"> · Replacing Damaged <\\/span><span style=\\\"font-weight: bold; color: rgb(95, 99, 104); font-family: arial, sans-serif; font-size: 14px;\\\">Pipes<\\/span><span style=\\\"color: rgb(77, 81, 86); font-family: arial, sans-serif; font-size: 14px;\\\"> · Sewer Line <\\/span><span style=\\\"font-weight: bold; color: rgb(95, 99, 104); font-family: arial, sans-serif; font-size: 14px;\\\">Repair<\\/span><span style=\\\"color: rgb(77, 81, 86); font-family: arial, sans-serif; font-size: 14px;\\\"> · Septic Tank Maintenance.<\\/span><br><\\/p>\"}', 1, 1, 3, '2021-12-27 15:40:43', '2022-02-09 17:55:53'),
(62, '{\"en\":\"Pipe cleaning\"}', 200.00, NULL, 'fixed', '{\"en\":\"1\"}', NULL, '{\"en\":\"<span style=\\\"color: rgb(77, 81, 86); font-family: arial, sans-serif; font-size: 14px;\\\">CleanAll Solutions provides the <\\/span><span style=\\\"font-weight: bold; color: rgb(95, 99, 104); font-family: arial, sans-serif; font-size: 14px;\\\">services<\\/span><span style=\\\"color: rgb(77, 81, 86); font-family: arial, sans-serif; font-size: 14px;\\\"> of sewer and drain <\\/span><span style=\\\"font-weight: bold; color: rgb(95, 99, 104); font-family: arial, sans-serif; font-size: 14px;\\\">cleaning<\\/span><span style=\\\"color: rgb(77, 81, 86); font-family: arial, sans-serif; font-size: 14px;\\\"> using ... removal of mineral deposits and corrosion, industrial <\\/span><span style=\\\"font-weight: bold; color: rgb(95, 99, 104); font-family: arial, sans-serif; font-size: 14px;\\\">pipe<\\/span><span style=\\\"color: rgb(77, 81, 86); font-family: arial, sans-serif; font-size: 14px;\\\"> and tube <\\/span><span style=\\\"font-weight: bold; color: rgb(95, 99, 104); font-family: arial, sans-serif; font-size: 14px;\\\">cleaning<\\/span><span style=\\\"color: rgb(77, 81, 86); font-family: arial, sans-serif; font-size: 14px;\\\">.<\\/span>\"}', 1, 1, 18, '2021-12-27 17:27:23', '2022-02-09 17:55:40'),
(63, '{\"en\":\"Solar Facial Module\"}', 200.00, NULL, 'fixed', '{\"en\":\"500\"}', '14:35', '{\"en\":\"<p style=\\\"margin-right: 0px; margin-bottom: 0px; margin-left: 0px; padding: 0px; color: rgb(164, 164, 164); font-family: Rubik, Arial, Helvetica, sans-serif; font-size: 14px; letter-spacing: 1px;\\\"><span style=\\\"font-weight: bold; color: rgb(95, 99, 104); font-family: arial, sans-serif; letter-spacing: normal;\\\">SOLAR PANEL<\\/span><span style=\\\"color: rgb(77, 81, 86); font-family: arial, sans-serif; letter-spacing: normal;\\\"> MAINTENANCE & <\\/span><span style=\\\"font-weight: bold; color: rgb(95, 99, 104); font-family: arial, sans-serif; letter-spacing: normal;\\\">REPAIR SERVICES<\\/span><span style=\\\"color: rgb(77, 81, 86); font-family: arial, sans-serif; letter-spacing: normal;\\\"> · Commercial and Residential · Solar System Ownership Transfer Assistance.<\\/span><br><\\/p>\"}', 1, 1, 53, '2022-01-03 15:29:02', '2022-02-09 17:56:18'),
(67, '{\"en\":\"Flooring Service\"}', 200.00, NULL, 'hourly', '{\"en\":null}', '15:25', '{\"en\":\"<p><span style=\\\"color: rgb(77, 81, 86); font-family: arial, sans-serif; font-size: 14px;\\\">Martin\'s Flooring is a full-service flooring company, offering <\\/span><span style=\\\"font-weight: bold; color: rgb(95, 99, 104); font-family: arial, sans-serif; font-size: 14px;\\\">flooring services<\\/span><span style=\\\"color: rgb(77, 81, 86); font-family: arial, sans-serif; font-size: 14px;\\\"> like flooring installation, carpet cleaning, interior design, and more.<\\/span><br><\\/p>\"}', 1, 1, 3, '2022-02-09 16:25:27', '2022-02-09 17:56:47'),
(69, '{\"en\":\"Fire damage\"}', 500.00, NULL, 'fixed', '{\"en\":null}', NULL, '{\"en\":\"<p><span class=\\\"hcV4Re nkGKTb\\\" style=\\\"font-weight: 800; color: rgb(77, 81, 86); font-family: arial, sans-serif; font-size: 14px; white-space: pre-line;\\\">Fire Damage Restoration<\\/span><span style=\\\"color: rgb(77, 81, 86); font-family: arial, sans-serif; font-size: 14px; white-space: pre-line;\\\"> Contractor, <\\/span><span class=\\\"hcV4Re nkGKTb\\\" style=\\\"font-weight: 800; color: rgb(77, 81, 86); font-family: arial, sans-serif; font-size: 14px; white-space: pre-line;\\\">Fire<\\/span><span style=\\\"color: rgb(77, 81, 86); font-family: arial, sans-serif; font-size: 14px; white-space: pre-line;\\\"> & Smoke Repairs in Nashville and Vicinity.\\r\\nWe Offer a Range of <\\/span><span class=\\\"hcV4Re nkGKTb\\\" style=\\\"font-weight: 800; color: rgb(77, 81, 86); font-family: arial, sans-serif; font-size: 14px; white-space: pre-line;\\\">Fire Damage Restoration Services<\\/span><span style=\\\"color: rgb(77, 81, 86); font-family: arial, sans-serif; font-size: 14px; white-space: pre-line;\\\"> Including Water Mitigation & Repairs.<\\/span><br><\\/p>\"}', 1, 1, 3, '2022-02-09 17:23:40', '2022-02-09 17:57:09'),
(72, '{\"en\":\"Electrical\"}', 500.00, NULL, 'hourly', '{\"en\":null}', '16:38', '{\"en\":\"<p><span style=\\\"color: rgb(77, 81, 86); font-family: arial, sans-serif; font-size: 14px; white-space: pre-line;\\\">Experienced Commercial Electrician. Prompt <\\/span><span class=\\\"hcV4Re nkGKTb\\\" style=\\\"font-weight: 800; color: rgb(77, 81, 86); font-family: arial, sans-serif; font-size: 14px; white-space: pre-line;\\\">Service<\\/span><span style=\\\"color: rgb(77, 81, 86); font-family: arial, sans-serif; font-size: 14px; white-space: pre-line;\\\">. Affordable Rates. Call Today.\\r\\nPersonalized attention. Fast response time. 87 years experience. Licensed professionals. Since 1932<\\/span><br><\\/p>\"}', 1, 1, 3, '2022-02-09 17:38:40', '2022-02-09 17:57:38'),
(73, '{\"en\":\"Service Master\"}', 400.00, NULL, 'hourly', '{\"en\":null}', NULL, '{\"en\":\"<p><div class=\\\"g tF2Cxc\\\" data-hveid=\\\"CIcCEAA\\\" data-ved=\\\"2ahUKEwiKwczjxPL1AhUnQfEDHZpnDuQQFSgAegUIhwIQAA\\\" style=\\\"font-family: arial, sans-serif; font-size: 14px; line-height: 1.58; text-align: left; width: 600px; margin-top: 0px; margin-bottom: 30px; position: relative; color: rgb(32, 33, 36); font-style: normal; font-variant-ligatures: normal; font-variant-caps: normal; font-weight: 400; letter-spacing: normal; orphans: 2; text-indent: 0px; text-transform: none; white-space: normal; widows: 2; word-spacing: 0px; -webkit-text-stroke-width: 0px; background-color: rgb(255, 255, 255); text-decoration-thickness: initial; text-decoration-style: initial; text-decoration-color: initial;\\\"><div class=\\\"jtfYYd\\\" data-sokoban-container=\\\"SOKOBAN_14587854330874460150\\\" style=\\\"display: flex; flex-direction: column; position: relative; overflow: hidden; contain: layout paint; flex-shrink: 0;\\\"><div class=\\\"NJo7tc Z26q7c jGGQ5e\\\" data-header-feature=\\\"0\\\" style=\\\"display: block; flex-direction: row; flex: 0 0 auto;\\\"><\\/div><\\/div><\\/div><\\/p><div class=\\\"g tF2Cxc\\\" data-hveid=\\\"CKQCEAA\\\" data-ved=\\\"2ahUKEwiKwczjxPL1AhUnQfEDHZpnDuQQFSgAegUIpAIQAA\\\" style=\\\"font-family: arial, sans-serif; font-size: 14px; line-height: 1.58; text-align: left; width: 600px; margin-top: 0px; margin-bottom: 30px; position: relative; color: rgb(32, 33, 36); font-style: normal; font-variant-ligatures: normal; font-variant-caps: normal; font-weight: 400; letter-spacing: normal; orphans: 2; text-indent: 0px; text-transform: none; white-space: normal; widows: 2; word-spacing: 0px; -webkit-text-stroke-width: 0px; background-color: rgb(255, 255, 255); text-decoration-thickness: initial; text-decoration-style: initial; text-decoration-color: initial;\\\"><div class=\\\"jtfYYd\\\" data-sokoban-container=\\\"SOKOBAN_11877505616759432292\\\" style=\\\"display: flex; flex-direction: column; position: relative; overflow: hidden; contain: layout paint; flex-shrink: 0;\\\"><div class=\\\"NJo7tc Z26q7c uUuwM\\\" data-content-feature=\\\"1\\\" style=\\\"display: block; flex-direction: row; flex: 1 1 auto;\\\"><div class=\\\"VwiC3b yXK7lf MUxGbd yDYNvb lyLwlc lEBKkf\\\" style=\\\"overflow-wrap: break-word; padding-top: 0px; margin-bottom: 0px; color: rgb(77, 81, 86); display: -webkit-box; -webkit-box-orient: vertical; overflow: hidden; -webkit-line-clamp: 2;\\\"><span>ServiceMaster Clean is a commercial<span> <\\/span><em style=\\\"font-weight: bold; font-style: normal; color: rgb(95, 99, 104);\\\">cleaning company<\\/em><span> <\\/span>with 65+ years of experience. We set the industry standard for<span> <\\/span><em style=\\\"font-weight: bold; font-style: normal; color: rgb(95, 99, 104);\\\">cleaning services<\\/em>.<\\/span><\\/div><\\/div><div class=\\\"NJo7tc Z26q7c\\\" style=\\\"display: block; flex-direction: row; flex: 0 0 auto;\\\"><div jscontroller=\\\"K6HGfd\\\" id=\\\"eob_9\\\" jsdata=\\\"fxg5tf;_;BzdYxQ\\\" jsaction=\\\"rcuQ6b:npT2md\\\" data-ved=\\\"2ahUKEwiKwczjxPL1AhUnQfEDHZpnDuQQ2Z0BegUIlgIQAA\\\"><\\/div><\\/div><\\/div><\\/div>\"}', 1, 1, 3, '2022-02-09 17:41:15', '2022-02-09 17:58:22'),
(81, '{\"en\":\"I can paint your home\"}', 100.00, 90.00, 'hourly', '{\"en\":null}', '02:00', '{\"en\":\"<p>I can paint your home in cheap rates<\\/p>\"}', 1, 1, 73, '2022-02-10 21:20:24', '2022-02-10 21:20:24'),
(82, '{\"en\":\"Electrician in california\"}', 100.00, NULL, 'fixed', '{\"en\":null}', NULL, '{\"en\":\"<p><font color=\\\"#000000\\\" face=\\\"Open Sans, serif\\\"><span style=\\\"font-size: 11px; background-color: rgb(255, 255, 255);\\\"><b style=\\\"\\\">Express Electrical Services serves all of Southern California, including Los Angeles County, Orange County, Riverside County, San Bernardino County & Ventura County. Our electricians offer a variety of electrical services & home safety services and we have a 60-90* minute response time on most services.<\\/b><\\/span><\\/font><br><\\/p>\"}', 1, 1, 74, '2022-02-18 13:02:21', '2022-02-18 13:03:57'),
(86, '{\"en\":\"Test service\"}', 100.00, NULL, 'hourly', '{\"en\":null}', '23:34', '{\"en\":\"<p>test<\\/p>\"}', 1, 1, 3, '2022-02-28 22:34:19', '2022-02-28 22:34:19'),
(87, '{\"en\":\"I can do painting\"}', 100.00, 90.00, 'fixed', '{\"en\":null}', NULL, '{\"en\":\"<p>I can do painting of your office or home<br><\\/p>\"}', 0, 1, 76, '2022-03-02 19:14:19', '2022-03-02 19:14:19');

-- --------------------------------------------------------

--
-- Table structure for table `e_service_categories`
--

CREATE TABLE `e_service_categories` (
  `e_service_id` int(10) UNSIGNED NOT NULL,
  `category_id` int(10) UNSIGNED NOT NULL
) ENGINE=InnoDB DEFAULT CHARSET=utf8mb4 COLLATE=utf8mb4_unicode_ci;

--
-- Dumping data for table `e_service_categories`
--

INSERT INTO `e_service_categories` (`e_service_id`, `category_id`) VALUES
(59, 10),
(63, 10),
(67, 10),
(69, 10),
(72, 10),
(73, 10),
(86, 10),
(62, 15),
(63, 15),
(67, 15),
(69, 15),
(72, 15),
(73, 15),
(59, 16),
(62, 16),
(67, 16),
(69, 16),
(72, 16),
(73, 16),
(59, 17),
(63, 17),
(67, 17),
(69, 17),
(72, 17),
(73, 17),
(59, 18),
(62, 18),
(63, 18),
(67, 18),
(69, 18),
(72, 18),
(73, 18),
(63, 19),
(67, 19),
(69, 19),
(72, 19),
(73, 19),
(81, 19),
(87, 19),
(62, 20),
(72, 20),
(73, 20),
(82, 20),
(59, 22),
(63, 22),
(67, 22),
(69, 22),
(72, 22),
(73, 22),
(62, 23),
(63, 23),
(67, 23),
(72, 23),
(73, 23),
(59, 24),
(62, 24),
(73, 24),
(62, 25),
(73, 25),
(69, 26),
(73, 26),
(73, 27),
(67, 28),
(69, 28),
(72, 28),
(73, 28),
(69, 29),
(73, 29),
(62, 30),
(67, 30),
(73, 30);

-- --------------------------------------------------------

--
-- Table structure for table `e_service_reviews`
--

CREATE TABLE `e_service_reviews` (
  `id` int(10) UNSIGNED NOT NULL,
  `review` text COLLATE utf8mb4_unicode_ci,
  `rate` decimal(3,2) NOT NULL DEFAULT '0.00',
  `user_id` bigint(20) UNSIGNED NOT NULL,
  `e_service_id` int(10) UNSIGNED NOT NULL,
  `created_at` timestamp NULL DEFAULT NULL,
  `updated_at` timestamp NULL DEFAULT NULL
) ENGINE=InnoDB DEFAULT CHARSET=utf8mb4 COLLATE=utf8mb4_unicode_ci;

--
-- Dumping data for table `e_service_reviews`
--

INSERT INTO `e_service_reviews` (`id`, `review`, `rate`, `user_id`, `e_service_id`, `created_at`, `updated_at`) VALUES
(102, '<p><span style=\"color: rgb(77, 81, 86); font-family: arial, sans-serif; font-size: 14px;\">A&nbsp;</span><span style=\"font-weight: bold; color: rgb(95, 99, 104); font-family: arial, sans-serif; font-size: 14px;\">wiki</span><span style=\"color: rgb(77, 81, 86); font-family: arial, sans-serif; font-size: 14px;\">&nbsp;is essentially a database for creating, browsing, and searching through information. A&nbsp;</span><span style=\"font-weight: bold; color: rgb(95, 99, 104); font-family: arial, sans-serif; font-size: 14px;\">wiki</span><span style=\"color: rgb(77, 81, 86); font-family: arial, sans-serif; font-size: 14px;\">&nbsp;allows non-linear, evolving, complex, and networked tex</span><br></p>', '5.00', 3, 59, '2021-12-31 21:23:15', '2022-02-09 15:35:04'),
(104, '<p><span style=\"color: rgb(77, 81, 86); font-family: arial, sans-serif; font-size: 14px;\">A&nbsp;</span><span style=\"font-weight: bold; color: rgb(95, 99, 104); font-family: arial, sans-serif; font-size: 14px;\">wiki</span><span style=\"color: rgb(77, 81, 86); font-family: arial, sans-serif; font-size: 14px;\">&nbsp;is essentially a database for creating, browsing, and searching through information. A&nbsp;</span><span style=\"font-weight: bold; color: rgb(95, 99, 104); font-family: arial, sans-serif; font-size: 14px;\">wiki</span><span style=\"color: rgb(77, 81, 86); font-family: arial, sans-serif; font-size: 14px;\">&nbsp;allows non-linear, evolving, complex, and networked tex</span><br></p>', '1.00', 5, 62, '2022-02-09 15:35:19', '2022-02-09 15:35:19'),
(105, '<p><span style=\"color: rgb(77, 81, 86); font-family: arial, sans-serif; font-size: 14px;\">A&nbsp;</span><span style=\"font-weight: bold; color: rgb(95, 99, 104); font-family: arial, sans-serif; font-size: 14px;\">wiki</span><span style=\"color: rgb(77, 81, 86); font-family: arial, sans-serif; font-size: 14px;\">&nbsp;is essentially a database for creating, browsing, and searching through information. A&nbsp;</span><span style=\"font-weight: bold; color: rgb(95, 99, 104); font-family: arial, sans-serif; font-size: 14px;\">wiki</span><span style=\"color: rgb(77, 81, 86); font-family: arial, sans-serif; font-size: 14px;\">&nbsp;allows non-linear, evolving, complex, and networked tex</span><br></p>', '5.00', 6, 63, '2022-02-09 15:35:31', '2022-02-09 15:35:31'),
(108, NULL, '1.00', 3, 63, '2022-02-14 19:00:40', '2022-02-14 19:00:40'),
(109, 'good work', '5.00', 51, 59, '2022-03-05 03:55:49', '2022-03-05 17:28:52');

-- --------------------------------------------------------

--
-- Table structure for table `failed_jobs`
--

CREATE TABLE `failed_jobs` (
  `id` bigint(20) UNSIGNED NOT NULL,
  `connection` text COLLATE utf8mb4_unicode_ci NOT NULL,
  `queue` text COLLATE utf8mb4_unicode_ci NOT NULL,
  `payload` longtext COLLATE utf8mb4_unicode_ci NOT NULL,
  `exception` longtext COLLATE utf8mb4_unicode_ci NOT NULL,
  `failed_at` timestamp NOT NULL DEFAULT CURRENT_TIMESTAMP
) ENGINE=InnoDB DEFAULT CHARSET=utf8mb4 COLLATE=utf8mb4_unicode_ci;

-- --------------------------------------------------------

--
-- Table structure for table `faqs`
--

CREATE TABLE `faqs` (
  `id` int(10) UNSIGNED NOT NULL,
  `question` longtext COLLATE utf8mb4_unicode_ci,
  `answer` longtext COLLATE utf8mb4_unicode_ci,
  `faq_category_id` int(10) UNSIGNED NOT NULL,
  `created_at` timestamp NULL DEFAULT NULL,
  `updated_at` timestamp NULL DEFAULT NULL
) ENGINE=InnoDB DEFAULT CHARSET=utf8mb4 COLLATE=utf8mb4_unicode_ci;

-- --------------------------------------------------------

--
-- Table structure for table `faq_categories`
--

CREATE TABLE `faq_categories` (
  `id` int(10) UNSIGNED NOT NULL,
  `name` longtext COLLATE utf8mb4_unicode_ci,
  `created_at` timestamp NULL DEFAULT NULL,
  `updated_at` timestamp NULL DEFAULT NULL
) ENGINE=InnoDB DEFAULT CHARSET=utf8mb4 COLLATE=utf8mb4_unicode_ci;

--
-- Dumping data for table `faq_categories`
--

INSERT INTO `faq_categories` (`id`, `name`, `created_at`, `updated_at`) VALUES
(6, '{\"en\":\"Service\"}', '2022-02-11 20:06:24', '2022-02-16 21:20:26');

-- --------------------------------------------------------

--
-- Table structure for table `favorites`
--

CREATE TABLE `favorites` (
  `id` int(10) UNSIGNED NOT NULL,
  `e_service_id` int(10) UNSIGNED NOT NULL,
  `user_id` bigint(20) UNSIGNED NOT NULL,
  `created_at` timestamp NULL DEFAULT NULL,
  `updated_at` timestamp NULL DEFAULT NULL
) ENGINE=InnoDB DEFAULT CHARSET=utf8mb4 COLLATE=utf8mb4_unicode_ci;

-- --------------------------------------------------------

--
-- Table structure for table `favorite_options`
--

CREATE TABLE `favorite_options` (
  `option_id` int(10) UNSIGNED NOT NULL,
  `favorite_id` int(10) UNSIGNED NOT NULL
) ENGINE=InnoDB DEFAULT CHARSET=utf8mb4 COLLATE=utf8mb4_unicode_ci;

-- --------------------------------------------------------

--
-- Table structure for table `galleries`
--

CREATE TABLE `galleries` (
  `id` int(10) UNSIGNED NOT NULL,
  `description` longtext COLLATE utf8mb4_unicode_ci,
  `e_provider_id` int(10) UNSIGNED NOT NULL,
  `created_at` timestamp NULL DEFAULT NULL,
  `updated_at` timestamp NULL DEFAULT NULL
) ENGINE=InnoDB DEFAULT CHARSET=utf8mb4 COLLATE=utf8mb4_unicode_ci;

-- --------------------------------------------------------

--
-- Table structure for table `media`
--

CREATE TABLE `media` (
  `id` bigint(20) UNSIGNED NOT NULL,
  `model_type` varchar(191) COLLATE utf8mb4_unicode_ci NOT NULL,
  `model_id` bigint(20) UNSIGNED NOT NULL,
  `collection_name` varchar(191) COLLATE utf8mb4_unicode_ci NOT NULL,
  `name` varchar(191) COLLATE utf8mb4_unicode_ci NOT NULL,
  `file_name` varchar(191) COLLATE utf8mb4_unicode_ci NOT NULL,
  `mime_type` varchar(191) COLLATE utf8mb4_unicode_ci DEFAULT NULL,
  `disk` varchar(191) COLLATE utf8mb4_unicode_ci NOT NULL,
  `size` bigint(20) UNSIGNED NOT NULL,
  `manipulations` text COLLATE utf8mb4_unicode_ci NOT NULL,
  `custom_properties` text COLLATE utf8mb4_unicode_ci NOT NULL,
  `responsive_images` text COLLATE utf8mb4_unicode_ci NOT NULL,
  `order_column` int(10) UNSIGNED DEFAULT NULL,
  `created_at` timestamp NULL DEFAULT NULL,
  `updated_at` timestamp NULL DEFAULT NULL
) ENGINE=InnoDB DEFAULT CHARSET=utf8mb4 COLLATE=utf8mb4_unicode_ci;

--
-- Dumping data for table `media`
--

INSERT INTO `media` (`id`, `model_type`, `model_id`, `collection_name`, `name`, `file_name`, `mime_type`, `disk`, `size`, `manipulations`, `custom_properties`, `responsive_images`, `order_column`, `created_at`, `updated_at`) VALUES
(3, 'App\\Models\\PaymentMethod', 2, 'logo', 'razorpay', 'razorpay.png', 'image/png', 'public', 13026, '[]', '{\"uuid\":\"13e62475-6b5f-4812-b484-2b94cc52b715\",\"user_id\":1,\"generated_conversions\":{\"thumb\":true,\"icon\":true}}', '[]', 3, '2021-05-07 22:03:38', '2021-05-07 22:03:38'),
(5, 'App\\Models\\PaymentMethod', 5, 'logo', 'paypal', 'paypal.png', 'image/png', 'public', 15819, '[]', '{\"uuid\":\"2b8bd9b8-5c37-4464-a5c7-623496d7655f\",\"user_id\":1,\"generated_conversions\":{\"thumb\":true,\"icon\":true}}', '[]', 5, '2021-05-07 22:03:49', '2021-05-07 22:03:49'),
(7, 'App\\Models\\PaymentMethod', 6, 'logo', 'pay_pickup', 'pay_pickup.png', 'image/png', 'public', 11712, '[]', '{\"uuid\":\"5e06e7ca-ac33-413c-9ab0-6fd4e3083cc1\",\"user_id\":1,\"generated_conversions\":{\"thumb\":true,\"icon\":true}}', '[]', 7, '2021-05-07 22:03:58', '2021-05-07 22:03:58'),
(9, 'App\\Models\\PaymentMethod', 7, 'logo', 'stripe-logo', 'stripe-logo.png', 'image/png', 'public', 5436, '[]', '{\"uuid\":\"bd448a36-8a5e-4c85-8d6e-c356843429c8\",\"user_id\":1,\"generated_conversions\":{\"thumb\":true,\"icon\":true}}', '[]', 9, '2021-05-07 22:04:23', '2021-05-07 22:04:23'),
(10, 'App\\Models\\PaymentMethod', 9, 'logo', 'flutterwave', 'flutterwave.png', 'image/png', 'public', 5436, '[]', '{\"uuid\":\"bd558a96-8a5e-4a85-8d6e-c456648429c8\",\"user_id\":1,\"generated_conversions\":{\"thumb\":true,\"icon\":true}}', '[]', 10, '2021-05-07 22:04:23', '2021-05-07 22:04:23'),
(11, 'App\\Models\\PaymentMethod', 8, 'logo', 'paystack', 'paystack.png', 'image/png', 'public', 5436, '[]', '{\"uuid\":\"bd448a96-8a5e-4c85-8d6e-c356648429c8\",\"user_id\":1,\"generated_conversions\":{\"thumb\":true,\"icon\":true}}', '[]', 11, '2021-05-07 22:04:23', '2021-05-07 22:04:23'),
(12, 'App\\Models\\PaymentMethod', 10, 'logo', 'fpx', 'fpx.png', 'image/png', 'public', 5436, '[]', '{\"uuid\":\"bd558a84-8a5e-4b85-8d6f-c456648429c8\",\"user_id\":1,\"generated_conversions\":{\"thumb\":true,\"icon\":true}}', '[]', 12, '2021-05-07 22:04:23', '2021-05-07 22:04:23'),
(13, 'App\\Models\\PaymentMethod', 11, 'logo', 'wallet', 'wallet.png', 'image/png', 'public', 5436, '[]', '{\"uuid\":\"bd558a84-8a5e-4b85-8d6f-c456648429c8\",\"user_id\":1,\"generated_conversions\":{\"thumb\":true,\"icon\":true}}', '[]', 12, '2021-08-07 22:04:23', '2021-08-07 22:04:23'),
(14, 'App\\Models\\Upload', 1, 'image', 'Brittany', 'Brittany.jpg', 'image/jpeg', 'public', 25323, '[]', '{\"uuid\":\"5c5baf8f-b523-46e0-8ecd-ba1d1ed73207\",\"user_id\":9,\"generated_conversions\":{\"thumb\":true,\"icon\":true}}', '[]', 13, '2021-09-14 17:22:50', '2021-09-14 17:22:50'),
(15, 'App\\Models\\Upload', 2, 'image', 'Brittany', 'Brittany.jpg', 'image/jpeg', 'public', 25323, '[]', '{\"uuid\":\"7929febc-781d-4da9-bb4a-d0c227831297\",\"user_id\":9,\"generated_conversions\":{\"thumb\":true,\"icon\":true}}', '[]', 14, '2021-09-14 17:31:05', '2021-09-14 17:31:05'),
(16, 'App\\Models\\EProvider', 19, 'image', 'Brittany', 'Brittany.jpg', 'image/jpeg', 'public', 25323, '[]', '{\"uuid\":\"7929febc-781d-4da9-bb4a-d0c227831297\",\"user_id\":9,\"generated_conversions\":{\"thumb\":true,\"icon\":true}}', '[]', 15, '2021-09-14 17:31:46', '2021-09-14 17:31:46'),
(17, 'App\\Models\\Upload', 3, 'avatar', 'scaled_image_picker6207571479174220693', 'scaled_image_picker6207571479174220693.jpg', 'image/jpeg', 'public', 51156, '[]', '{\"uuid\":\"e4325822-3290-4a64-989d-4a05944eced2\",\"user_id\":3,\"generated_conversions\":{\"thumb\":true,\"icon\":true}}', '[]', 16, '2021-09-16 13:34:20', '2021-09-16 13:34:20'),
(18, 'App\\Models\\Upload', 4, 'avatar', 'scaled_image_picker1221433098936969069', 'scaled_image_picker1221433098936969069.jpg', 'image/jpeg', 'public', 51156, '[]', '{\"uuid\":\"5bc1e6a8-ca9d-45b7-8a72-0c2ce4e4ccf6\",\"user_id\":3,\"generated_conversions\":{\"thumb\":true,\"icon\":true}}', '[]', 17, '2021-09-16 16:20:21', '2021-09-16 16:20:22'),
(20, 'App\\Models\\Upload', 6, 'image', 'scaled_image_picker5264935092666377323', 'scaled_image_picker5264935092666377323.jpg', 'image/jpeg', 'public', 50896, '[]', '{\"uuid\":\"5a79eb88-5f6a-4b5c-bef8-290e877c018c\",\"user_id\":2,\"generated_conversions\":{\"thumb\":true,\"icon\":true}}', '[]', 19, '2021-09-21 15:49:39', '2021-09-21 15:49:40'),
(22, 'App\\Models\\Upload', 7, 'image', 'scaled_image_picker6040965218753039923', 'scaled_image_picker6040965218753039923.jpg', 'image/jpeg', 'public', 50896, '[]', '{\"uuid\":\"2b39855a-4b37-4db8-82fa-84fa0ae74937\",\"user_id\":2,\"generated_conversions\":{\"thumb\":true,\"icon\":true}}', '[]', 21, '2021-09-21 16:18:15', '2021-09-21 16:18:16'),
(23, 'App\\Models\\Option', 101, 'image', 'scaled_image_picker6040965218753039923', 'scaled_image_picker6040965218753039923.jpg', 'image/jpeg', 'public', 50896, '[]', '{\"uuid\":\"2b39855a-4b37-4db8-82fa-84fa0ae74937\",\"user_id\":2,\"generated_conversions\":{\"thumb\":true,\"icon\":true}}', '[]', 22, '2021-09-21 16:18:50', '2021-09-21 16:18:50'),
(24, 'App\\Models\\Upload', 8, 'image', 'scaled_image_picker7841159550334311239', 'scaled_image_picker7841159550334311239.jpg', 'image/jpeg', 'public', 50896, '[]', '{\"uuid\":\"12792b9a-aa71-4296-8419-ef9933890b6d\",\"user_id\":2,\"generated_conversions\":{\"thumb\":true,\"icon\":true}}', '[]', 23, '2021-09-21 16:19:28', '2021-09-21 16:19:29'),
(25, 'App\\Models\\Option', 103, 'image', 'scaled_image_picker7841159550334311239', 'scaled_image_picker7841159550334311239.jpg', 'image/jpeg', 'public', 50896, '[]', '{\"uuid\":\"12792b9a-aa71-4296-8419-ef9933890b6d\",\"user_id\":2,\"generated_conversions\":{\"thumb\":true,\"icon\":true}}', '[]', 24, '2021-09-21 16:20:16', '2021-09-21 16:20:16'),
(26, 'App\\Models\\Upload', 9, 'image', 'scaled_image_picker7754415833422952770', 'scaled_image_picker7754415833422952770.jpg', 'image/jpeg', 'public', 50896, '[]', '{\"uuid\":\"ba67c149-07bb-4615-b706-79af0ab6738e\",\"user_id\":2,\"generated_conversions\":{\"thumb\":true,\"icon\":true}}', '[]', 25, '2021-09-21 16:21:08', '2021-09-21 16:21:08'),
(27, 'App\\Models\\Option', 102, 'image', 'scaled_image_picker7754415833422952770', 'scaled_image_picker7754415833422952770.jpg', 'image/jpeg', 'public', 50896, '[]', '{\"uuid\":\"ba67c149-07bb-4615-b706-79af0ab6738e\",\"user_id\":2,\"generated_conversions\":{\"thumb\":true,\"icon\":true}}', '[]', 26, '2021-09-21 16:21:10', '2021-09-21 16:21:10'),
(29, 'App\\Models\\Upload', 11, 'avatar', 'scaled_image_picker5805875391695503647', 'scaled_image_picker5805875391695503647.jpg', 'image/jpeg', 'public', 3991, '[]', '{\"uuid\":\"532de669-0a27-4480-89b3-77631841f78a\",\"user_id\":2,\"generated_conversions\":{\"thumb\":true,\"icon\":true}}', '[]', 27, '2021-09-24 13:49:31', '2021-09-24 13:49:31'),
(30, 'App\\Models\\Upload', 12, 'avatar', 'scaled_image_picker3002530384899728145', 'scaled_image_picker3002530384899728145.jpg', 'image/jpeg', 'public', 3991, '[]', '{\"uuid\":\"be5b996a-fe10-4bb5-9ffe-784c0dd0b2c3\",\"user_id\":2,\"generated_conversions\":{\"thumb\":true,\"icon\":true}}', '[]', 28, '2021-09-24 13:51:47', '2021-09-24 13:51:47'),
(31, 'App\\Models\\Upload', 13, 'avatar', 'scaled_image_picker611185054386789472', 'scaled_image_picker611185054386789472.jpg', 'image/jpeg', 'public', 3991, '[]', '{\"uuid\":\"6cc0d5fc-1227-4e30-880c-0758b8ac5ce3\",\"user_id\":2,\"generated_conversions\":{\"thumb\":true,\"icon\":true}}', '[]', 29, '2021-09-24 15:15:46', '2021-09-24 15:15:46'),
(32, 'App\\Models\\Upload', 14, 'avatar', 'scaled_image_picker2989084111171700151', 'scaled_image_picker2989084111171700151.jpg', 'image/jpeg', 'public', 3991, '[]', '{\"uuid\":\"d51ac1a0-65e5-4269-abe4-983aca1a380d\",\"user_id\":2,\"generated_conversions\":{\"thumb\":true,\"icon\":true}}', '[]', 30, '2021-09-24 15:16:27', '2021-09-24 15:16:27'),
(33, 'App\\Models\\Upload', 15, 'avatar', 'scaled_image_picker6904548154255408269', 'scaled_image_picker6904548154255408269.jpg', 'image/jpeg', 'public', 123621, '[]', '{\"uuid\":\"c932b346-3596-4f6c-be35-966ba93cbdf8\",\"user_id\":2,\"generated_conversions\":{\"thumb\":true,\"icon\":true}}', '[]', 31, '2021-11-11 23:15:05', '2021-11-11 23:15:05'),
(34, 'App\\Models\\Upload', 16, 'app_logo', 'burke logo', 'burke-logo.jpeg', 'image/jpeg', 'public', 9511, '[]', '{\"uuid\":\"5d28c7b4-3e59-4bda-8b13-6b20c8b1536f\",\"user_id\":9,\"generated_conversions\":{\"thumb\":true,\"icon\":true}}', '[]', 32, '2021-11-15 16:19:38', '2021-11-15 16:19:38'),
(35, 'App\\Models\\Upload', 17, 'image', '3', '3.jpg', 'image/jpeg', 'public', 48640, '[]', '{\"uuid\":\"8bf8ebfc-cf3c-43fd-9205-ebf9252e8644\",\"user_id\":9,\"generated_conversions\":{\"thumb\":true,\"icon\":true}}', '[]', 33, '2021-11-15 16:43:19', '2021-11-15 16:43:20'),
(37, 'App\\Models\\Upload', 18, 'image', 'Alexandra_72', 'Alexandra_72.jpg', 'image/jpeg', 'public', 419321, '[]', '{\"uuid\":\"8fa3b258-701c-45da-aee4-5ddc61d0fe87\",\"user_id\":9,\"generated_conversions\":{\"thumb\":true,\"icon\":true}}', '[]', 35, '2021-11-15 17:32:51', '2021-11-15 17:32:51'),
(38, 'App\\Models\\EProvider', 21, 'image', 'Alexandra_72', 'Alexandra_72.jpg', 'image/jpeg', 'public', 419321, '[]', '{\"uuid\":\"8fa3b258-701c-45da-aee4-5ddc61d0fe87\",\"user_id\":9,\"generated_conversions\":{\"thumb\":true,\"icon\":true}}', '[]', 36, '2021-11-15 17:32:57', '2021-11-15 17:32:57'),
(39, 'App\\Models\\Upload', 19, 'avatar', 'download', 'download.jpg', 'image/jpeg', 'public', 9228, '[]', '{\"uuid\":\"a24645a4-377f-4739-9e89-b50d0179dc99\",\"user_id\":9,\"generated_conversions\":{\"thumb\":true,\"icon\":true}}', '[]', 37, '2021-12-16 15:38:28', '2021-12-16 15:38:29'),
(43, 'App\\Models\\Upload', 23, 'avatar', 'scaled_image_picker6345073337982540215', 'scaled_image_picker6345073337982540215.jpg', 'image/jpeg', 'public', 1308471, '[]', '{\"uuid\":\"41f94837-6a84-4993-84f1-2f83ae581b7c\",\"user_id\":17,\"generated_conversions\":{\"thumb\":true,\"icon\":true}}', '[]', 38, '2021-12-27 17:21:05', '2021-12-27 17:21:07'),
(44, 'App\\Models\\User', 17, 'avatar', 'scaled_image_picker6345073337982540215', 'scaled_image_picker6345073337982540215.jpg', 'image/jpeg', 'public', 1308471, '[]', '{\"uuid\":\"41f94837-6a84-4993-84f1-2f83ae581b7c\",\"user_id\":17,\"generated_conversions\":{\"thumb\":true,\"icon\":true}}', '[]', 39, '2021-12-27 17:21:47', '2021-12-27 17:21:47'),
(45, 'App\\Models\\Upload', 24, 'image', 'scaled_image_picker4635342993864241093', 'scaled_image_picker4635342993864241093.jpg', 'image/jpeg', 'public', 1308471, '[]', '{\"uuid\":\"dfdf2c16-4043-4729-bab0-b5efb5302b09\",\"user_id\":17,\"generated_conversions\":{\"thumb\":true,\"icon\":true}}', '[]', 40, '2021-12-27 17:22:12', '2021-12-27 17:22:13'),
(46, 'App\\Models\\Upload', 25, 'image', '3', '3.jpg', 'image/jpeg', 'public', 125025, '[]', '{\"uuid\":\"63debaf0-638f-479d-b351-eac6124dc032\",\"user_id\":9,\"generated_conversions\":{\"thumb\":true,\"icon\":true}}', '[]', 41, '2021-12-28 17:09:14', '2021-12-28 17:09:14'),
(48, 'App\\Models\\Upload', 26, 'image', 'a', 'a.jpeg', 'image/jpeg', 'public', 260000, '[]', '{\"uuid\":\"6082dc6a-2032-49f7-9ff5-af7c1ce784d1\",\"user_id\":9,\"generated_conversions\":{\"thumb\":true,\"icon\":true}}', '[]', 43, '2021-12-28 17:11:42', '2021-12-28 17:11:42'),
(50, 'App\\Models\\Upload', 27, 'image', 'download', 'download.jpg', 'image/jpeg', 'public', 7021, '[]', '{\"uuid\":\"9aa1c0a7-de1c-4bee-a3c3-fe25dff0ef7e\",\"user_id\":9,\"generated_conversions\":{\"thumb\":true,\"icon\":true}}', '[]', 45, '2021-12-28 17:12:15', '2021-12-28 17:12:15'),
(52, 'App\\Models\\Upload', 28, 'image', 'downloa12', 'downloa12.jpg', 'image/jpeg', 'public', 10328, '[]', '{\"uuid\":\"a65f8908-1b06-4225-8833-2e7a15c3c6f5\",\"user_id\":9,\"generated_conversions\":{\"thumb\":true,\"icon\":true}}', '[]', 47, '2021-12-28 17:12:57', '2021-12-28 17:12:57'),
(54, 'App\\Models\\Upload', 29, 'image', 'download (1)', 'download-(1).jpg', 'image/jpeg', 'public', 5767, '[]', '{\"uuid\":\"5beccb58-38b8-4ce8-ab12-2fd32cdb7871\",\"user_id\":9,\"generated_conversions\":{\"thumb\":true,\"icon\":true}}', '[]', 49, '2021-12-28 17:14:53', '2021-12-28 17:14:53'),
(56, 'App\\Models\\Upload', 30, 'image', 'download (2)', 'download-(2).jpg', 'image/jpeg', 'public', 6817, '[]', '{\"uuid\":\"1ac20d82-c4f0-41ac-848d-c2222096d695\",\"user_id\":9,\"generated_conversions\":{\"thumb\":true,\"icon\":true}}', '[]', 51, '2021-12-28 17:16:57', '2021-12-28 17:16:57'),
(58, 'App\\Models\\Upload', 31, 'image', 'download (3)', 'download-(3).jpg', 'image/jpeg', 'public', 8729, '[]', '{\"uuid\":\"f938c0eb-bf9d-40d0-ba7d-5bd04897518c\",\"user_id\":9,\"generated_conversions\":{\"thumb\":true,\"icon\":true}}', '[]', 53, '2021-12-28 17:17:35', '2021-12-28 17:17:35'),
(60, 'App\\Models\\Upload', 32, 'image', 'download (4)', 'download-(4).jpg', 'image/jpeg', 'public', 8609, '[]', '{\"uuid\":\"036d03d1-b22e-4ab1-96b8-3c0cb402c6bf\",\"user_id\":9,\"generated_conversions\":{\"thumb\":true,\"icon\":true}}', '[]', 55, '2021-12-28 17:18:22', '2021-12-28 17:18:22'),
(62, 'App\\Models\\Upload', 33, 'image', '2021-09-18-13.03.20-scaled', '2021-09-18-13.03.20-scaled.jpg', 'image/jpeg', 'public', 184436, '[]', '{\"uuid\":\"06b0de08-1270-4bd7-ae2b-6de00f93a7d4\",\"user_id\":9,\"generated_conversions\":{\"thumb\":true,\"icon\":true}}', '[]', 57, '2021-12-28 17:19:14', '2021-12-28 17:19:14'),
(64, 'App\\Models\\Upload', 34, 'image', 'images', 'images.jpg', 'image/jpeg', 'public', 7284, '[]', '{\"uuid\":\"90501c80-ba30-410c-8bc1-612432833233\",\"user_id\":9,\"generated_conversions\":{\"thumb\":true,\"icon\":true}}', '[]', 59, '2021-12-28 17:19:59', '2021-12-28 17:19:59'),
(66, 'App\\Models\\Upload', 35, 'image', '2021-09-18-13.03.20-scaled', '2021-09-18-13.03.20-scaled.jpg', 'image/jpeg', 'public', 184436, '[]', '{\"uuid\":\"a250bc5f-df35-44f4-b9ea-e09bb73e7bd3\",\"user_id\":9,\"generated_conversions\":{\"thumb\":true,\"icon\":true}}', '[]', 61, '2021-12-28 17:20:31', '2021-12-28 17:20:32'),
(68, 'App\\Models\\Upload', 36, 'image', 'download (3)', 'download-(3).jpg', 'image/jpeg', 'public', 8729, '[]', '{\"uuid\":\"c7702837-6fa9-4621-af5f-989b28213d1a\",\"user_id\":9,\"generated_conversions\":{\"thumb\":true,\"icon\":true}}', '[]', 63, '2021-12-28 17:20:40', '2021-12-28 17:20:40'),
(70, 'App\\Models\\Upload', 37, 'image', 'downloa12', 'downloa12.jpg', 'image/jpeg', 'public', 10328, '[]', '{\"uuid\":\"0272fbbb-3e23-4216-919b-23500970cfa1\",\"user_id\":9,\"generated_conversions\":{\"thumb\":true,\"icon\":true}}', '[]', 65, '2021-12-28 17:20:47', '2021-12-28 17:20:47'),
(72, 'App\\Models\\Upload', 38, 'image', 'download (3)', 'download-(3).jpg', 'image/jpeg', 'public', 8729, '[]', '{\"uuid\":\"5dc49a64-1549-4f73-ba96-48ac550c07f7\",\"user_id\":9,\"generated_conversions\":{\"thumb\":true,\"icon\":true}}', '[]', 67, '2021-12-28 17:20:56', '2021-12-28 17:20:56'),
(74, 'App\\Models\\Upload', 39, 'image', 'download (2)', 'download-(2).jpg', 'image/jpeg', 'public', 6817, '[]', '{\"uuid\":\"01ba9163-ff1c-4732-9b0b-4af604e39009\",\"user_id\":9,\"generated_conversions\":{\"thumb\":true,\"icon\":true}}', '[]', 69, '2021-12-28 17:21:07', '2021-12-28 17:21:07'),
(76, 'App\\Models\\Upload', 40, 'image', 'images', 'images.jpg', 'image/jpeg', 'public', 7284, '[]', '{\"uuid\":\"090c34e5-7e34-4fac-9d86-c13443ce10e4\",\"user_id\":9,\"generated_conversions\":{\"thumb\":true,\"icon\":true}}', '[]', 71, '2021-12-28 17:21:18', '2021-12-28 17:21:18'),
(78, 'App\\Models\\Upload', 41, 'image', '2021-09-18-13.03.20-scaled', '2021-09-18-13.03.20-scaled.jpg', 'image/jpeg', 'public', 184436, '[]', '{\"uuid\":\"84f43d30-d9f4-421d-9ba5-745c9a7daf64\",\"user_id\":9,\"generated_conversions\":{\"thumb\":true,\"icon\":true}}', '[]', 73, '2021-12-28 17:21:26', '2021-12-28 17:21:27'),
(80, 'App\\Models\\Upload', 42, 'image', 'images', 'images.jpg', 'image/jpeg', 'public', 7284, '[]', '{\"uuid\":\"7f2186df-01aa-41cb-a0bf-dfbdb9a98969\",\"user_id\":9,\"generated_conversions\":{\"thumb\":true,\"icon\":true}}', '[]', 75, '2021-12-28 17:21:35', '2021-12-28 17:21:35'),
(83, 'App\\Models\\Upload', 43, 'image', 'download (4)', 'download-(4).jpg', 'image/jpeg', 'public', 8609, '[]', '{\"uuid\":\"ade34ebe-c32d-489d-a4a1-f79c581fd354\",\"user_id\":9,\"generated_conversions\":{\"thumb\":true,\"icon\":true}}', '[]', 78, '2021-12-28 17:21:45', '2021-12-28 17:21:45'),
(86, 'App\\Models\\Upload', 44, 'image', 'istockphoto-1133685683-612x612', 'istockphoto-1133685683-612x612.jpg', 'image/jpeg', 'public', 26471, '[]', '{\"uuid\":\"c96de9aa-32f8-4818-922e-a0d62a143c0c\",\"user_id\":9,\"generated_conversions\":{\"thumb\":true,\"icon\":true}}', '[]', 81, '2021-12-28 17:26:05', '2021-12-28 17:26:05'),
(88, 'App\\Models\\Upload', 45, 'image', 'download', 'download.jpg', 'image/jpeg', 'public', 7021, '[]', '{\"uuid\":\"756208a9-114c-484c-8d27-4182230db2d6\",\"user_id\":9,\"generated_conversions\":{\"thumb\":true,\"icon\":true}}', '[]', 83, '2021-12-28 17:26:26', '2021-12-28 17:26:26'),
(90, 'App\\Models\\Upload', 46, 'image', 'istockphoto-1133685683-612x612', 'istockphoto-1133685683-612x612.jpg', 'image/jpeg', 'public', 26471, '[]', '{\"uuid\":\"57f9ed5d-a765-4880-9c96-342bb2fd37ac\",\"user_id\":9,\"generated_conversions\":{\"thumb\":true,\"icon\":true}}', '[]', 85, '2021-12-28 17:26:53', '2021-12-28 17:26:53'),
(91, 'App\\Models\\Upload', 47, 'image', 'featured-image-kitchen-contractor', 'featured-image-kitchen-contractor.jpeg', 'image/jpeg', 'public', 42931, '[]', '{\"uuid\":\"ded95587-8f5d-4f0b-a556-a9585fc70c35\",\"user_id\":9,\"generated_conversions\":{\"thumb\":true,\"icon\":true}}', '[]', 86, '2021-12-28 17:27:02', '2021-12-28 17:27:02'),
(93, 'App\\Models\\Upload', 48, 'image', 'download', 'download.jpg', 'image/jpeg', 'public', 12080, '[]', '{\"uuid\":\"aa69fffe-5ebd-443f-8fb8-78eb30e3ca97\",\"user_id\":9,\"generated_conversions\":{\"thumb\":true,\"icon\":true}}', '[]', 88, '2021-12-28 17:27:28', '2021-12-28 17:27:28'),
(95, 'App\\Models\\Upload', 49, 'image', 'istockphoto-468120950-612x612', 'istockphoto-468120950-612x612.jpg', 'image/jpeg', 'public', 47490, '[]', '{\"uuid\":\"838ead65-fe86-407b-b168-cfffe4ce81bd\",\"user_id\":9,\"generated_conversions\":{\"thumb\":true,\"icon\":true}}', '[]', 90, '2021-12-28 17:27:56', '2021-12-28 17:27:56'),
(97, 'App\\Models\\Upload', 50, 'image', 'istockphoto-1150199550-612x612', 'istockphoto-1150199550-612x612.jpg', 'image/jpeg', 'public', 49522, '[]', '{\"uuid\":\"0b22d779-47e7-4335-815d-eb8e63e06752\",\"user_id\":9,\"generated_conversions\":{\"thumb\":true,\"icon\":true}}', '[]', 92, '2021-12-28 17:28:37', '2021-12-28 17:28:37'),
(99, 'App\\Models\\Upload', 51, 'image', 'download (1)', 'download-(1).jpg', 'image/jpeg', 'public', 8987, '[]', '{\"uuid\":\"bde36e95-653f-4f59-870f-45dad2a0f14e\",\"user_id\":9,\"generated_conversions\":{\"thumb\":true,\"icon\":true}}', '[]', 94, '2021-12-28 17:29:03', '2021-12-28 17:29:03'),
(100, 'App\\Models\\Upload', 52, 'image', 'screenshot-primeroofingfl.com-2021.12.28-16_32_03', 'screenshot-primeroofingfl.com-2021.12.28-16_32_03.png', 'image/png', 'public', 401147, '[]', '{\"uuid\":\"0d3d3213-f9c6-41f4-bee5-b133d503edf8\",\"user_id\":9,\"generated_conversions\":{\"thumb\":true,\"icon\":true}}', '[]', 95, '2021-12-28 17:32:46', '2021-12-28 17:32:46'),
(102, 'App\\Models\\Upload', 53, 'avatar', 'scaled_image_picker1307084110723437804', 'scaled_image_picker1307084110723437804.jpg', 'image/jpeg', 'public', 1246705, '[]', '{\"uuid\":\"1ee26681-b356-4d71-adc9-3c9465a1bb16\",\"user_id\":3,\"generated_conversions\":{\"thumb\":true,\"icon\":true}}', '[]', 97, '2021-12-28 17:56:54', '2021-12-28 17:56:55'),
(103, 'App\\Models\\Upload', 54, 'image', 'download (1)', 'download-(1).jpg', 'image/jpeg', 'public', 8987, '[]', '{\"uuid\":\"51bfc588-b76b-49f7-9109-0bb57d10109d\",\"user_id\":9,\"generated_conversions\":{\"thumb\":true,\"icon\":true}}', '[]', 98, '2021-12-28 17:57:31', '2021-12-28 17:57:31'),
(104, 'App\\Models\\Upload', 55, 'image', 'download (1)', 'download-(1).jpg', 'image/jpeg', 'public', 8987, '[]', '{\"uuid\":\"bb08f6ad-0eb6-4cb3-8888-21b9c7d76831\",\"user_id\":9,\"generated_conversions\":{\"thumb\":true,\"icon\":true}}', '[]', 99, '2021-12-28 17:57:36', '2021-12-28 17:57:36'),
(107, 'App\\Models\\Upload', 56, 'image', 'Residential-Plumbing-Service', 'Residential-Plumbing-Service.jpg', 'image/jpeg', 'public', 376025, '[]', '{\"uuid\":\"679474c4-a883-470f-b4bb-9f6acfb89f69\",\"user_id\":9,\"generated_conversions\":{\"thumb\":true,\"icon\":true}}', '[]', 102, '2021-12-28 17:58:40', '2021-12-28 17:58:40'),
(109, 'App\\Models\\Upload', 57, 'image', 'heat-repair-service', 'heat-repair-service.jpg', 'image/jpeg', 'public', 192065, '[]', '{\"uuid\":\"2d4673c6-7597-4e16-a6d2-be66f28f7632\",\"user_id\":9,\"generated_conversions\":{\"thumb\":true,\"icon\":true}}', '[]', 104, '2021-12-28 17:59:24', '2021-12-28 17:59:24'),
(111, 'App\\Models\\Upload', 58, 'image', 'windows-doors-installation-service', 'windows-doors-installation-service.jpg', 'image/jpeg', 'public', 276563, '[]', '{\"uuid\":\"6477a5bf-0580-4655-8386-1403cebd06ea\",\"user_id\":9,\"generated_conversions\":{\"thumb\":true,\"icon\":true}}', '[]', 106, '2021-12-28 17:59:55', '2021-12-28 17:59:55'),
(113, 'App\\Models\\Upload', 59, 'image', 'istockphoto-468120950-612x612', 'istockphoto-468120950-612x612.jpg', 'image/jpeg', 'public', 47490, '[]', '{\"uuid\":\"43fc1293-9fc4-4102-8b2c-fd3ef0afc59b\",\"user_id\":9,\"generated_conversions\":{\"thumb\":true,\"icon\":true}}', '[]', 108, '2021-12-28 18:01:56', '2021-12-28 18:01:56'),
(114, 'App\\Models\\EProvider', 3, 'image', 'istockphoto-468120950-612x612', 'istockphoto-468120950-612x612.jpg', 'image/jpeg', 'public', 47490, '[]', '{\"uuid\":\"43fc1293-9fc4-4102-8b2c-fd3ef0afc59b\",\"user_id\":9,\"generated_conversions\":{\"thumb\":true,\"icon\":true}}', '[]', 109, '2021-12-28 18:02:00', '2021-12-28 18:02:00'),
(115, 'App\\Models\\Upload', 60, 'image', 'istockphoto-468120950-612x612', 'istockphoto-468120950-612x612.jpg', 'image/jpeg', 'public', 47490, '[]', '{\"uuid\":\"0c0f4414-529e-45e4-a244-05df873b539f\",\"user_id\":9,\"generated_conversions\":{\"thumb\":true,\"icon\":true}}', '[]', 110, '2021-12-28 18:03:41', '2021-12-28 18:03:41'),
(117, 'App\\Models\\Upload', 61, 'image', 'DSC08169', 'DSC08169.jpg', 'image/jpeg', 'public', 1627631, '[]', '{\"uuid\":\"9bdf2f98-2b84-4ab6-ab9c-4c17527eea9c\",\"user_id\":9,\"generated_conversions\":{\"thumb\":true,\"icon\":true}}', '[]', 112, '2021-12-28 18:04:24', '2021-12-28 18:04:24'),
(119, 'App\\Models\\Upload', 62, 'image', 'e4420b2b3b53505f545be8f4f8df65c2', 'e4420b2b3b53505f545be8f4f8df65c2.jpg', 'image/jpeg', 'public', 88003, '[]', '{\"uuid\":\"b70d3e61-6643-4934-b401-e4ac4315b419\",\"user_id\":9,\"generated_conversions\":{\"thumb\":true,\"icon\":true}}', '[]', 114, '2021-12-28 18:06:14', '2021-12-28 18:06:15'),
(121, 'App\\Models\\Upload', 63, 'image', 'download (2)', 'download-(2).jpg', 'image/jpeg', 'public', 10644, '[]', '{\"uuid\":\"18a65d8e-7293-4005-b14d-505c4e9682f1\",\"user_id\":9,\"generated_conversions\":{\"thumb\":true,\"icon\":true}}', '[]', 116, '2021-12-28 18:06:39', '2021-12-28 18:06:39'),
(123, 'App\\Models\\Upload', 64, 'image', 'download (3)', 'download-(3).jpg', 'image/jpeg', 'public', 8277, '[]', '{\"uuid\":\"cce8e1f1-0b23-4bf0-a2c2-c2d0e64ce708\",\"user_id\":9,\"generated_conversions\":{\"thumb\":true,\"icon\":true}}', '[]', 118, '2021-12-28 18:07:14', '2021-12-28 18:07:14'),
(125, 'App\\Models\\Upload', 65, 'image', 'download (4)', 'download-(4).jpg', 'image/jpeg', 'public', 10038, '[]', '{\"uuid\":\"f8ec2c58-cd76-4956-9e09-9fbd5bf653bc\",\"user_id\":9,\"generated_conversions\":{\"thumb\":true,\"icon\":true}}', '[]', 120, '2021-12-28 18:07:33', '2021-12-28 18:07:33'),
(127, 'App\\Models\\Upload', 66, 'image', 'download (4)', 'download-(4).jpg', 'image/jpeg', 'public', 10038, '[]', '{\"uuid\":\"79da9ebd-5e9e-4628-81c9-cba24d5082e7\",\"user_id\":9,\"generated_conversions\":{\"thumb\":true,\"icon\":true}}', '[]', 122, '2021-12-28 18:08:00', '2021-12-28 18:08:00'),
(129, 'App\\Models\\Upload', 67, 'image', 'download (6)', 'download-(6).jpg', 'image/jpeg', 'public', 6979, '[]', '{\"uuid\":\"473167be-be2c-46d1-a57a-f6a815b6bb9d\",\"user_id\":9,\"generated_conversions\":{\"thumb\":true,\"icon\":true}}', '[]', 124, '2021-12-28 18:08:32', '2021-12-28 18:08:32'),
(132, 'App\\Models\\Upload', 69, 'default', 'download (2)', 'download-(2).jpg', 'image/jpeg', 'public', 10644, '[]', '{\"uuid\":\"2f555f11-f18f-4be3-8dc2-7eb6c20bafd0\",\"user_id\":9,\"generated_conversions\":{\"thumb\":true,\"icon\":true}}', '[]', 127, '2021-12-28 18:22:18', '2021-12-28 18:22:18'),
(133, 'App\\Models\\Upload', 70, 'default', 'download (1)', 'download-(1).jpg', 'image/jpeg', 'public', 8987, '[]', '{\"uuid\":\"d4cfe418-da6b-4ef1-b3c1-72fb0793d920\",\"user_id\":9,\"generated_conversions\":{\"thumb\":true,\"icon\":true}}', '[]', 128, '2021-12-28 18:22:18', '2021-12-28 18:22:18'),
(134, 'App\\Models\\Upload', 71, 'default', 'download (3)', 'download-(3).jpg', 'image/jpeg', 'public', 8277, '[]', '{\"uuid\":\"19ef3355-b724-4a25-bc0a-ae0bddfca86f\",\"user_id\":9,\"generated_conversions\":{\"thumb\":true,\"icon\":true}}', '[]', 129, '2021-12-28 18:22:18', '2021-12-28 18:22:18'),
(135, 'App\\Models\\Upload', 72, 'default', 'download (4)', 'download-(4).jpg', 'image/jpeg', 'public', 10038, '[]', '{\"uuid\":\"c1283221-9cd4-4835-87d5-ff1661963db8\",\"user_id\":9,\"generated_conversions\":{\"thumb\":true,\"icon\":true}}', '[]', 130, '2021-12-28 18:22:18', '2021-12-28 18:22:18'),
(136, 'App\\Models\\Upload', 73, 'default', 'download (5)', 'download-(5).jpg', 'image/jpeg', 'public', 12253, '[]', '{\"uuid\":\"540f4efc-ddfd-4809-9b5c-b1aca1fb963e\",\"user_id\":9,\"generated_conversions\":{\"thumb\":true,\"icon\":true}}', '[]', 131, '2021-12-28 18:22:19', '2021-12-28 18:22:19'),
(137, 'App\\Models\\Upload', 74, 'default', 'download (6)', 'download-(6).jpg', 'image/jpeg', 'public', 6979, '[]', '{\"uuid\":\"c8efaebd-7241-44c4-aaaa-8f8a5dfe9bc6\",\"user_id\":9,\"generated_conversions\":{\"thumb\":true,\"icon\":true}}', '[]', 132, '2021-12-28 18:22:19', '2021-12-28 18:22:19'),
(138, 'App\\Models\\Upload', 75, 'default', 'download', 'download.jpg', 'image/jpeg', 'public', 12080, '[]', '{\"uuid\":\"fb00a83d-5328-4938-8c38-3f4848d5a7b8\",\"user_id\":9,\"generated_conversions\":{\"thumb\":true,\"icon\":true}}', '[]', 133, '2021-12-28 18:22:19', '2021-12-28 18:22:19'),
(139, 'App\\Models\\Upload', 76, 'default', 'e4420b2b3b53505f545be8f4f8df65c2', 'e4420b2b3b53505f545be8f4f8df65c2.jpg', 'image/jpeg', 'public', 88003, '[]', '{\"uuid\":\"6bcb9b48-c692-46ed-a1d8-a7fb9c0cf58a\",\"user_id\":9,\"generated_conversions\":{\"thumb\":true,\"icon\":true}}', '[]', 134, '2021-12-28 18:22:20', '2021-12-28 18:22:20'),
(140, 'App\\Models\\Upload', 77, 'default', 'DSC08169', 'DSC08169.jpg', 'image/jpeg', 'public', 1627631, '[]', '{\"uuid\":\"d174c863-a085-4245-b61f-963dc9d66489\",\"user_id\":9,\"generated_conversions\":{\"thumb\":true,\"icon\":true}}', '[]', 135, '2021-12-28 18:22:21', '2021-12-28 18:22:21'),
(141, 'App\\Models\\Upload', 78, 'default', 'featured-image-kitchen-contractor', 'featured-image-kitchen-contractor.jpeg', 'image/jpeg', 'public', 42931, '[]', '{\"uuid\":\"4988b12b-3f6c-4d19-9fdb-ad1665080d9c\",\"user_id\":9,\"generated_conversions\":{\"thumb\":true,\"icon\":true}}', '[]', 136, '2021-12-28 18:22:21', '2021-12-28 18:22:21'),
(143, 'App\\Models\\Upload', 80, 'default', 'istockphoto-468120950-612x612', 'istockphoto-468120950-612x612.jpg', 'image/jpeg', 'public', 47490, '[]', '{\"uuid\":\"e6045901-3687-44f3-b745-8ff903761289\",\"user_id\":9,\"generated_conversions\":{\"thumb\":true,\"icon\":true}}', '[]', 138, '2021-12-28 18:22:21', '2021-12-28 18:22:21'),
(144, 'App\\Models\\Upload', 81, 'default', 'istockphoto-1150199550-612x612', 'istockphoto-1150199550-612x612.jpg', 'image/jpeg', 'public', 49522, '[]', '{\"uuid\":\"0de22dbf-edad-4ccc-9b15-e068f1ae6c69\",\"user_id\":9,\"generated_conversions\":{\"thumb\":true,\"icon\":true}}', '[]', 139, '2021-12-28 18:22:22', '2021-12-28 18:22:22'),
(145, 'App\\Models\\Upload', 82, 'default', 'istockphoto-1133685683-612x612', 'istockphoto-1133685683-612x612.jpg', 'image/jpeg', 'public', 26471, '[]', '{\"uuid\":\"0929a2e2-1e03-4c51-9a0f-f4e012b3fffc\",\"user_id\":9,\"generated_conversions\":{\"thumb\":true,\"icon\":true}}', '[]', 140, '2021-12-28 18:22:22', '2021-12-28 18:22:22'),
(148, 'App\\Models\\Upload', 85, 'image', 'archway', 'archway.svg', 'image/svg', 'public', 586, '[]', '{\"uuid\":\"38d8e22b-70f3-45f9-b9ff-24147febc35b\",\"user_id\":9}', '[]', 141, '2021-12-28 20:01:21', '2021-12-28 20:01:21'),
(150, 'App\\Models\\Upload', 86, 'image', 'archway', 'archway.svg', 'image/svg', 'public', 748, '[]', '{\"uuid\":\"a2447b0d-ce8e-4d49-a1dc-067a45802c10\",\"user_id\":9}', '[]', 143, '2021-12-28 20:03:22', '2021-12-28 20:03:22'),
(151, 'App\\Models\\Upload', 87, 'image', 'archway', 'archway.svg', 'image/svg', 'public', 748, '[]', '{\"uuid\":\"98de4990-91a4-4759-8f0d-f43cbfee6161\",\"user_id\":9}', '[]', 144, '2021-12-28 20:03:30', '2021-12-28 20:03:30'),
(153, 'App\\Models\\Upload', 88, 'image', 'archway', 'archway.png', 'image/png', 'public', 6083, '[]', '{\"uuid\":\"eb990045-c16b-4e91-b177-c93a16c94c32\",\"user_id\":9,\"generated_conversions\":{\"thumb\":true,\"icon\":true}}', '[]', 145, '2021-12-28 20:04:26', '2021-12-28 20:04:26'),
(154, 'App\\Models\\Category', 10, 'image', 'archway', 'archway.png', 'image/png', 'public', 6083, '[]', '{\"uuid\":\"eb990045-c16b-4e91-b177-c93a16c94c32\",\"user_id\":9,\"generated_conversions\":{\"thumb\":true,\"icon\":true}}', '[]', 146, '2021-12-28 20:04:28', '2021-12-28 20:04:28'),
(155, 'App\\Models\\Upload', 89, 'image', 'layer-group', 'layer-group.png', 'image/png', 'public', 21098, '[]', '{\"uuid\":\"9d183dee-4d88-4cef-b145-6737b4c79746\",\"user_id\":9,\"generated_conversions\":{\"thumb\":true,\"icon\":true}}', '[]', 147, '2021-12-28 20:12:12', '2021-12-28 20:12:12'),
(156, 'App\\Models\\Category', 15, 'image', 'layer-group', 'layer-group.png', 'image/png', 'public', 21098, '[]', '{\"uuid\":\"9d183dee-4d88-4cef-b145-6737b4c79746\",\"user_id\":9,\"generated_conversions\":{\"thumb\":true,\"icon\":true}}', '[]', 148, '2021-12-28 20:12:59', '2021-12-28 20:12:59'),
(157, 'App\\Models\\Upload', 90, 'image', 'layer-group (1)', 'layer-group-(1).png', 'image/png', 'public', 10533, '[]', '{\"uuid\":\"27405ec0-1100-4200-8b22-3556ed1804f4\",\"user_id\":9,\"generated_conversions\":{\"thumb\":true,\"icon\":true}}', '[]', 149, '2021-12-28 20:16:40', '2021-12-28 20:16:40'),
(158, 'App\\Models\\Category', 16, 'image', 'layer-group (1)', 'layer-group-(1).png', 'image/png', 'public', 10533, '[]', '{\"uuid\":\"27405ec0-1100-4200-8b22-3556ed1804f4\",\"user_id\":9,\"generated_conversions\":{\"thumb\":true,\"icon\":true}}', '[]', 150, '2021-12-28 20:17:05', '2021-12-28 20:17:05'),
(159, 'App\\Models\\Upload', 91, 'image', 'fire-extinguisher-solid', 'fire-extinguisher-solid.png', 'image/png', 'public', 10136, '[]', '{\"uuid\":\"cdaf4c10-f944-43b9-94b5-fe7163acb0c7\",\"user_id\":9,\"generated_conversions\":{\"thumb\":true,\"icon\":true}}', '[]', 151, '2021-12-28 20:54:49', '2021-12-28 20:54:49'),
(160, 'App\\Models\\Category', 29, 'image', 'fire-extinguisher-solid', 'fire-extinguisher-solid.png', 'image/png', 'public', 10136, '[]', '{\"uuid\":\"cdaf4c10-f944-43b9-94b5-fe7163acb0c7\",\"user_id\":9,\"generated_conversions\":{\"thumb\":true,\"icon\":true}}', '[]', 152, '2021-12-28 20:55:11', '2021-12-28 20:55:11'),
(161, 'App\\Models\\Upload', 92, 'image', 'water-solid', 'water-solid.png', 'image/png', 'public', 17938, '[]', '{\"uuid\":\"f91d6886-22fd-4d9c-a787-d99f4ebfdadf\",\"user_id\":9,\"generated_conversions\":{\"thumb\":true,\"icon\":true}}', '[]', 153, '2021-12-28 20:56:18', '2021-12-28 20:56:18'),
(162, 'App\\Models\\Category', 26, 'image', 'water-solid', 'water-solid.png', 'image/png', 'public', 17938, '[]', '{\"uuid\":\"f91d6886-22fd-4d9c-a787-d99f4ebfdadf\",\"user_id\":9,\"generated_conversions\":{\"thumb\":true,\"icon\":true}}', '[]', 154, '2021-12-28 20:56:43', '2021-12-28 20:56:43'),
(163, 'App\\Models\\Upload', 93, 'image', 'tools-solid', 'tools-solid.png', 'image/png', 'public', 16877, '[]', '{\"uuid\":\"ec6b0a5a-8d48-460c-829b-57c0858f0c7b\",\"user_id\":9,\"generated_conversions\":{\"thumb\":true,\"icon\":true}}', '[]', 155, '2021-12-28 20:58:51', '2021-12-28 20:58:51'),
(164, 'App\\Models\\Category', 28, 'image', 'tools-solid', 'tools-solid.png', 'image/png', 'public', 16877, '[]', '{\"uuid\":\"ec6b0a5a-8d48-460c-829b-57c0858f0c7b\",\"user_id\":9,\"generated_conversions\":{\"thumb\":true,\"icon\":true}}', '[]', 156, '2021-12-28 20:59:07', '2021-12-28 20:59:07'),
(165, 'App\\Models\\Upload', 94, 'image', 'paint-roller-solid', 'paint-roller-solid.png', 'image/png', 'public', 8357, '[]', '{\"uuid\":\"7622cb98-a02c-458f-bc0c-cb169de83727\",\"user_id\":9,\"generated_conversions\":{\"thumb\":true,\"icon\":true}}', '[]', 157, '2021-12-28 21:01:09', '2021-12-28 21:01:09'),
(166, 'App\\Models\\Category', 19, 'image', 'paint-roller-solid', 'paint-roller-solid.png', 'image/png', 'public', 8357, '[]', '{\"uuid\":\"7622cb98-a02c-458f-bc0c-cb169de83727\",\"user_id\":9,\"generated_conversions\":{\"thumb\":true,\"icon\":true}}', '[]', 158, '2021-12-28 21:01:43', '2021-12-28 21:01:43'),
(167, 'App\\Models\\Upload', 95, 'image', '401c98892e8f3fb231fe3f5d4aaf5dad', '401c98892e8f3fb231fe3f5d4aaf5dad.png', 'image/png', 'public', 33034, '[]', '{\"uuid\":\"6554947e-ff80-4ce9-83e1-ee41dd958571\",\"user_id\":9,\"generated_conversions\":{\"thumb\":true,\"icon\":true}}', '[]', 159, '2021-12-28 21:09:21', '2021-12-28 21:09:22'),
(169, 'App\\Models\\Upload', 96, 'image', '92a6b9c1d00ef7cf968e3cfa020ceb62', '92a6b9c1d00ef7cf968e3cfa020ceb62.png', 'image/png', 'public', 23106, '[]', '{\"uuid\":\"89e6418a-2d6c-40dc-b658-bac9187d6ca7\",\"user_id\":9,\"generated_conversions\":{\"thumb\":true,\"icon\":true}}', '[]', 161, '2021-12-28 21:13:18', '2021-12-28 21:13:18'),
(170, 'App\\Models\\Category', 27, 'image', '92a6b9c1d00ef7cf968e3cfa020ceb62', '92a6b9c1d00ef7cf968e3cfa020ceb62.png', 'image/png', 'public', 23106, '[]', '{\"uuid\":\"89e6418a-2d6c-40dc-b658-bac9187d6ca7\",\"user_id\":9,\"generated_conversions\":{\"thumb\":true,\"icon\":true}}', '[]', 162, '2021-12-28 21:13:42', '2021-12-28 21:13:42'),
(171, 'App\\Models\\Upload', 97, 'image', 'e0bc459db3bc82029f3562c8ed62b64f', 'e0bc459db3bc82029f3562c8ed62b64f.png', 'image/png', 'public', 16308, '[]', '{\"uuid\":\"59696aca-22ec-48eb-86e3-4c980beb25c1\",\"user_id\":9,\"generated_conversions\":{\"thumb\":true,\"icon\":true}}', '[]', 163, '2021-12-28 21:23:55', '2021-12-28 21:23:55'),
(172, 'App\\Models\\Category', 30, 'image', 'e0bc459db3bc82029f3562c8ed62b64f', 'e0bc459db3bc82029f3562c8ed62b64f.png', 'image/png', 'public', 16308, '[]', '{\"uuid\":\"59696aca-22ec-48eb-86e3-4c980beb25c1\",\"user_id\":9,\"generated_conversions\":{\"thumb\":true,\"icon\":true}}', '[]', 164, '2021-12-28 21:23:57', '2021-12-28 21:23:57'),
(173, 'App\\Models\\Upload', 98, 'image', 'plug-solid', 'plug-solid.png', 'image/png', 'public', 7572, '[]', '{\"uuid\":\"0117bab0-c6ab-4975-a210-3e8236337187\",\"user_id\":9,\"generated_conversions\":{\"thumb\":true,\"icon\":true}}', '[]', 165, '2021-12-28 21:27:15', '2021-12-28 21:27:15'),
(174, 'App\\Models\\Category', 20, 'image', 'plug-solid', 'plug-solid.png', 'image/png', 'public', 7572, '[]', '{\"uuid\":\"0117bab0-c6ab-4975-a210-3e8236337187\",\"user_id\":9,\"generated_conversions\":{\"thumb\":true,\"icon\":true}}', '[]', 166, '2021-12-28 21:27:28', '2021-12-28 21:27:28'),
(175, 'App\\Models\\Upload', 99, 'image', 'ed3771af11cedde7879432f41f776c4f', 'ed3771af11cedde7879432f41f776c4f.png', 'image/png', 'public', 19212, '[]', '{\"uuid\":\"d8633e4b-3370-46e0-b66c-4f2f7da707a4\",\"user_id\":9,\"generated_conversions\":{\"thumb\":true,\"icon\":true}}', '[]', 167, '2021-12-28 21:29:25', '2021-12-28 21:29:25'),
(177, 'App\\Models\\Upload', 100, 'image', 'ed3771af11cedde7879432f41f776c4f (1)', 'ed3771af11cedde7879432f41f776c4f-(1).png', 'image/png', 'public', 19840, '[]', '{\"uuid\":\"ebafc498-3ed0-4ad7-9334-b6f7f09d58a8\",\"user_id\":9,\"generated_conversions\":{\"thumb\":true,\"icon\":true}}', '[]', 169, '2021-12-28 21:30:33', '2021-12-28 21:30:33'),
(179, 'App\\Models\\Upload', 101, 'image', '6c01ff7333efe6b6ea7a00380cc8edb2', '6c01ff7333efe6b6ea7a00380cc8edb2.png', 'image/png', 'public', 10352, '[]', '{\"uuid\":\"858e4c61-5b2c-4f08-8c0b-6cc35b8e0c03\",\"user_id\":9,\"generated_conversions\":{\"thumb\":true,\"icon\":true}}', '[]', 171, '2021-12-28 21:37:14', '2021-12-28 21:37:14'),
(181, 'App\\Models\\Upload', 102, 'image', '06e4ddb745fb73cc6935a018ed72ca46', '06e4ddb745fb73cc6935a018ed72ca46.png', 'image/png', 'public', 9716, '[]', '{\"uuid\":\"e57cd9a2-20f3-4a92-bb41-9d516690352f\",\"user_id\":9,\"generated_conversions\":{\"thumb\":true,\"icon\":true}}', '[]', 173, '2021-12-28 21:39:52', '2021-12-28 21:39:52'),
(183, 'App\\Models\\Upload', 103, 'image', '06e4ddb745fb73cc6935a018ed72ca46', '06e4ddb745fb73cc6935a018ed72ca46.png', 'image/png', 'public', 9716, '[]', '{\"uuid\":\"abf96990-a53f-482c-a6de-4c99d419c846\",\"user_id\":9,\"generated_conversions\":{\"thumb\":true,\"icon\":true}}', '[]', 175, '2021-12-28 21:41:47', '2021-12-28 21:41:47'),
(184, 'App\\Models\\Upload', 104, 'image', '06e4ddb745fb73cc6935a018ed72ca46', '06e4ddb745fb73cc6935a018ed72ca46.svg', 'image/svg+xml', 'public', 3599, '[]', '{\"uuid\":\"344d4de9-eaad-4fc9-9551-765907cd0e11\",\"user_id\":9}', '[]', 176, '2021-12-28 21:41:49', '2021-12-28 21:41:49'),
(185, 'App\\Models\\Upload', 105, 'image', 'solar-panel-solid', 'solar-panel-solid.svg', 'image/svg', 'public', 916, '[]', '{\"uuid\":\"303074ba-65bc-47fb-a0b6-9df9b56fba7f\",\"user_id\":9}', '[]', 177, '2021-12-28 21:41:57', '2021-12-28 21:41:57'),
(187, 'App\\Models\\Upload', 106, 'image', '06e4ddb745fb73cc6935a018ed72ca46', '06e4ddb745fb73cc6935a018ed72ca46.svg', 'image/svg+xml', 'public', 3599, '[]', '{\"uuid\":\"bb961d04-3137-4ad1-89c7-59efe86a79fe\",\"user_id\":9}', '[]', 178, '2021-12-28 21:42:54', '2021-12-28 21:42:54'),
(188, 'App\\Models\\Upload', 107, 'image', '06e4ddb745fb73cc6935a018ed72ca46', '06e4ddb745fb73cc6935a018ed72ca46.png', 'image/png', 'public', 9716, '[]', '{\"uuid\":\"e7650f1b-a418-4ac2-b6cd-6f3a9423968b\",\"user_id\":9,\"generated_conversions\":{\"thumb\":true,\"icon\":true}}', '[]', 179, '2021-12-28 21:42:58', '2021-12-28 21:42:58'),
(189, 'App\\Models\\Upload', 108, 'image', 'solar-panel-solid', 'solar-panel-solid.png', 'image/png', 'public', 9492, '[]', '{\"uuid\":\"f292e455-3bf6-4b8d-8c1e-0b532a584d61\",\"user_id\":9,\"generated_conversions\":{\"thumb\":true,\"icon\":true}}', '[]', 180, '2021-12-28 21:43:49', '2021-12-28 21:43:49'),
(191, 'App\\Models\\Upload', 109, 'image', 'door-open-solid', 'door-open-solid.png', 'image/png', 'public', 6061, '[]', '{\"uuid\":\"9ec3b2ba-2224-4391-adfe-cd6d2d020eab\",\"user_id\":9,\"generated_conversions\":{\"thumb\":true,\"icon\":true}}', '[]', 182, '2021-12-28 21:46:31', '2021-12-28 21:46:31'),
(192, 'App\\Models\\Category', 24, 'image', 'door-open-solid', 'door-open-solid.png', 'image/png', 'public', 6061, '[]', '{\"uuid\":\"9ec3b2ba-2224-4391-adfe-cd6d2d020eab\",\"user_id\":9,\"generated_conversions\":{\"thumb\":true,\"icon\":true}}', '[]', 183, '2021-12-28 21:46:32', '2021-12-28 21:46:32'),
(193, 'App\\Models\\Upload', 110, 'image', 'snowflake-regular', 'snowflake-regular.png', 'image/png', 'public', 27299, '[]', '{\"uuid\":\"a1c8074c-c2e2-431d-bfed-9da46ef5a080\",\"user_id\":9,\"generated_conversions\":{\"thumb\":true,\"icon\":true}}', '[]', 184, '2021-12-28 21:49:40', '2021-12-28 21:49:40'),
(194, 'App\\Models\\Category', 23, 'image', 'snowflake-regular', 'snowflake-regular.png', 'image/png', 'public', 27299, '[]', '{\"uuid\":\"a1c8074c-c2e2-431d-bfed-9da46ef5a080\",\"user_id\":9,\"generated_conversions\":{\"thumb\":true,\"icon\":true}}', '[]', 185, '2021-12-28 21:49:42', '2021-12-28 21:49:42'),
(195, 'App\\Models\\Upload', 111, 'image', '6689263e6df1fbd89377d1dac02f87b0', '6689263e6df1fbd89377d1dac02f87b0.png', 'image/png', 'public', 13743, '[]', '{\"uuid\":\"6d33bc77-1eb4-4a3e-a728-2eb97457c5c4\",\"user_id\":9,\"generated_conversions\":{\"thumb\":true,\"icon\":true}}', '[]', 186, '2021-12-28 21:55:43', '2021-12-28 21:55:43'),
(196, 'App\\Models\\Category', 22, 'image', '6689263e6df1fbd89377d1dac02f87b0', '6689263e6df1fbd89377d1dac02f87b0.png', 'image/png', 'public', 13743, '[]', '{\"uuid\":\"6d33bc77-1eb4-4a3e-a728-2eb97457c5c4\",\"user_id\":9,\"generated_conversions\":{\"thumb\":true,\"icon\":true}}', '[]', 187, '2021-12-28 21:55:47', '2021-12-28 21:55:47'),
(197, 'App\\Models\\Upload', 112, 'image', 'aa2a2ccda3df4b7a099d3d502050ba17', 'aa2a2ccda3df4b7a099d3d502050ba17.png', 'image/png', 'public', 19706, '[]', '{\"uuid\":\"44d82539-711f-4738-a0b8-2c4fb53eaaa9\",\"user_id\":9,\"generated_conversions\":{\"thumb\":true,\"icon\":true}}', '[]', 188, '2021-12-28 22:01:31', '2021-12-28 22:01:31'),
(199, 'App\\Models\\Upload', 113, 'image', 'aa2a2ccda3df4b7a099d3d502050ba17', 'aa2a2ccda3df4b7a099d3d502050ba17.png', 'image/png', 'public', 19706, '[]', '{\"uuid\":\"c7a89862-cdf7-4edc-8b4f-50a747d25daa\",\"user_id\":9,\"generated_conversions\":{\"thumb\":true,\"icon\":true}}', '[]', 190, '2021-12-28 22:04:18', '2021-12-28 22:04:18'),
(200, 'App\\Models\\Category', 17, 'image', 'aa2a2ccda3df4b7a099d3d502050ba17', 'aa2a2ccda3df4b7a099d3d502050ba17.png', 'image/png', 'public', 19706, '[]', '{\"uuid\":\"c7a89862-cdf7-4edc-8b4f-50a747d25daa\",\"user_id\":9,\"generated_conversions\":{\"thumb\":true,\"icon\":true}}', '[]', 191, '2021-12-28 22:04:36', '2021-12-28 22:04:36'),
(201, 'App\\Models\\Upload', 114, 'image', 'd39cb80f1c7f68dc3faf8e7b20912f48', 'd39cb80f1c7f68dc3faf8e7b20912f48.png', 'image/png', 'public', 10350, '[]', '{\"uuid\":\"a09605aa-49d9-42cf-b636-a100edaa6f80\",\"user_id\":9,\"generated_conversions\":{\"thumb\":true,\"icon\":true}}', '[]', 192, '2021-12-28 22:06:36', '2021-12-28 22:06:36'),
(202, 'App\\Models\\Category', 25, 'image', 'd39cb80f1c7f68dc3faf8e7b20912f48', 'd39cb80f1c7f68dc3faf8e7b20912f48.png', 'image/png', 'public', 10350, '[]', '{\"uuid\":\"a09605aa-49d9-42cf-b636-a100edaa6f80\",\"user_id\":9,\"generated_conversions\":{\"thumb\":true,\"icon\":true}}', '[]', 193, '2021-12-28 22:06:37', '2021-12-28 22:06:37'),
(203, 'App\\Models\\Upload', 115, 'image', 'solar-panel-solid (1)', 'solar-panel-solid-(1).png', 'image/png', 'public', 11878, '[]', '{\"uuid\":\"ac52f58c-bba5-47a9-a6c3-9db0a5d77a3d\",\"user_id\":9,\"generated_conversions\":{\"thumb\":true,\"icon\":true}}', '[]', 194, '2021-12-28 22:08:06', '2021-12-28 22:08:06'),
(205, 'App\\Models\\Upload', 116, 'image', 'solar-panel-solid (2)', 'solar-panel-solid-(2).png', 'image/png', 'public', 12737, '[]', '{\"uuid\":\"bdd0c571-0a56-4a40-8678-e73ec83ad763\",\"user_id\":9,\"generated_conversions\":{\"thumb\":true,\"icon\":true}}', '[]', 196, '2021-12-28 22:09:01', '2021-12-28 22:09:01'),
(206, 'App\\Models\\Category', 18, 'image', 'solar-panel-solid (2)', 'solar-panel-solid-(2).png', 'image/png', 'public', 12737, '[]', '{\"uuid\":\"bdd0c571-0a56-4a40-8678-e73ec83ad763\",\"user_id\":9,\"generated_conversions\":{\"thumb\":true,\"icon\":true}}', '[]', 197, '2021-12-28 22:09:02', '2021-12-28 22:09:02'),
(207, 'App\\Models\\Upload', 117, 'image', '06e4ddb745fb73cc6935a018ed72ca46', '06e4ddb745fb73cc6935a018ed72ca46.svg', 'image/svg+xml', 'public', 3599, '[]', '{\"uuid\":\"acf82697-af61-4bbb-95f0-4cec8ee174c5\",\"user_id\":9}', '[]', 198, '2021-12-28 22:11:30', '2021-12-28 22:11:30'),
(208, 'App\\Models\\Upload', 118, 'image', '15867504865e93e416074d2', '15867504865e93e416074d2.jpg', 'image/jpeg', 'public', 739281, '[]', '{\"uuid\":\"555cc7f2-a47c-4cc4-8211-23c4dccc79cc\",\"user_id\":9,\"generated_conversions\":{\"thumb\":true,\"icon\":true}}', '[]', 199, '2021-12-28 22:11:35', '2021-12-28 22:11:35'),
(210, 'App\\Models\\Upload', 119, 'image', '15867504865e93e416074d2', '15867504865e93e416074d2.jpg', 'image/jpeg', 'public', 739281, '[]', '{\"uuid\":\"c81968ae-47dc-4933-a6b5-6f59e30defb5\",\"user_id\":9,\"generated_conversions\":{\"thumb\":true,\"icon\":true}}', '[]', 200, '2021-12-28 22:13:05', '2021-12-28 22:13:06'),
(212, 'App\\Models\\Upload', 120, 'image', '15867504865e93e416074d2', '15867504865e93e416074d2.jpg', 'image/jpeg', 'public', 739281, '[]', '{\"uuid\":\"441d5eb6-38ea-4af0-9703-a1eff04e92bb\",\"user_id\":9,\"generated_conversions\":{\"thumb\":true,\"icon\":true}}', '[]', 201, '2021-12-28 22:14:13', '2021-12-28 22:14:13'),
(216, 'App\\Models\\Upload', 121, 'image', 'accruent_resources_blog-entries_what-are-the-five-phases-of-the-construction-life-cycle-_hero', 'accruent_resources_blog-entries_what-are-the-five-phases-of-the-construction-life-cycle-_hero.jpg', 'image/jpeg', 'public', 46175, '[]', '{\"uuid\":\"ef06fca2-201d-4aef-bcef-211fd2d9a7eb\",\"user_id\":9,\"generated_conversions\":{\"thumb\":true,\"icon\":true}}', '[]', 202, '2021-12-28 22:16:15', '2021-12-28 22:16:15'),
(218, 'App\\Models\\Upload', 122, 'image', 'accruent_resources_blog-entries_what-are-the-five-phases-of-the-construction-life-cycle-_hero', 'accruent_resources_blog-entries_what-are-the-five-phases-of-the-construction-life-cycle-_hero.jpg', 'image/jpeg', 'public', 46175, '[]', '{\"uuid\":\"14a5c845-e38e-462c-9cf5-45c5c479821b\",\"user_id\":9,\"generated_conversions\":{\"thumb\":true,\"icon\":true}}', '[]', 204, '2021-12-28 22:16:24', '2021-12-28 22:16:24'),
(219, 'App\\Models\\Upload', 123, 'image', '15867504865e93e416074d2', '15867504865e93e416074d2.jpg', 'image/jpeg', 'public', 739281, '[]', '{\"uuid\":\"bd1f024e-e848-4b53-b0c0-0cb5a4e8f09f\",\"user_id\":9,\"generated_conversions\":{\"thumb\":true,\"icon\":true}}', '[]', 205, '2021-12-28 22:16:38', '2021-12-28 22:16:38'),
(221, 'App\\Models\\Upload', 124, 'image', 'construction-2', 'construction-2.jpg', 'image/jpeg', 'public', 271296, '[]', '{\"uuid\":\"602e2b37-4c6e-415f-83df-d354c9d5be81\",\"user_id\":9,\"generated_conversions\":{\"thumb\":true,\"icon\":true}}', '[]', 207, '2021-12-28 22:17:21', '2021-12-28 22:17:21'),
(223, 'App\\Models\\Upload', 125, 'image', 'History-of-Plumbing', 'History-of-Plumbing.jpg', 'image/jpeg', 'public', 85844, '[]', '{\"uuid\":\"4f3ad23b-4fb9-47da-9d6a-b266b79906cc\",\"user_id\":9,\"generated_conversions\":{\"thumb\":true,\"icon\":true}}', '[]', 209, '2021-12-28 22:18:23', '2021-12-28 22:18:23'),
(225, 'App\\Models\\Upload', 126, 'image', 'History-of-Plumbing', 'History-of-Plumbing.jpg', 'image/jpeg', 'public', 85844, '[]', '{\"uuid\":\"50f1a65b-c992-42ef-8074-3abbe82c81d3\",\"user_id\":9,\"generated_conversions\":{\"thumb\":true,\"icon\":true}}', '[]', 210, '2021-12-28 22:18:35', '2021-12-28 22:18:35'),
(227, 'App\\Models\\Upload', 127, 'image', 'an-ultimate-guide-to-plumbing-services-in-singapore-2020', 'an-ultimate-guide-to-plumbing-services-in-singapore-2020.jpg', 'image/jpeg', 'public', 174772, '[]', '{\"uuid\":\"d1e9c356-7356-4b45-8fdc-d29b5f8784af\",\"user_id\":9,\"generated_conversions\":{\"thumb\":true,\"icon\":true}}', '[]', 211, '2021-12-28 22:19:32', '2021-12-28 22:19:32'),
(229, 'App\\Models\\Upload', 128, 'image', 'GoSite-PlumbingTools', 'GoSite-PlumbingTools.png', 'image/png', 'public', 126237, '[]', '{\"uuid\":\"182ed6ed-059c-4516-bcbc-b9c3c29a5b70\",\"user_id\":9,\"generated_conversions\":{\"thumb\":true,\"icon\":true}}', '[]', 212, '2021-12-28 22:20:18', '2021-12-28 22:20:19'),
(231, 'App\\Models\\Upload', 129, 'image', 'maxresdefault', 'maxresdefault.jpg', 'image/jpeg', 'public', 48121, '[]', '{\"uuid\":\"b199f20b-a34f-4695-a3b6-5feb3aea4d41\",\"user_id\":9,\"generated_conversions\":{\"thumb\":true,\"icon\":true}}', '[]', 214, '2021-12-28 22:23:50', '2021-12-28 22:23:50'),
(233, 'App\\Models\\Upload', 130, 'avatar', 'photo-1535713875002-d1d0cf377fde', 'photo-1535713875002-d1d0cf377fde.jpg', 'image/jpeg', 'public', 88988, '[]', '{\"uuid\":\"04c64462-e850-4923-adf9-004fe082f582\",\"user_id\":9,\"generated_conversions\":{\"thumb\":true,\"icon\":true}}', '[]', 216, '2021-12-29 15:39:46', '2021-12-29 15:39:46'),
(234, 'App\\Models\\Upload', 131, 'avatar', 'photo-1535713875002-d1d0cf377fde', 'photo-1535713875002-d1d0cf377fde.jpg', 'image/jpeg', 'public', 88988, '[]', '{\"uuid\":\"cceae4bc-4101-4133-8912-1e13fad75cf9\",\"user_id\":9,\"generated_conversions\":{\"thumb\":true,\"icon\":true}}', '[]', 217, '2021-12-29 15:41:25', '2021-12-29 15:41:25'),
(235, 'App\\Models\\Upload', 132, 'avatar', 'photo-1535713875002-d1d0cf377fde (1)', 'photo-1535713875002-d1d0cf377fde-(1).jpg', 'image/jpeg', 'public', 88988, '[]', '{\"uuid\":\"cd4a8e19-754b-4038-a1e1-f365fc0e5b77\",\"user_id\":9,\"generated_conversions\":{\"thumb\":true,\"icon\":true}}', '[]', 218, '2021-12-29 15:45:19', '2021-12-29 15:45:19'),
(236, 'App\\Models\\User', 18, 'avatar', 'photo-1535713875002-d1d0cf377fde (1)', 'photo-1535713875002-d1d0cf377fde-(1).jpg', 'image/jpeg', 'public', 88988, '[]', '{\"uuid\":\"cd4a8e19-754b-4038-a1e1-f365fc0e5b77\",\"user_id\":9,\"generated_conversions\":{\"thumb\":true,\"icon\":true}}', '[]', 219, '2021-12-29 15:46:45', '2021-12-29 15:46:45'),
(237, 'App\\Models\\Upload', 133, 'avatar', 'scaled_image_picker8836295429859055891', 'scaled_image_picker8836295429859055891.jpg', 'image/jpeg', 'public', 1246705, '[]', '{\"uuid\":\"cc02e6b9-acc6-4871-9f57-8ddce9c4fb84\",\"user_id\":3,\"generated_conversions\":{\"thumb\":true,\"icon\":true}}', '[]', 220, '2021-12-29 16:19:03', '2021-12-29 16:19:05'),
(238, 'App\\Models\\Upload', 134, 'app_logo', 'burkee-icon', 'burkee-icon.png', 'image/png', 'public', 239895, '[]', '{\"uuid\":\"5f61bbf0-ed81-408d-89b6-7bdda8a9d23e\",\"user_id\":9,\"generated_conversions\":{\"thumb\":true,\"icon\":true}}', '[]', 221, '2021-12-29 17:42:17', '2021-12-29 17:42:17'),
(239, 'App\\Models\\Upload', 135, 'avatar', 'portrait-wonderful-young-business-woman-260nw-376232371', 'portrait-wonderful-young-business-woman-260nw-376232371.jpg', 'image/jpeg', 'public', 13967, '[]', '{\"uuid\":\"bb8f0588-12d3-4706-bc0a-4f6acb110108\",\"user_id\":9,\"generated_conversions\":{\"thumb\":true,\"icon\":true}}', '[]', 222, '2021-12-29 18:13:05', '2021-12-29 18:13:05');
INSERT INTO `media` (`id`, `model_type`, `model_id`, `collection_name`, `name`, `file_name`, `mime_type`, `disk`, `size`, `manipulations`, `custom_properties`, `responsive_images`, `order_column`, `created_at`, `updated_at`) VALUES
(241, 'App\\Models\\Upload', 136, 'avatar', 'istockphoto-1163294201-612x612', 'istockphoto-1163294201-612x612.jpg', 'image/jpeg', 'public', 21170, '[]', '{\"uuid\":\"a183fca4-06ff-4304-b8f6-6284ee293abd\",\"user_id\":9,\"generated_conversions\":{\"thumb\":true,\"icon\":true}}', '[]', 223, '2021-12-29 18:14:08', '2021-12-29 18:14:08'),
(242, 'App\\Models\\User', 2, 'avatar', 'istockphoto-1163294201-612x612', 'istockphoto-1163294201-612x612.jpg', 'image/jpeg', 'public', 21170, '[]', '{\"uuid\":\"a183fca4-06ff-4304-b8f6-6284ee293abd\",\"user_id\":9,\"generated_conversions\":{\"thumb\":true,\"icon\":true}}', '[]', 224, '2021-12-29 18:14:10', '2021-12-29 18:14:10'),
(243, 'App\\Models\\Upload', 137, 'avatar', 'photo-1560250097-0b93528c311a', 'photo-1560250097-0b93528c311a.jpg', 'image/jpeg', 'public', 130052, '[]', '{\"uuid\":\"fa454b18-31e9-4248-9d91-6d017d26cde6\",\"user_id\":9,\"generated_conversions\":{\"thumb\":true,\"icon\":true}}', '[]', 225, '2021-12-29 19:31:46', '2021-12-29 19:31:46'),
(244, 'App\\Models\\User', 3, 'avatar', 'photo-1560250097-0b93528c311a', 'photo-1560250097-0b93528c311a.jpg', 'image/jpeg', 'public', 130052, '[]', '{\"uuid\":\"fa454b18-31e9-4248-9d91-6d017d26cde6\",\"user_id\":9,\"generated_conversions\":{\"thumb\":true,\"icon\":true}}', '[]', 226, '2021-12-29 19:31:49', '2021-12-29 19:31:49'),
(245, 'App\\Models\\Upload', 138, 'image', 'banner1', 'banner1.jpg', 'image/jpeg', 'public', 79521, '[]', '{\"uuid\":\"965f2d7c-8879-48d1-91cc-bde8d99f306e\",\"user_id\":9,\"generated_conversions\":{\"thumb\":true,\"icon\":true}}', '[]', 227, '2022-01-03 15:16:58', '2022-01-03 15:16:59'),
(246, 'App\\Models\\Upload', 139, 'image', 'ourvision', 'ourvision.png', 'image/png', 'public', 239049, '[]', '{\"uuid\":\"a149111a-b8ed-4d65-9bde-fa10bd91730b\",\"user_id\":9,\"generated_conversions\":{\"thumb\":true,\"icon\":true}}', '[]', 228, '2022-01-03 15:28:02', '2022-01-03 15:28:02'),
(248, 'App\\Models\\Upload', 140, 'image', 'ourmission', 'ourmission.png', 'image/png', 'public', 269699, '[]', '{\"uuid\":\"d6f015a9-8efb-49a7-94df-0c4daf1402aa\",\"user_id\":9,\"generated_conversions\":{\"thumb\":true,\"icon\":true}}', '[]', 230, '2022-01-03 15:37:41', '2022-01-03 15:37:41'),
(249, 'App\\Models\\EProvider', 53, 'image', 'ourmission', 'ourmission.png', 'image/png', 'public', 269699, '[]', '{\"uuid\":\"d6f015a9-8efb-49a7-94df-0c4daf1402aa\",\"user_id\":9,\"generated_conversions\":{\"thumb\":true,\"icon\":true}}', '[]', 231, '2022-01-03 15:38:09', '2022-01-03 15:38:09'),
(250, 'App\\Models\\Upload', 141, 'image', 'download', 'download.jpg', 'image/jpeg', 'public', 10585, '[]', '{\"uuid\":\"c85cfdb1-33ef-4ac1-9983-1fbe02205ef0\",\"user_id\":23,\"generated_conversions\":{\"thumb\":true,\"icon\":true}}', '[]', 232, '2022-02-08 17:34:23', '2022-02-08 17:34:23'),
(251, 'App\\Models\\Upload', 142, 'image', 'download (1)', 'download-(1).jpg', 'image/jpeg', 'public', 9440, '[]', '{\"uuid\":\"c310231b-ea05-48ab-94cb-8682077d816f\",\"user_id\":2,\"generated_conversions\":{\"thumb\":true,\"icon\":true}}', '[]', 233, '2022-02-08 17:44:33', '2022-02-08 17:44:33'),
(253, 'App\\Models\\Upload', 143, 'logo', 'stripe', 'stripe.png', 'image/png', 'public', 2511, '[]', '{\"uuid\":\"d4774808-ea37-4807-b90d-f53294d3fa80\",\"user_id\":9,\"generated_conversions\":{\"thumb\":true,\"icon\":true}}', '[]', 235, '2022-02-08 19:23:13', '2022-02-08 19:23:13'),
(254, 'App\\Models\\PaymentMethod', 7, 'logo', 'stripe', 'stripe.png', 'image/png', 'public', 2511, '[]', '{\"uuid\":\"d4774808-ea37-4807-b90d-f53294d3fa80\",\"user_id\":9,\"generated_conversions\":{\"thumb\":true,\"icon\":true}}', '[]', 236, '2022-02-08 19:23:16', '2022-02-08 19:23:16'),
(255, 'App\\Models\\PaymentMethod', 6, 'logo', 'stripe', 'stripe.png', 'image/png', 'public', 2511, '[]', '{\"uuid\":\"d4774808-ea37-4807-b90d-f53294d3fa80\",\"user_id\":9,\"generated_conversions\":{\"thumb\":true,\"icon\":true}}', '[]', 237, '2022-02-08 20:10:11', '2022-02-08 20:10:11'),
(256, 'App\\Models\\PaymentMethod', 7, 'logo', 'stripe', 'stripe.png', 'image/png', 'public', 2511, '[]', '{\"uuid\":\"d4774808-ea37-4807-b90d-f53294d3fa80\",\"user_id\":9,\"generated_conversions\":{\"thumb\":true,\"icon\":true}}', '[]', 238, '2022-02-08 21:26:53', '2022-02-08 21:26:53'),
(257, 'App\\Models\\PaymentMethod', 6, 'logo', 'stripe', 'stripe.png', 'image/png', 'public', 2511, '[]', '{\"uuid\":\"d4774808-ea37-4807-b90d-f53294d3fa80\",\"user_id\":9,\"generated_conversions\":{\"thumb\":true,\"icon\":true}}', '[]', 239, '2022-02-08 21:27:06', '2022-02-08 21:27:06'),
(258, 'App\\Models\\PaymentMethod', 7, 'logo', 'stripe', 'stripe.png', 'image/png', 'public', 2511, '[]', '{\"uuid\":\"d4774808-ea37-4807-b90d-f53294d3fa80\",\"user_id\":9,\"generated_conversions\":{\"thumb\":true,\"icon\":true}}', '[]', 240, '2022-02-08 21:42:47', '2022-02-08 21:42:47'),
(259, 'App\\Models\\PaymentMethod', 7, 'logo', 'stripe', 'stripe.png', 'image/png', 'public', 2511, '[]', '{\"uuid\":\"d4774808-ea37-4807-b90d-f53294d3fa80\",\"user_id\":9,\"generated_conversions\":{\"thumb\":true,\"icon\":true}}', '[]', 241, '2022-02-08 21:44:04', '2022-02-08 21:44:04'),
(260, 'App\\Models\\PaymentMethod', 7, 'logo', 'stripe', 'stripe.png', 'image/png', 'public', 2511, '[]', '{\"uuid\":\"d4774808-ea37-4807-b90d-f53294d3fa80\",\"user_id\":9,\"generated_conversions\":{\"thumb\":true,\"icon\":true}}', '[]', 242, '2022-02-08 21:46:25', '2022-02-08 21:46:25'),
(261, 'App\\Models\\PaymentMethod', 7, 'logo', 'stripe', 'stripe.png', 'image/png', 'public', 2511, '[]', '{\"uuid\":\"d4774808-ea37-4807-b90d-f53294d3fa80\",\"user_id\":9,\"generated_conversions\":{\"thumb\":true,\"icon\":true}}', '[]', 243, '2022-02-08 21:48:47', '2022-02-08 21:48:47'),
(262, 'App\\Models\\PaymentMethod', 7, 'logo', 'stripe', 'stripe.png', 'image/png', 'public', 2511, '[]', '{\"uuid\":\"d4774808-ea37-4807-b90d-f53294d3fa80\",\"user_id\":9,\"generated_conversions\":{\"thumb\":true,\"icon\":true}}', '[]', 244, '2022-02-08 21:49:23', '2022-02-08 21:49:23'),
(263, 'App\\Models\\Upload', 144, 'avatar', 'unnamed', 'unnamed.png', 'image/png', 'public', 162541, '[]', '{\"uuid\":\"52f9c7e2-c96b-47b3-8299-1c423a4121b7\",\"user_id\":27,\"generated_conversions\":{\"thumb\":true,\"icon\":true}}', '[]', 245, '2022-02-08 21:51:55', '2022-02-08 21:51:55'),
(264, 'App\\Models\\Upload', 145, 'avatar', 'unnamed', 'unnamed.png', 'image/png', 'public', 162541, '[]', '{\"uuid\":\"787bc2f2-2ad4-42cf-81a0-aba5e228b2c9\",\"user_id\":27,\"generated_conversions\":{\"thumb\":true,\"icon\":true}}', '[]', 246, '2022-02-08 21:52:13', '2022-02-08 21:52:13'),
(265, 'App\\Models\\User', 27, 'avatar', 'unnamed', 'unnamed.png', 'image/png', 'public', 162541, '[]', '{\"uuid\":\"787bc2f2-2ad4-42cf-81a0-aba5e228b2c9\",\"user_id\":27,\"generated_conversions\":{\"thumb\":true,\"icon\":true}}', '[]', 247, '2022-02-08 21:52:17', '2022-02-08 21:52:17'),
(266, 'App\\Models\\Upload', 146, 'image', 'river_43-wallpaper-3840x2160', 'river_43-wallpaper-3840x2160.jpg', 'image/jpeg', 'public', 1766691, '[]', '{\"uuid\":\"80b109cf-1595-4452-bfe3-1e824ca4412e\",\"user_id\":27,\"generated_conversions\":{\"thumb\":true,\"icon\":true}}', '[]', 248, '2022-02-08 23:36:15', '2022-02-08 23:36:15'),
(267, 'App\\Models\\Upload', 147, 'image', 'plumber-cleaning-toilet-plunger-tools-wrench-work-home-sewage-pipeline-maintenance-man-emergency-plumbing-repair-service-175020722', 'plumber-cleaning-toilet-plunger-tools-wrench-work-home-sewage-pipeline-maintenance-man-emergency-plumbing-repair-service-175020722.jpg', 'image/jpeg', 'public', 138726, '[]', '{\"uuid\":\"d088a6ee-3a96-449c-8fca-e6105d27d090\",\"user_id\":9,\"generated_conversions\":{\"thumb\":true,\"icon\":true}}', '[]', 249, '2022-02-09 13:50:14', '2022-02-09 13:50:15'),
(268, 'App\\Models\\EService', 59, 'image', 'plumber-cleaning-toilet-plunger-tools-wrench-work-home-sewage-pipeline-maintenance-man-emergency-plumbing-repair-service-175020722', 'plumber-cleaning-toilet-plunger-tools-wrench-work-home-sewage-pipeline-maintenance-man-emergency-plumbing-repair-service-175020722.jpg', 'image/jpeg', 'public', 138726, '[]', '{\"uuid\":\"d088a6ee-3a96-449c-8fca-e6105d27d090\",\"user_id\":9,\"generated_conversions\":{\"thumb\":true,\"icon\":true}}', '[]', 250, '2022-02-09 13:50:15', '2022-02-09 13:50:15'),
(269, 'App\\Models\\Upload', 148, 'image', 'septic_tank_icon', 'septic_tank_icon.jpg', 'image/jpeg', 'public', 40158, '[]', '{\"uuid\":\"21941bb1-9b9d-4898-adc4-06a2024fea75\",\"user_id\":9,\"generated_conversions\":{\"thumb\":true,\"icon\":true}}', '[]', 251, '2022-02-09 13:52:16', '2022-02-09 13:52:16'),
(271, 'App\\Models\\Upload', 149, 'image', 'images', 'images.jpg', 'image/jpeg', 'public', 6508, '[]', '{\"uuid\":\"e44ef126-4656-41a3-aea8-e8f121c307f4\",\"user_id\":9,\"generated_conversions\":{\"thumb\":true,\"icon\":true}}', '[]', 253, '2022-02-09 13:58:21', '2022-02-09 13:58:21'),
(272, 'App\\Models\\EService', 63, 'image', 'images', 'images.jpg', 'image/jpeg', 'public', 6508, '[]', '{\"uuid\":\"e44ef126-4656-41a3-aea8-e8f121c307f4\",\"user_id\":9,\"generated_conversions\":{\"thumb\":true,\"icon\":true}}', '[]', 254, '2022-02-09 13:58:22', '2022-02-09 13:58:22'),
(273, 'App\\Models\\Upload', 150, 'image', 'plumber-fix-pipe-for-clean-water-vector-illustration', 'plumber-fix-pipe-for-clean-water-vector-illustration.jpg', 'image/jpeg', 'public', 170570, '[]', '{\"uuid\":\"b21e328f-40cd-4899-9646-ba9d4591bb1e\",\"user_id\":9,\"generated_conversions\":{\"thumb\":true,\"icon\":true}}', '[]', 255, '2022-02-09 14:01:06', '2022-02-09 14:01:07'),
(274, 'App\\Models\\EService', 62, 'image', 'plumber-fix-pipe-for-clean-water-vector-illustration', 'plumber-fix-pipe-for-clean-water-vector-illustration.jpg', 'image/jpeg', 'public', 170570, '[]', '{\"uuid\":\"b21e328f-40cd-4899-9646-ba9d4591bb1e\",\"user_id\":9,\"generated_conversions\":{\"thumb\":true,\"icon\":true}}', '[]', 256, '2022-02-09 14:01:06', '2022-02-09 14:01:07'),
(275, 'App\\Models\\Upload', 151, 'image', 'istockphoto-1307725067-612x612', 'istockphoto-1307725067-612x612.jpg', 'image/jpeg', 'public', 36119, '[]', '{\"uuid\":\"4a1879f4-430d-4173-a1a3-2a2a722ac447\",\"user_id\":9,\"generated_conversions\":{\"thumb\":true,\"icon\":true}}', '[]', 257, '2022-02-09 15:11:41', '2022-02-09 15:11:41'),
(276, 'App\\Models\\Slide', 11, 'image', 'istockphoto-1307725067-612x612', 'istockphoto-1307725067-612x612.jpg', 'image/jpeg', 'public', 36119, '[]', '{\"uuid\":\"4a1879f4-430d-4173-a1a3-2a2a722ac447\",\"user_id\":9,\"generated_conversions\":{\"thumb\":true,\"icon\":true}}', '[]', 258, '2022-02-09 15:11:43', '2022-02-09 15:11:43'),
(277, 'App\\Models\\Upload', 152, 'image', 'istockphoto-592396946-612x612', 'istockphoto-592396946-612x612.jpg', 'image/jpeg', 'public', 25093, '[]', '{\"uuid\":\"3805fd15-e5d7-46ea-ad74-9255212e90ac\",\"user_id\":9,\"generated_conversions\":{\"thumb\":true,\"icon\":true}}', '[]', 259, '2022-02-09 15:15:41', '2022-02-09 15:15:41'),
(279, 'App\\Models\\Upload', 153, 'image', 'istockphoto-1226750182-170667a', 'istockphoto-1226750182-170667a.jpg', 'image/jpeg', 'public', 70978, '[]', '{\"uuid\":\"bc88683f-4b78-4feb-abe7-01e38cbc60d1\",\"user_id\":9,\"generated_conversions\":{\"thumb\":true,\"icon\":true}}', '[]', 261, '2022-02-09 15:16:56', '2022-02-09 15:16:56'),
(280, 'App\\Models\\Slide', 16, 'image', 'istockphoto-1226750182-170667a', 'istockphoto-1226750182-170667a.jpg', 'image/jpeg', 'public', 70978, '[]', '{\"uuid\":\"bc88683f-4b78-4feb-abe7-01e38cbc60d1\",\"user_id\":9,\"generated_conversions\":{\"thumb\":true,\"icon\":true}}', '[]', 262, '2022-02-09 15:16:58', '2022-02-09 15:16:58'),
(281, 'App\\Models\\Upload', 154, 'image', 'istockphoto-1307725067-612x612', 'istockphoto-1307725067-612x612.jpg', 'image/jpeg', 'public', 36119, '[]', '{\"uuid\":\"4781b06b-b813-4731-9de0-80e5111322b0\",\"user_id\":9,\"generated_conversions\":{\"thumb\":true,\"icon\":true}}', '[]', 263, '2022-02-09 15:18:42', '2022-02-09 15:18:42'),
(282, 'App\\Models\\Upload', 155, 'image', 'plumber-fix-pipe-for-clean-water-vector-illustration', 'plumber-fix-pipe-for-clean-water-vector-illustration.jpg', 'image/jpeg', 'public', 170570, '[]', '{\"uuid\":\"e19f268b-8f90-4b8d-b20a-7087185bfc1e\",\"user_id\":9,\"generated_conversions\":{\"thumb\":true,\"icon\":true}}', '[]', 264, '2022-02-09 15:18:45', '2022-02-09 15:18:46'),
(283, 'App\\Models\\Upload', 156, 'image', 'images', 'images.jpg', 'image/jpeg', 'public', 6508, '[]', '{\"uuid\":\"82b9595f-6b0b-48d6-aafc-880f1f48b2ac\",\"user_id\":9,\"generated_conversions\":{\"thumb\":true,\"icon\":true}}', '[]', 265, '2022-02-09 15:18:47', '2022-02-09 15:18:47'),
(285, 'App\\Models\\Upload', 157, 'image', 'istockphoto-592396946-612x612', 'istockphoto-592396946-612x612.jpg', 'image/jpeg', 'public', 25093, '[]', '{\"uuid\":\"8172d7e9-9d57-4fcd-8539-79a270ef8567\",\"user_id\":9,\"generated_conversions\":{\"thumb\":true,\"icon\":true}}', '[]', 267, '2022-02-09 15:19:36', '2022-02-09 15:19:36'),
(287, 'App\\Models\\Upload', 158, 'image', 'istockphoto-1198989663-612x612', 'istockphoto-1198989663-612x612.jpg', 'image/jpeg', 'public', 29488, '[]', '{\"uuid\":\"dff289d6-1419-411d-966e-61f7f4f35610\",\"user_id\":9,\"generated_conversions\":{\"thumb\":true,\"icon\":true}}', '[]', 269, '2022-02-09 15:21:25', '2022-02-09 15:21:25'),
(288, 'App\\Models\\Slide', 15, 'image', 'istockphoto-1198989663-612x612', 'istockphoto-1198989663-612x612.jpg', 'image/jpeg', 'public', 29488, '[]', '{\"uuid\":\"dff289d6-1419-411d-966e-61f7f4f35610\",\"user_id\":9,\"generated_conversions\":{\"thumb\":true,\"icon\":true}}', '[]', 270, '2022-02-09 15:21:26', '2022-02-09 15:21:26'),
(289, 'App\\Models\\Upload', 159, 'image', '108-1089531_cable-high-vector-electrical-voltage-high-voltage-clipart', '108-1089531_cable-high-vector-electrical-voltage-high-voltage-clipart.png', 'image/png', 'public', 142152, '[]', '{\"uuid\":\"6c08b518-9217-4ac1-85c9-4cd7ac76e34a\",\"user_id\":9,\"generated_conversions\":{\"thumb\":true,\"icon\":true}}', '[]', 271, '2022-02-09 15:23:14', '2022-02-09 15:23:14'),
(290, 'App\\Models\\Slide', 17, 'image', '108-1089531_cable-high-vector-electrical-voltage-high-voltage-clipart', '108-1089531_cable-high-vector-electrical-voltage-high-voltage-clipart.png', 'image/png', 'public', 142152, '[]', '{\"uuid\":\"6c08b518-9217-4ac1-85c9-4cd7ac76e34a\",\"user_id\":9,\"generated_conversions\":{\"thumb\":true,\"icon\":true}}', '[]', 272, '2022-02-09 15:23:30', '2022-02-09 15:23:30'),
(291, 'App\\Models\\Upload', 160, 'image', 'Carpenter-Vector-Illustration', 'Carpenter-Vector-Illustration.jpg', 'image/jpeg', 'public', 86378, '[]', '{\"uuid\":\"6146cd33-ac21-4c39-858f-b4c87684521e\",\"user_id\":9,\"generated_conversions\":{\"thumb\":true,\"icon\":true}}', '[]', 273, '2022-02-09 15:29:13', '2022-02-09 15:29:14'),
(292, 'App\\Models\\Slide', 18, 'image', 'Carpenter-Vector-Illustration', 'Carpenter-Vector-Illustration.jpg', 'image/jpeg', 'public', 86378, '[]', '{\"uuid\":\"6146cd33-ac21-4c39-858f-b4c87684521e\",\"user_id\":9,\"generated_conversions\":{\"thumb\":true,\"icon\":true}}', '[]', 274, '2022-02-09 15:29:28', '2022-02-09 15:29:28'),
(293, 'App\\Models\\Upload', 161, 'image', 'professional-house-painters', 'professional-house-painters.jpeg', 'image/jpeg', 'public', 556986, '[]', '{\"uuid\":\"c459f51e-d5f9-4cfa-baf8-775832fecf0c\",\"user_id\":9,\"generated_conversions\":{\"thumb\":true,\"icon\":true}}', '[]', 275, '2022-02-09 15:43:18', '2022-02-09 15:43:18'),
(294, 'App\\Models\\EProvider', 12, 'image', 'professional-house-painters', 'professional-house-painters.jpeg', 'image/jpeg', 'public', 556986, '[]', '{\"uuid\":\"c459f51e-d5f9-4cfa-baf8-775832fecf0c\",\"user_id\":9,\"generated_conversions\":{\"thumb\":true,\"icon\":true}}', '[]', 276, '2022-02-09 15:43:33', '2022-02-09 15:43:33'),
(295, 'App\\Models\\Upload', 162, 'image', 'patient-care-image', 'patient-care-image.jpg', 'image/jpeg', 'public', 124194, '[]', '{\"uuid\":\"f2b469ad-bc4d-417a-a688-a2d97e1761d8\",\"user_id\":9,\"generated_conversions\":{\"thumb\":true,\"icon\":true}}', '[]', 277, '2022-02-09 15:44:04', '2022-02-09 15:44:04'),
(296, 'App\\Models\\EProvider', 13, 'image', 'patient-care-image', 'patient-care-image.jpg', 'image/jpeg', 'public', 124194, '[]', '{\"uuid\":\"f2b469ad-bc4d-417a-a688-a2d97e1761d8\",\"user_id\":9,\"generated_conversions\":{\"thumb\":true,\"icon\":true}}', '[]', 278, '2022-02-09 15:44:45', '2022-02-09 15:44:45'),
(297, 'App\\Models\\Upload', 163, 'image', 'maxresdefault', 'maxresdefault.jpg', 'image/jpeg', 'public', 182874, '[]', '{\"uuid\":\"4891613d-e78f-4db6-9474-962a878d2066\",\"user_id\":9,\"generated_conversions\":{\"thumb\":true,\"icon\":true}}', '[]', 279, '2022-02-09 15:45:26', '2022-02-09 15:45:27'),
(298, 'App\\Models\\EProvider', 9, 'image', 'maxresdefault', 'maxresdefault.jpg', 'image/jpeg', 'public', 182874, '[]', '{\"uuid\":\"4891613d-e78f-4db6-9474-962a878d2066\",\"user_id\":9,\"generated_conversions\":{\"thumb\":true,\"icon\":true}}', '[]', 280, '2022-02-09 15:45:28', '2022-02-09 15:45:28'),
(299, 'App\\Models\\Upload', 164, 'image', 'Carpenter-Vector-Illustration', 'Carpenter-Vector-Illustration.jpg', 'image/jpeg', 'public', 86378, '[]', '{\"uuid\":\"1b09aa1f-a7f0-4913-9377-1cd61924d2ee\",\"user_id\":9,\"generated_conversions\":{\"thumb\":true,\"icon\":true}}', '[]', 281, '2022-02-09 15:46:30', '2022-02-09 15:46:30'),
(300, 'App\\Models\\Upload', 165, 'image', 'download (4)', 'download-(4).jpg', 'image/jpeg', 'public', 33631, '[]', '{\"uuid\":\"6f42c4e6-3f41-4ee0-bc5c-7099e747f7d8\",\"user_id\":9,\"generated_conversions\":{\"thumb\":true,\"icon\":true}}', '[]', 282, '2022-02-09 15:50:38', '2022-02-09 15:50:38'),
(301, 'App\\Models\\Upload', 166, 'image', 'download (5)', 'download-(5).jpg', 'image/jpeg', 'public', 40531, '[]', '{\"uuid\":\"de8d52d8-bd62-4d21-ad8c-109bb16d8d29\",\"user_id\":9,\"generated_conversions\":{\"thumb\":true,\"icon\":true}}', '[]', 283, '2022-02-09 15:51:22', '2022-02-09 15:51:22'),
(302, 'App\\Models\\EProvider', 18, 'image', 'download (5)', 'download-(5).jpg', 'image/jpeg', 'public', 40531, '[]', '{\"uuid\":\"de8d52d8-bd62-4d21-ad8c-109bb16d8d29\",\"user_id\":9,\"generated_conversions\":{\"thumb\":true,\"icon\":true}}', '[]', 284, '2022-02-09 15:53:07', '2022-02-09 15:53:07'),
(303, 'App\\Models\\Upload', 167, 'image', 'IMG_7908', 'IMG_7908.jpg', 'image/jpeg', 'public', 237060, '[]', '{\"uuid\":\"89da507e-bb74-4b81-8e4a-0e669f90c10a\",\"user_id\":9,\"generated_conversions\":{\"thumb\":true,\"icon\":true}}', '[]', 285, '2022-02-09 15:53:28', '2022-02-09 15:53:28'),
(304, 'App\\Models\\EProvider', 17, 'image', 'IMG_7908', 'IMG_7908.jpg', 'image/jpeg', 'public', 237060, '[]', '{\"uuid\":\"89da507e-bb74-4b81-8e4a-0e669f90c10a\",\"user_id\":9,\"generated_conversions\":{\"thumb\":true,\"icon\":true}}', '[]', 286, '2022-02-09 15:54:11', '2022-02-09 15:54:11'),
(305, 'App\\Models\\Upload', 168, 'image', 'schwartz-aluminum-and-glass-office', 'schwartz-aluminum-and-glass-office.jpg', 'image/jpeg', 'public', 30790, '[]', '{\"uuid\":\"4f2a1c61-42ec-447a-893b-90d4c156aaf4\",\"user_id\":9,\"generated_conversions\":{\"thumb\":true,\"icon\":true}}', '[]', 287, '2022-02-09 15:54:50', '2022-02-09 15:54:50'),
(306, 'App\\Models\\EProvider', 15, 'image', 'schwartz-aluminum-and-glass-office', 'schwartz-aluminum-and-glass-office.jpg', 'image/jpeg', 'public', 30790, '[]', '{\"uuid\":\"4f2a1c61-42ec-447a-893b-90d4c156aaf4\",\"user_id\":9,\"generated_conversions\":{\"thumb\":true,\"icon\":true}}', '[]', 288, '2022-02-09 15:54:56', '2022-02-09 15:54:56'),
(307, 'App\\Models\\Upload', 169, 'image', 'istockphoto-1057854860-612x612', 'istockphoto-1057854860-612x612.jpg', 'image/jpeg', 'public', 40223, '[]', '{\"uuid\":\"7a69080b-e77d-4461-9f54-311c6e382221\",\"user_id\":9,\"generated_conversions\":{\"thumb\":true,\"icon\":true}}', '[]', 289, '2022-02-09 16:23:17', '2022-02-09 16:23:18'),
(308, 'App\\Models\\Upload', 170, 'image', 'istockphoto-1057854860-612x612', 'istockphoto-1057854860-612x612.jpg', 'image/jpeg', 'public', 40223, '[]', '{\"uuid\":\"f3a3033d-362a-49a1-b9b3-62ce8336a3de\",\"user_id\":9,\"generated_conversions\":{\"thumb\":true,\"icon\":true}}', '[]', 290, '2022-02-09 16:25:01', '2022-02-09 16:25:01'),
(309, 'App\\Models\\EService', 67, 'image', 'istockphoto-1057854860-612x612', 'istockphoto-1057854860-612x612.jpg', 'image/jpeg', 'public', 40223, '[]', '{\"uuid\":\"f3a3033d-362a-49a1-b9b3-62ce8336a3de\",\"user_id\":9,\"generated_conversions\":{\"thumb\":true,\"icon\":true}}', '[]', 291, '2022-02-09 16:25:27', '2022-02-09 16:25:27'),
(310, 'App\\Models\\Upload', 171, 'avatar', '1a768897580b2938c7483e4a24e2514e--hot-actors-actors-male', '1a768897580b2938c7483e4a24e2514e--hot-actors-actors-male.jpg', 'image/jpeg', 'public', 36851, '[]', '{\"uuid\":\"eea8f701-d79a-4d6f-8584-489d2454b95d\",\"user_id\":30,\"generated_conversions\":{\"thumb\":true,\"icon\":true}}', '[]', 292, '2022-02-09 16:30:23', '2022-02-09 16:30:23'),
(311, 'App\\Models\\Upload', 172, 'avatar', '1a768897580b2938c7483e4a24e2514e--hot-actors-actors-male', '1a768897580b2938c7483e4a24e2514e--hot-actors-actors-male.jpg', 'image/jpeg', 'public', 36851, '[]', '{\"uuid\":\"0e4a1844-2b1f-49da-81fe-32c2573fe455\",\"user_id\":30,\"generated_conversions\":{\"thumb\":true,\"icon\":true}}', '[]', 293, '2022-02-09 16:32:31', '2022-02-09 16:32:31'),
(312, 'App\\Models\\User', 30, 'avatar', '1a768897580b2938c7483e4a24e2514e--hot-actors-actors-male', '1a768897580b2938c7483e4a24e2514e--hot-actors-actors-male.jpg', 'image/jpeg', 'public', 36851, '[]', '{\"uuid\":\"0e4a1844-2b1f-49da-81fe-32c2573fe455\",\"user_id\":30,\"generated_conversions\":{\"thumb\":true,\"icon\":true}}', '[]', 294, '2022-02-09 16:33:17', '2022-02-09 16:33:17'),
(313, 'App\\Models\\Upload', 173, 'image', 'unnamed', 'unnamed.png', 'image/png', 'public', 162541, '[]', '{\"uuid\":\"22d7bf56-58b8-4e79-bc57-9a08a324fa0f\",\"user_id\":30,\"generated_conversions\":{\"thumb\":true,\"icon\":true}}', '[]', 295, '2022-02-09 17:13:59', '2022-02-09 17:14:00'),
(315, 'App\\Models\\Upload', 174, 'image', '2004.i203.019.f.m004.c7.firefighters_cartoon_4x (1)', '2004.i203.019.f.m004.c7.firefighters_cartoon_4x-(1).jpg', 'image/jpeg', 'public', 253670, '[]', '{\"uuid\":\"5ddd9972-40be-4d62-b709-a728240a59ce\",\"user_id\":9,\"generated_conversions\":{\"thumb\":true,\"icon\":true}}', '[]', 296, '2022-02-09 17:22:38', '2022-02-09 17:22:38'),
(316, 'App\\Models\\EService', 69, 'image', '2004.i203.019.f.m004.c7.firefighters_cartoon_4x (1)', '2004.i203.019.f.m004.c7.firefighters_cartoon_4x-(1).jpg', 'image/jpeg', 'public', 253670, '[]', '{\"uuid\":\"5ddd9972-40be-4d62-b709-a728240a59ce\",\"user_id\":9,\"generated_conversions\":{\"thumb\":true,\"icon\":true}}', '[]', 297, '2022-02-09 17:23:40', '2022-02-09 17:23:40'),
(317, 'App\\Models\\Upload', 175, 'image', '2004.i203.019.f.m004.c7.firefighters_cartoon_4x (1)', '2004.i203.019.f.m004.c7.firefighters_cartoon_4x-(1).jpg', 'image/jpeg', 'public', 253670, '[]', '{\"uuid\":\"026ba5da-d427-416c-9f1d-2a0113a56561\",\"user_id\":31,\"generated_conversions\":{\"thumb\":true,\"icon\":true}}', '[]', 298, '2022-02-09 17:28:35', '2022-02-09 17:28:36'),
(318, 'App\\Models\\Upload', 176, 'image', 'Female-Electrician_500x308', 'Female-Electrician_500x308.jpg', 'image/jpeg', 'public', 159107, '[]', '{\"uuid\":\"6a01f9b3-8a24-4331-a969-7a53c88c34cc\",\"user_id\":9,\"generated_conversions\":{\"thumb\":true,\"icon\":true}}', '[]', 299, '2022-02-09 17:37:55', '2022-02-09 17:37:55'),
(319, 'App\\Models\\EService', 72, 'image', 'Female-Electrician_500x308', 'Female-Electrician_500x308.jpg', 'image/jpeg', 'public', 159107, '[]', '{\"uuid\":\"6a01f9b3-8a24-4331-a969-7a53c88c34cc\",\"user_id\":9,\"generated_conversions\":{\"thumb\":true,\"icon\":true}}', '[]', 300, '2022-02-09 17:38:40', '2022-02-09 17:38:40'),
(320, 'App\\Models\\Upload', 177, 'image', '652-6521167_need-a-cleaning-service-cartoon-cleaning-services-png', '652-6521167_need-a-cleaning-service-cartoon-cleaning-services-png.png', 'image/png', 'public', 108113, '[]', '{\"uuid\":\"9544aac1-ac12-4afb-bdde-9379fa5d35c9\",\"user_id\":9,\"generated_conversions\":{\"thumb\":true,\"icon\":true}}', '[]', 301, '2022-02-09 17:40:44', '2022-02-09 17:40:44'),
(321, 'App\\Models\\EService', 73, 'image', '652-6521167_need-a-cleaning-service-cartoon-cleaning-services-png', '652-6521167_need-a-cleaning-service-cartoon-cleaning-services-png.png', 'image/png', 'public', 108113, '[]', '{\"uuid\":\"9544aac1-ac12-4afb-bdde-9379fa5d35c9\",\"user_id\":9,\"generated_conversions\":{\"thumb\":true,\"icon\":true}}', '[]', 302, '2022-02-09 17:41:15', '2022-02-09 17:41:15'),
(322, 'App\\Models\\Upload', 178, 'image', '17074', '17074.jpg', 'image/jpeg', 'public', 2136572, '[]', '{\"uuid\":\"6269f923-1160-455f-a199-5a88931a6263\",\"user_id\":9}', '[]', 303, '2022-02-09 17:44:14', '2022-02-09 17:44:14'),
(323, 'App\\Models\\Upload', 179, 'image', '17074', '17074.jpg', 'image/jpeg', 'public', 2136572, '[]', '{\"uuid\":\"107fc394-248b-48f0-8ce6-d6a53bdecb04\",\"user_id\":9}', '[]', 304, '2022-02-09 17:45:34', '2022-02-09 17:45:34'),
(325, 'App\\Models\\Upload', 180, 'image', '17074', '17074.jpg', 'image/jpeg', 'public', 2136572, '[]', '{\"uuid\":\"216c7416-c29e-44a8-9b72-dcdf1108175a\",\"user_id\":9}', '[]', 305, '2022-02-09 17:46:28', '2022-02-09 17:46:28'),
(326, 'App\\Models\\Upload', 181, 'image', '17074', '17074.jpg', 'image/jpeg', 'public', 2136572, '[]', '{\"uuid\":\"b8b5b354-2f02-48be-8719-8d95e7b3d7a0\",\"user_id\":9}', '[]', 306, '2022-02-09 17:46:42', '2022-02-09 17:46:42'),
(327, 'App\\Models\\Upload', 182, 'image', '20008', '20008.jpg', 'image/jpeg', 'public', 1978610, '[]', '{\"uuid\":\"5dde5970-314e-4975-b9f3-24bae3f57036\",\"user_id\":9}', '[]', 307, '2022-02-09 17:47:35', '2022-02-09 17:47:35'),
(328, 'App\\Models\\Upload', 183, 'image', 'janitorial-team-cleaning-street-flat-color-faceless-characters-janitors-construction-site-isolated-cartoon-illustration-web-graphic-design-animation-commercial-cleaning-service_151150-2923', 'janitorial-team-cleaning-street-flat-color-faceless-characters-janitors-construction-site-isolated-cartoon-illustration-web-graphic-design-animation-commercial-cleaning-service_151150-2923.jp', 'image/jpeg', 'public', 35302, '[]', '{\"uuid\":\"f0e6a989-1ece-4929-b959-b9d2e9af27f6\",\"user_id\":9}', '[]', 308, '2022-02-09 17:49:33', '2022-02-09 17:49:33'),
(329, 'App\\Models\\Upload', 184, 'image', 'janitorial-team-cleaning-street-flat-color-faceless-characters-janitors-construction-site-isolated-cartoon-illustration-web-graphic-design-animation-commercial-cleaning-service_151150-2923', 'janitorial-team-cleaning-street-flat-color-faceless-characters-janitors-construction-site-isolated-cartoon-illustration-web-graphic-design-animation-commercial-cleaning-service_151150-2923.jp', 'image/jpeg', 'public', 35302, '[]', '{\"uuid\":\"85437a83-7b28-4b8a-aa06-5c9b6aac4e7d\",\"user_id\":9}', '[]', 309, '2022-02-09 17:49:55', '2022-02-09 17:49:55'),
(330, 'App\\Models\\Upload', 185, 'image', 'janitorial-team-cleaning-street-flat-color-faceless-characters-janitors-construction-site-isolated-cartoon-illustration-web-graphic-design-animation-commercial-cleaning-service_151150-2923', 'janitorial-team-cleaning-street-flat-color-faceless-characters-janitors-construction-site-isolated-cartoon-illustration-web-graphic-design-animation-commercial-cleaning-service_151150-2923.jp', 'image/jpeg', 'public', 35302, '[]', '{\"uuid\":\"e98df47a-ea62-4a92-be80-2ca0145b8708\",\"user_id\":9}', '[]', 310, '2022-02-09 17:50:41', '2022-02-09 17:50:41'),
(331, 'App\\Models\\Upload', 186, 'image', 'painter', 'painter.jpeg', 'image/jpeg', 'public', 5864, '[]', '{\"uuid\":\"82fa696b-7745-483c-83a7-1034e1c4083c\",\"user_id\":36,\"generated_conversions\":{\"thumb\":true,\"icon\":true}}', '[]', 311, '2022-02-10 21:20:19', '2022-02-10 21:20:19'),
(332, 'App\\Models\\EService', 81, 'image', 'painter', 'painter.jpeg', 'image/jpeg', 'public', 5864, '[]', '{\"uuid\":\"82fa696b-7745-483c-83a7-1034e1c4083c\",\"user_id\":36,\"generated_conversions\":{\"thumb\":true,\"icon\":true}}', '[]', 312, '2022-02-10 21:20:24', '2022-02-10 21:20:24'),
(333, 'App\\Models\\Upload', 187, 'avatar', 'Angela-Hiring-Assistant', 'Angela-Hiring-Assistant.png', 'image/png', 'public', 327950, '[]', '{\"uuid\":\"357dcc7b-f8df-436b-8c1b-af07b36d0fbc\",\"user_id\":36,\"generated_conversions\":{\"thumb\":true,\"icon\":true}}', '[]', 313, '2022-02-10 21:25:35', '2022-02-10 21:25:35'),
(334, 'App\\Models\\Upload', 188, 'avatar', 'Angela-Hiring-Assistant', 'Angela-Hiring-Assistant.png', 'image/png', 'public', 327950, '[]', '{\"uuid\":\"58547d81-fe97-4bd5-bc46-17e1b52a5e15\",\"user_id\":36,\"generated_conversions\":{\"thumb\":true,\"icon\":true}}', '[]', 314, '2022-02-10 21:26:02', '2022-02-10 21:26:02'),
(335, 'App\\Models\\Upload', 189, 'avatar', 'Angela-Hiring-Assistant', 'Angela-Hiring-Assistant.png', 'image/png', 'public', 327950, '[]', '{\"uuid\":\"5fbce0e3-61dc-449d-a53d-8374f89ce1be\",\"user_id\":36,\"generated_conversions\":{\"thumb\":true,\"icon\":true}}', '[]', 315, '2022-02-10 21:26:17', '2022-02-10 21:26:18'),
(336, 'App\\Models\\User', 36, 'avatar', 'Angela-Hiring-Assistant', 'Angela-Hiring-Assistant.png', 'image/png', 'public', 327950, '[]', '{\"uuid\":\"5fbce0e3-61dc-449d-a53d-8374f89ce1be\",\"user_id\":36,\"generated_conversions\":{\"thumb\":true,\"icon\":true}}', '[]', 316, '2022-02-10 21:26:20', '2022-02-10 21:26:20'),
(337, 'App\\Models\\Upload', 190, 'image', 'Angela-Hiring-Assistant', 'Angela-Hiring-Assistant.png', 'image/png', 'public', 327950, '[]', '{\"uuid\":\"a135f9bd-a79b-419f-8bb0-675323d6f9de\",\"user_id\":9,\"generated_conversions\":{\"thumb\":true,\"icon\":true}}', '[]', 317, '2022-02-10 21:27:07', '2022-02-10 21:27:07'),
(338, 'App\\Models\\EProvider', 73, 'image', 'Angela-Hiring-Assistant', 'Angela-Hiring-Assistant.png', 'image/png', 'public', 327950, '[]', '{\"uuid\":\"a135f9bd-a79b-419f-8bb0-675323d6f9de\",\"user_id\":9,\"generated_conversions\":{\"thumb\":true,\"icon\":true}}', '[]', 318, '2022-02-10 21:27:10', '2022-02-10 21:27:10'),
(339, 'App\\Models\\Upload', 191, 'avatar', 'download', 'download.jpg', 'image/jpeg', 'public', 7354, '[]', '{\"uuid\":\"63cce1fa-2905-40c6-b943-2a73792b56a7\",\"user_id\":39,\"generated_conversions\":{\"thumb\":true,\"icon\":true}}', '[]', 319, '2022-02-18 12:49:38', '2022-02-18 12:49:38'),
(340, 'App\\Models\\Upload', 192, 'avatar', 'download', 'download.jpg', 'image/jpeg', 'public', 7354, '[]', '{\"uuid\":\"d854cd56-468f-4d71-90b9-d0e8b63b3ea2\",\"user_id\":39,\"generated_conversions\":{\"thumb\":true,\"icon\":true}}', '[]', 320, '2022-02-18 12:51:22', '2022-02-18 12:51:22'),
(341, 'App\\Models\\Upload', 193, 'avatar', 'download', 'download.jpg', 'image/jpeg', 'public', 7354, '[]', '{\"uuid\":\"e622a735-0053-4600-a95d-18a06dc65488\",\"user_id\":39,\"generated_conversions\":{\"thumb\":true,\"icon\":true}}', '[]', 321, '2022-02-18 12:51:42', '2022-02-18 12:51:42'),
(342, 'App\\Models\\User', 39, 'avatar', 'download', 'download.jpg', 'image/jpeg', 'public', 7354, '[]', '{\"uuid\":\"e622a735-0053-4600-a95d-18a06dc65488\",\"user_id\":39,\"generated_conversions\":{\"thumb\":true,\"icon\":true}}', '[]', 322, '2022-02-18 12:51:43', '2022-02-18 12:51:43'),
(343, 'App\\Models\\Upload', 194, 'image', 'Electrician_526009-6e290f2b70f44eb98c341ce902fc7928', 'Electrician_526009-6e290f2b70f44eb98c341ce902fc7928.png', 'image/png', 'public', 360994, '[]', '{\"uuid\":\"8f58392e-84a9-4083-bf37-6ddce91a677d\",\"user_id\":39,\"generated_conversions\":{\"thumb\":true,\"icon\":true}}', '[]', 323, '2022-02-18 12:59:49', '2022-02-18 12:59:50'),
(344, 'App\\Models\\EService', 82, 'image', 'Electrician_526009-6e290f2b70f44eb98c341ce902fc7928', 'Electrician_526009-6e290f2b70f44eb98c341ce902fc7928.png', 'image/png', 'public', 360994, '[]', '{\"uuid\":\"8f58392e-84a9-4083-bf37-6ddce91a677d\",\"user_id\":39,\"generated_conversions\":{\"thumb\":true,\"icon\":true}}', '[]', 324, '2022-02-18 13:02:21', '2022-02-18 13:02:21'),
(345, 'App\\Models\\Upload', 195, 'image', 'download', 'download.jpg', 'image/jpeg', 'public', 7354, '[]', '{\"uuid\":\"6bd1580f-c33c-46e0-8b75-85d23cdc4b48\",\"user_id\":9,\"generated_conversions\":{\"thumb\":true,\"icon\":true}}', '[]', 325, '2022-02-18 13:15:02', '2022-02-18 13:15:02'),
(346, 'App\\Models\\EProvider', 74, 'image', 'download', 'download.jpg', 'image/jpeg', 'public', 7354, '[]', '{\"uuid\":\"6bd1580f-c33c-46e0-8b75-85d23cdc4b48\",\"user_id\":9,\"generated_conversions\":{\"thumb\":true,\"icon\":true}}', '[]', 326, '2022-02-18 13:15:05', '2022-02-18 13:15:05'),
(347, 'App\\Models\\Upload', 196, 'image', 'scaled_image_picker7697065359393201685', 'scaled_image_picker7697065359393201685.jpg', 'image/jpeg', 'public', 194269, '[]', '{\"uuid\":\"5001fc41-2d3d-4da4-9b7c-9ae8fbf12cf1\",\"user_id\":39,\"generated_conversions\":{\"thumb\":true,\"icon\":true}}', '[]', 327, '2022-02-18 13:25:23', '2022-02-18 13:25:23'),
(348, 'App\\Models\\Option', 106, 'image', 'scaled_image_picker7697065359393201685', 'scaled_image_picker7697065359393201685.jpg', 'image/jpeg', 'public', 194269, '[]', '{\"uuid\":\"5001fc41-2d3d-4da4-9b7c-9ae8fbf12cf1\",\"user_id\":39,\"generated_conversions\":{\"thumb\":true,\"icon\":true}}', '[]', 328, '2022-02-18 13:26:11', '2022-02-18 13:26:11'),
(349, 'App\\Models\\Upload', 197, 'avatar', 'scaled_image_picker542108401091346066', 'scaled_image_picker542108401091346066.jpg', 'image/jpeg', 'public', 1045892, '[]', '{\"uuid\":\"b17e22dd-fcfd-461d-8ce4-77c61791cedb\",\"user_id\":19,\"generated_conversions\":{\"thumb\":true,\"icon\":true}}', '[]', 329, '2022-02-18 16:28:15', '2022-02-18 16:28:17'),
(350, 'App\\Models\\Upload', 198, 'image', 'scaled_image_picker2804567131020814827', 'scaled_image_picker2804567131020814827.jpg', 'image/jpeg', 'public', 294557, '[]', '{\"uuid\":\"81a61fd4-f45a-4778-9a86-61f4fbba0bda\",\"user_id\":40,\"generated_conversions\":{\"thumb\":true,\"icon\":true}}', '[]', 330, '2022-02-18 17:05:11', '2022-02-18 17:05:11'),
(351, 'App\\Models\\Upload', 199, 'avatar', 'scaled_image_picker457682241372643035', 'scaled_image_picker457682241372643035.jpg', 'image/jpeg', 'public', 180115, '[]', '{\"uuid\":\"9557f17a-e1cd-4120-a416-881cb6973f74\",\"user_id\":45,\"generated_conversions\":{\"thumb\":true,\"icon\":true}}', '[]', 331, '2022-02-22 13:59:13', '2022-02-22 13:59:13'),
(352, 'App\\Models\\Upload', 200, 'image', 'scaled_image_picker5817786630730969692', 'scaled_image_picker5817786630730969692.jpg', 'image/jpeg', 'public', 16997, '[]', '{\"uuid\":\"b4b33e74-0ab4-4fc5-9809-5e35d94b764a\",\"user_id\":2,\"generated_conversions\":{\"thumb\":true,\"icon\":true}}', '[]', 332, '2022-02-28 21:39:18', '2022-02-28 21:39:18'),
(353, 'App\\Models\\Upload', 201, 'image', 'download (1)', 'download-(1).jpg', 'image/jpeg', 'public', 6632, '[]', '{\"uuid\":\"140fd452-7b04-401a-9832-2a811cde8bbe\",\"user_id\":2,\"generated_conversions\":{\"thumb\":true,\"icon\":true}}', '[]', 333, '2022-02-28 21:42:07', '2022-02-28 21:42:07'),
(354, 'App\\Models\\Upload', 202, 'image', 'download (1)', 'download-(1).jpg', 'image/jpeg', 'public', 6632, '[]', '{\"uuid\":\"0c20f8a2-3c59-4a6f-a30d-7a3c3b27f931\",\"user_id\":2,\"generated_conversions\":{\"thumb\":true,\"icon\":true}}', '[]', 334, '2022-02-28 21:42:50', '2022-02-28 21:42:50'),
(356, 'App\\Models\\Upload', 203, 'image', 'download (1)', 'download-(1).jpg', 'image/jpeg', 'public', 6632, '[]', '{\"uuid\":\"8a1d8e03-26f0-4149-8070-ca8fa3b603ac\",\"user_id\":2,\"generated_conversions\":{\"thumb\":true,\"icon\":true}}', '[]', 336, '2022-02-28 22:23:17', '2022-02-28 22:23:17'),
(358, 'App\\Models\\Upload', 204, 'image', 'download (1)', 'download-(1).jpg', 'image/jpeg', 'public', 6632, '[]', '{\"uuid\":\"99ccf984-c584-4834-8266-70cd2b982334\",\"user_id\":2,\"generated_conversions\":{\"thumb\":true,\"icon\":true}}', '[]', 337, '2022-02-28 22:30:13', '2022-02-28 22:30:14'),
(360, 'App\\Models\\Upload', 205, 'image', 'download (1)', 'download-(1).jpg', 'image/jpeg', 'public', 6632, '[]', '{\"uuid\":\"f7b01733-8592-4808-92c8-417b4d19b652\",\"user_id\":2,\"generated_conversions\":{\"thumb\":true,\"icon\":true}}', '[]', 338, '2022-02-28 22:34:14', '2022-02-28 22:34:14'),
(361, 'App\\Models\\EService', 86, 'image', 'download (1)', 'download-(1).jpg', 'image/jpeg', 'public', 6632, '[]', '{\"uuid\":\"f7b01733-8592-4808-92c8-417b4d19b652\",\"user_id\":2,\"generated_conversions\":{\"thumb\":true,\"icon\":true}}', '[]', 339, '2022-02-28 22:34:19', '2022-02-28 22:34:19'),
(362, 'App\\Models\\Upload', 206, 'app_logo', 'HSM Maintenance-ai', 'HSM-Maintenance-ai.png', 'image/png', 'public', 24995, '[]', '{\"uuid\":\"70e590da-f38e-437b-ad3f-20f60b933229\",\"user_id\":1,\"generated_conversions\":{\"thumb\":true,\"icon\":true}}', '[]', 340, '2022-03-04 12:55:21', '2022-03-04 12:55:21'),
(363, 'App\\Models\\Upload', 207, 'app_logo', 'HSM Maintenance-ai', 'HSM-Maintenance-ai.png', 'image/png', 'public', 24995, '[]', '{\"uuid\":\"029d554d-8fd8-40fb-9a3a-78325b849a7d\",\"user_id\":1,\"generated_conversions\":{\"thumb\":true,\"icon\":true}}', '[]', 341, '2022-03-04 12:55:34', '2022-03-04 12:55:34'),
(364, 'App\\Models\\Upload', 208, 'app_logo', 'HSMMaintenance', 'HSMMaintenance.png', 'image/png', 'public', 40299, '[]', '{\"uuid\":\"af8bf4f1-12ed-437d-856e-4f8b66205db1\",\"user_id\":1,\"generated_conversions\":{\"thumb\":true,\"icon\":true}}', '[]', 342, '2022-03-04 12:58:02', '2022-03-04 12:58:02'),
(365, 'App\\Models\\Upload', 209, 'avatar', 'scaled_image_picker9158182774860525031', 'scaled_image_picker9158182774860525031.jpg', 'image/jpeg', 'public', 602392, '[]', '{\"uuid\":\"943f9a91-8624-4f41-b637-c9f762b1c3cc\",\"user_id\":51,\"generated_conversions\":{\"thumb\":true,\"icon\":true}}', '[]', 343, '2022-03-05 03:58:52', '2022-03-05 03:58:52'),
(366, 'App\\Models\\User', 51, 'avatar', 'scaled_image_picker9158182774860525031', 'scaled_image_picker9158182774860525031.jpg', 'image/jpeg', 'public', 602392, '[]', '{\"uuid\":\"943f9a91-8624-4f41-b637-c9f762b1c3cc\",\"user_id\":51,\"generated_conversions\":{\"thumb\":true,\"icon\":true}}', '[]', 344, '2022-03-05 04:00:07', '2022-03-05 04:00:07'),
(367, 'App\\Models\\Upload', 210, 'image', 'scaled_image_picker7600162237076338152', 'scaled_image_picker7600162237076338152.png', 'image/png', 'public', 13924, '[]', '{\"uuid\":\"8452678c-d8ad-4d8a-aff3-9ec16bbc7236\",\"user_id\":52,\"generated_conversions\":{\"thumb\":true,\"icon\":true}}', '[]', 345, '2022-03-05 04:12:14', '2022-03-05 04:12:14');

-- --------------------------------------------------------

--
